{"id":3555,"date":"2025-09-29T08:45:54","date_gmt":"2025-09-29T11:45:54","guid":{"rendered":"https:\/\/saude.ufpr.br\/medicina\/?page_id=3555"},"modified":"2025-10-22T13:09:07","modified_gmt":"2025-10-22T16:09:07","slug":"mobilidade-academica-nacional-entrada","status":"publish","type":"page","link":"https:\/\/saude.ufpr.br\/medicina\/mobilidade-academica-nacional-entrada\/","title":{"rendered":"Mobilidade Acad\u00eamica &#8211; Nacional (Entrada)"},"content":{"rendered":"<p style=\"text-align: center\"><strong>MOBILIDADE ACAD\u00caMICA PARA O CURSO DE MEDICINA\/CURITIBA UFPR<\/strong><\/p>\n<p>O Colegiado do Curso de Medicina\/Curitiba da UFPR aprecia pedidos de Mobilidade Acad\u00eamica para a realiza\u00e7\u00e3o de parte do Internato de estudantes cujas universidades participam do Conv\u00eanio da Associa\u00e7\u00e3o Nacional dos Dirigentes das Institui\u00e7\u00f5es Federais de Ensino Superior (ANDIFES).<\/p>\n<p>Seguindo o que est\u00e1 previsto no Termo do Conv\u00eanio, o per\u00edodo m\u00e1ximo de Mobilidade Acad\u00eamica no Internato do curso de Medicina \u00e9 de dois semestres, podendo, excepcionalmente (com justificativa fundamentada), ser renovado por mais um semestre.<\/p>\n<p><strong>DOCUMENTOS<\/strong>: A candidatura dever\u00e1 ser submetida pela universidade de origem (n\u00e3o pelo aluno) e dever\u00e1 conter:<\/p>\n<p>1- Solicita\u00e7\u00e3o do(a) estudante, explicando o motivo da Mobilidade Acad\u00eamica;<\/p>\n<p>2- Formul\u00e1rio com a escolha das disciplinas pretendidas pelo interessado separadas por semestre (e respeitando a carga hor\u00e1ria total de 800h por semestre), com ci\u00eancia da Coordena\u00e7\u00e3o de Curso da IFES de Origem.<strong>\u00a0<\/strong><u>(<\/u>Sugest\u00e3o de formul\u00e1rio pr\u00f3prio da UFPR <a href=\"https:\/\/saude.ufpr.br\/medicina\/wp-content\/uploads\/sites\/10\/2025\/09\/Formulario-ENTRADA-Mobilidade-Academica.docx\" target=\"_blank\" rel=\"noopener\">AQUI<\/a><em><u>)<\/u><\/em><\/p>\n<p>3- Carta de apresenta\u00e7\u00e3o (emitida pela Unidade de Mobilidade da IFES de origem do interessado);<\/p>\n<p>4- Hist\u00f3rico Escolar atualizado; e<\/p>\n<p>5- Um documento pessoal com foto em que conste o CPF.<\/p>\n<p>As solicita\u00e7\u00f5es Mobilidade Acad\u00eamica somente ser\u00e3o consideradas se todos os documentos indicados acima forem enviados dentro do prazo estabelecido e com ci\u00eancia\/assinatura da Coordena\u00e7\u00e3o de Curso da IFES de origem para o endere\u00e7o: <a href=\"mailto:andifes@ufpr.br\">andifes@ufpr.br<\/a><\/p>\n<p><strong>Os alunos ganham bolsa?<\/strong><\/p>\n<p>N\u00e3o h\u00e1 qualquer contrapartida financeira por parte da UFPR, sendo a IFES de origem do interessado a respons\u00e1vel pela eventual concess\u00e3o de qualquer esp\u00e9cie de bolsa-aux\u00edlio ou outro recurso financeiro.<\/p>\n<p><strong>Quais os prazos de envio?<\/strong><\/p>\n<p>Os pedidos para in\u00edcio de atividades no 2\u00ba semestre devem ser enviados at\u00e9<strong>\u00a0MAIO.<\/strong><\/p>\n<p>Os pedidos para in\u00edcio de atividades no 1\u00ba semestre devem ser enviados at\u00e9 <strong>OUTUBRO<\/strong>.<\/p>\n<p><strong>T\u00e9rmino da Mobilidade<\/strong><\/p>\n<p>Ap\u00f3s a participa\u00e7\u00e3o do interessado nas atividades acad\u00eamicas na UFPR, ser\u00e1 emitido somente um hist\u00f3rico oficial com os dados de sua participa\u00e7\u00e3o em mobilidade, tais como: disciplinas cursadas com suas respectivas notas e frequ\u00eancias,\u00a0<em>status<\/em>\u00a0de aprova\u00e7\u00e3o ou reprova\u00e7\u00e3o, dentre outros \u2013 este documento formal \u00e9 gerado automaticamente pelo Sistema Acad\u00eamico da UFPR. N\u00e3o h\u00e1 emiss\u00e3o de qualquer outro documento, declara\u00e7\u00f5es, certificados ou similares.<\/p>\n<p>Para mais informa\u00e7\u00f5es sobre o Conv\u00eanio: <a href=\"https:\/\/saude.ufpr.br\/medicina\/wp-content\/uploads\/sites\/10\/2025\/09\/CONVENIO-MOBILIDADE-ACADEMICA-ANDIFES.pdf\" target=\"_blank\" rel=\"noopener\">CONV\u00caNIO ANDIFES &#8211; MOBILIDADE ACAD\u00caMICA<\/a><\/p>\n<p>Universidades Conveniadas: <a href=\"https:\/\/saude.ufpr.br\/medicina\/wp-content\/uploads\/sites\/10\/2025\/09\/Mobilidade-Academica.-att-28.11.pdf\" target=\"_blank\" rel=\"noopener\">RELA\u00c7\u00c3O DE UNIVERSIDADES<\/a><\/p>\n","protected":false},"excerpt":{"rendered":"<p>MOBILIDADE ACAD\u00caMICA PARA O CURSO DE MEDICINA\/CURITIBA UFPR O Colegiado do Curso de Medicina\/Curitiba da UFPR aprecia pedidos de Mobilidade Acad\u00eamica para a realiza\u00e7\u00e3o de parte do Internato de estudantes cujas universidades participam do Conv\u00eanio da Associa\u00e7\u00e3o Nacional dos Dirigentes das Institui\u00e7\u00f5es Federais de Ensino Superior (ANDIFES). Seguindo o que est\u00e1 previsto no Termo do<br \/> <a href=\"https:\/\/saude.ufpr.br\/medicina\/mobilidade-academica-nacional-entrada\/\" class=\"button success small readmore\">Leia mais<\/a><\/p>\n","protected":false},"author":1735,"featured_media":0,"parent":0,"menu_order":0,"comment_status":"closed","ping_status":"closed","template":"","meta":{"_acf_changed":false,"_uag_custom_page_level_css":"","footnotes":""},"class_list":["post-3555","page","type-page","status-publish","hentry"],"acf":[],"featured_image_src":null,"uagb_featured_image_src":{"full":false,"thumbnail":false,"medium":false,"medium_large":false,"large":false,"1536x1536":false,"2048x2048":false,"noticias-thumb":false,"banners-thumb":false,"maisnoticias-thumb":false,"post-thumbnail":false},"uagb_author_info":{"display_name":"samuelfernando","author_link":"https:\/\/saude.ufpr.br\/medicina\/author\/samuelfernando\/"},"uagb_comment_info":0,"uagb_excerpt":"MOBILIDADE ACAD\u00caMICA PARA O CURSO DE MEDICINA\/CURITIBA UFPR O Colegiado do Curso de Medicina\/Curitiba da UFPR aprecia pedidos de Mobilidade Acad\u00eamica para a realiza\u00e7\u00e3o de parte do Internato de estudantes cujas universidades participam do Conv\u00eanio da Associa\u00e7\u00e3o Nacional dos Dirigentes das Institui\u00e7\u00f5es Federais de Ensino Superior (ANDIFES). Seguindo o que est\u00e1 previsto no Termo do&hellip;","publishpress_future_action":{"enabled":false,"date":"2026-05-01 20:35:12","action":"change-status","newStatus":"draft","terms":[],"taxonomy":"","extraData":[]},"publishpress_future_workflow_manual_trigger":{"enabledWorkflows":[]},"_links":{"self":[{"href":"https:\/\/saude.ufpr.br\/medicina\/wp-json\/wp\/v2\/pages\/3555","targetHints":{"allow":["GET"]}}],"collection":[{"href":"https:\/\/saude.ufpr.br\/medicina\/wp-json\/wp\/v2\/pages"}],"about":[{"href":"https:\/\/saude.ufpr.br\/medicina\/wp-json\/wp\/v2\/types\/page"}],"author":[{"embeddable":true,"href":"https:\/\/saude.ufpr.br\/medicina\/wp-json\/wp\/v2\/users\/1735"}],"replies":[{"embeddable":true,"href":"https:\/\/saude.ufpr.br\/medicina\/wp-json\/wp\/v2\/comments?post=3555"}],"version-history":[{"count":10,"href":"https:\/\/saude.ufpr.br\/medicina\/wp-json\/wp\/v2\/pages\/3555\/revisions"}],"predecessor-version":[{"id":3628,"href":"https:\/\/saude.ufpr.br\/medicina\/wp-json\/wp\/v2\/pages\/3555\/revisions\/3628"}],"wp:attachment":[{"href":"https:\/\/saude.ufpr.br\/medicina\/wp-json\/wp\/v2\/media?parent=3555"}],"curies":[{"name":"wp","href":"https:\/\/api.w.org\/{rel}","templated":true}]}}