{"id":74,"date":"2016-05-23T17:37:26","date_gmt":"2016-05-23T17:37:26","guid":{"rendered":"https:\/\/saude.ufpr.br\/medicina\/?page_id=74"},"modified":"2026-04-14T09:43:12","modified_gmt":"2026-04-14T12:43:12","slug":"resolucoes","status":"publish","type":"page","link":"https:\/\/saude.ufpr.br\/medicina\/resolucoes\/","title":{"rendered":"Resolu\u00e7\u00f5es"},"content":{"rendered":"<p><strong>RESOLU\u00c7\u00d5ES E NORMAS GERAIS DA UFPR:<\/strong><\/p>\n<ul>\n<li><a href=\"https:\/\/saude.ufpr.br\/medicina\/wp-content\/uploads\/sites\/10\/2026\/02\/ESTATUTO-DA-UFPR-1.pdf\" target=\"_blank\" rel=\"noopener\">ESTATUTO DA UFPR<\/a><\/li>\n<li><a href=\"https:\/\/saude.ufpr.br\/medicina\/wp-content\/uploads\/sites\/10\/2019\/09\/Reg-Geral-da-UFPR-atualizado.pdf\" target=\"_blank\" rel=\"noopener\">REGIMENTO GERAL DA UFPR<\/a><\/li>\n<li><a href=\"https:\/\/saude.ufpr.br\/medicina\/wp-content\/uploads\/sites\/10\/2018\/06\/CEPE-37-97-Registro-e-Atividade-Academica-mobilidade.pdf\" target=\"_blank\" rel=\"noopener noreferrer\">RESOLU\u00c7\u00c3O N\u00ba 37\/97 &#8211; CEPE<\/a> &#8211; <em>Normas B\u00e1sicas de Controle e Registro da Atividade Acad\u00eamica dos Cursos de Gradua\u00e7\u00e3o.<\/em><\/li>\n<li><a href=\"https:\/\/saude.ufpr.br\/medicina\/wp-content\/uploads\/sites\/10\/2016\/10\/Resolucao-92.13-CEPE.pdf\" target=\"_blank\" rel=\"noopener\">RESOLU\u00c7\u00c3O N\u00ba 92\/13 &#8211; CEPE<\/a> &#8211; <em>Resolu\u00e7\u00e3o sobre a Dispensa e Equival\u00eancia de Disciplinas, Exames de Adiantamento e Aproveitamento de Conhecimento.<\/em><\/li>\n<li><a href=\"https:\/\/saude.ufpr.br\/medicina\/wp-content\/uploads\/sites\/10\/2026\/02\/instrucao-normativa-prograd-no-01-14.pdf\" target=\"_blank\" rel=\"noopener\">INSTRU\u00c7\u00c3O NORMATIVA N.\u00ba 01\/14 PROGRAD<\/a> &#8211; <em>Regulamenta as Dispensa e E<\/em><em>quival\u00eancia de Disciplinas e os exames de Adiantamento e de <\/em><em>Aproveitamento de Conhecimento.<\/em><\/li>\n<li><a href=\"https:\/\/saude.ufpr.br\/medicina\/wp-content\/uploads\/sites\/10\/2016\/10\/RESOLUCAO-cepe9715.pdf\" target=\"_blank\" rel=\"noopener noreferrer\">RESOLU\u00c7\u00c3O N\u00ba 97\/15 &#8211; CEPE<\/a> &#8211; <em>Trancamento de curso.<\/em><\/li>\n<li><a href=\"https:\/\/saude.ufpr.br\/medicina\/wp-content\/uploads\/sites\/10\/2016\/10\/RESOLU\u00c7\u00c3O-76.09-CEPE.pdf\" target=\"_blank\" rel=\"noopener noreferrer\">RESOLU\u00c7\u00c3O N\u00ba 76\/09 &#8211; CEPE<\/a> &#8211; <em>Programa de Voluntariado Acad\u00eamico.<\/em><\/li>\n<li><\/li>\n<\/ul>\n<p><strong>RESOLU\u00c7\u00d5ES E NORMAS DO CURSO DE MEDICINA-CURITIBA DA UFPR:<\/strong><\/p>\n<ul>\n<li><a href=\"https:\/\/saude.ufpr.br\/medicina\/wp-content\/uploads\/sites\/10\/2026\/02\/rces003_25.pdf\" target=\"_blank\" rel=\"noopener\">RESOLU\u00c7\u00c3O CNE\/CES N\u00ba 3, DE 30 DE SETEMBRO DE 2025<\/a> &#8211; <em>Institui Diretrizes Curriculares Nacionais do Curso de Gradua\u00e7\u00e3o em Medicina.<\/em><\/li>\n<li><a href=\"https:\/\/saude.ufpr.br\/medicina\/wp-content\/uploads\/sites\/10\/2019\/02\/PPC-vers\u00e3o-2019-CEPE-44-2018-1.pdf\" target=\"_blank\" rel=\"noopener noreferrer\">RESOLU\u00c7\u00c3O N\u00ba 44\/2018 &#8211; CEPE<\/a> &#8211; Institui o <em>Curr\u00edculo do curso de Medicina\u00a0 &#8211; Vers\u00e3o 2019.<\/em><\/li>\n<li><a href=\"https:\/\/saude.ufpr.br\/medicina\/wp-content\/uploads\/sites\/10\/2026\/04\/PPC_MEDICINA_2019-3.pdf\" target=\"_blank\" rel=\"noopener\">PROJETO PEDAG\u00d3GICO DO CURSO DE MEDICINA (PPC) &#8211; Curr\u00edculo de 2019<\/a><\/li>\n<li><a href=\"https:\/\/saude.ufpr.br\/medicina\/wp-content\/uploads\/sites\/10\/2026\/02\/Resolucao0012024_pre-requisito.pdf\" target=\"_blank\" rel=\"noopener\">RESOLU\u00c7\u00c3O N.\u00ba 01\/2024<\/a> &#8211; <em>Regulamenta a Quebra de Pr\u00e9-requisito para o curso de Medicina.<\/em><\/li>\n<\/ul>\n<p>Para acessar outras resolu\u00e7\u00f5es vigentes da UFPR, consulte o site da Secretaria dos \u00d3rg\u00e3os Colegiados &#8211; <a href=\"http:\/\/www.ufpr.br\/soc\/\" target=\"_blank\" rel=\"noopener\">http:\/\/www.ufpr.br\/soc\/<\/a><\/p>\n","protected":false},"excerpt":{"rendered":"<p>RESOLU\u00c7\u00d5ES E NORMAS GERAIS DA UFPR: ESTATUTO DA UFPR REGIMENTO GERAL DA UFPR RESOLU\u00c7\u00c3O N\u00ba 37\/97 &#8211; CEPE &#8211; Normas B\u00e1sicas de Controle e Registro da Atividade Acad\u00eamica dos Cursos de Gradua\u00e7\u00e3o. RESOLU\u00c7\u00c3O N\u00ba 92\/13 &#8211; CEPE &#8211; Resolu\u00e7\u00e3o sobre a Dispensa e Equival\u00eancia de Disciplinas, Exames de Adiantamento e Aproveitamento de Conhecimento. INSTRU\u00c7\u00c3O NORMATIVA<br \/> <a href=\"https:\/\/saude.ufpr.br\/medicina\/resolucoes\/\" class=\"button success small readmore\">Leia mais<\/a><\/p>\n","protected":false},"author":15,"featured_media":0,"parent":0,"menu_order":0,"comment_status":"closed","ping_status":"closed","template":"","meta":{"_acf_changed":false,"_uag_custom_page_level_css":"","footnotes":""},"class_list":["post-74","page","type-page","status-publish","hentry"],"acf":[],"featured_image_src":null,"uagb_featured_image_src":{"full":false,"thumbnail":false,"medium":false,"medium_large":false,"large":false,"1536x1536":false,"2048x2048":false,"noticias-thumb":false,"banners-thumb":false,"maisnoticias-thumb":false,"post-thumbnail":false},"uagb_author_info":{"display_name":"Andrea Jankoski","author_link":"https:\/\/saude.ufpr.br\/medicina\/author\/andrea\/"},"uagb_comment_info":0,"uagb_excerpt":"RESOLU\u00c7\u00d5ES E NORMAS GERAIS DA UFPR: ESTATUTO DA UFPR REGIMENTO GERAL DA UFPR RESOLU\u00c7\u00c3O N\u00ba 37\/97 &#8211; CEPE &#8211; Normas B\u00e1sicas de Controle e Registro da Atividade Acad\u00eamica dos Cursos de Gradua\u00e7\u00e3o. RESOLU\u00c7\u00c3O N\u00ba 92\/13 &#8211; CEPE &#8211; Resolu\u00e7\u00e3o sobre a Dispensa e Equival\u00eancia de Disciplinas, Exames de Adiantamento e Aproveitamento de Conhecimento. INSTRU\u00c7\u00c3O NORMATIVA&hellip;","publishpress_future_action":{"enabled":false,"date":"2026-04-25 09:56:28","action":"change-status","newStatus":"draft","terms":[],"taxonomy":"","extraData":[]},"publishpress_future_workflow_manual_trigger":{"enabledWorkflows":[]},"_links":{"self":[{"href":"https:\/\/saude.ufpr.br\/medicina\/wp-json\/wp\/v2\/pages\/74","targetHints":{"allow":["GET"]}}],"collection":[{"href":"https:\/\/saude.ufpr.br\/medicina\/wp-json\/wp\/v2\/pages"}],"about":[{"href":"https:\/\/saude.ufpr.br\/medicina\/wp-json\/wp\/v2\/types\/page"}],"author":[{"embeddable":true,"href":"https:\/\/saude.ufpr.br\/medicina\/wp-json\/wp\/v2\/users\/15"}],"replies":[{"embeddable":true,"href":"https:\/\/saude.ufpr.br\/medicina\/wp-json\/wp\/v2\/comments?post=74"}],"version-history":[{"count":38,"href":"https:\/\/saude.ufpr.br\/medicina\/wp-json\/wp\/v2\/pages\/74\/revisions"}],"predecessor-version":[{"id":3829,"href":"https:\/\/saude.ufpr.br\/medicina\/wp-json\/wp\/v2\/pages\/74\/revisions\/3829"}],"wp:attachment":[{"href":"https:\/\/saude.ufpr.br\/medicina\/wp-json\/wp\/v2\/media?parent=74"}],"curies":[{"name":"wp","href":"https:\/\/api.w.org\/{rel}","templated":true}]}}