{"id":797,"date":"2018-04-24T17:18:01","date_gmt":"2018-04-24T20:18:01","guid":{"rendered":"https:\/\/saude.ufpr.br\/medicina\/?page_id=797"},"modified":"2018-04-26T16:44:56","modified_gmt":"2018-04-26T19:44:56","slug":"pesquisas-envolvendo-os-alunos-do-curso","status":"publish","type":"page","link":"https:\/\/saude.ufpr.br\/medicina\/pesquisas-envolvendo-os-alunos-do-curso\/","title":{"rendered":"Pesquisas envolvendo os alunos do curso"},"content":{"rendered":"<p>As pesquisas envolvendo seres humanos, desenvolvidas na Universidade Federal do Paran\u00e1, s\u00e3o submetidas \u00e0 aprecia\u00e7\u00e3o do <a href=\"https:\/\/saude.ufpr.br\/cometica\/\" target=\"_blank\" rel=\"noopener\">Comit\u00ea de \u00c9tica em Pesquisa &#8211; CEP\/SD.<\/a><\/p>\n<p>As pesquisas s\u00e3o regulamentadas pelo Conselho Nacional de Sa\u00fade, e de acordo com \u00e0 resolu\u00e7\u00e3o 466\/2012 CNS,\u00a0 s\u00e3o consideradas pesquisas em seres humanos em qualquer \u00e1rea de conhecimento e que de modo direto e\/ou indireto envolvam a coletividade, em sua totalidade ou partes, incluindo o manejo de informa\u00e7\u00f5es e materiais.<\/p>\n<p><a href=\"https:\/\/saude.ufpr.br\/cometica\/orientacoes-gerais-ao-pesquisador-e-checklist\/\" target=\"_blank\" rel=\"noopener\">Orienta\u00e7\u00f5es gerais ao pesquisador.<\/a><\/p>\n<p>Em caso de d\u00favidas, entrar em contato com o CEP\/SD:<\/p>\n<p>Telefone: (41) 3360-7259<br \/>\ne-mail: cometicasd2@gmail.com e cometica.saude@ufpr.br<br \/>\nEndere\u00e7o: Rua Padre Camargo n\u00ba 285 \u2013 t\u00e9rreo<br \/>\nCEP 80060-240 \u2013 Bairro Alto da Gl\u00f3ria \u2013 Curitiba \u2013 PR<br \/>\nHor\u00e1rio de atendimento externo: das 08:00h \u00e0s 11:00h e das 14:00h \u00e0s 16:00h.<br \/>\nExceto: \u00e0s quintas-feiras \u2013 atendimento externo \u2013 das 08:00h \u00e0s 12:00h.<\/p>\n<p>&nbsp;<\/p>\n<p>&nbsp;<\/p>\n","protected":false},"excerpt":{"rendered":"<p>As pesquisas envolvendo seres humanos, desenvolvidas na Universidade Federal do Paran\u00e1, s\u00e3o submetidas \u00e0 aprecia\u00e7\u00e3o do Comit\u00ea de \u00c9tica em Pesquisa &#8211; CEP\/SD. As pesquisas s\u00e3o regulamentadas pelo Conselho Nacional de Sa\u00fade, e de acordo com \u00e0 resolu\u00e7\u00e3o 466\/2012 CNS,\u00a0 s\u00e3o consideradas pesquisas em seres humanos em qualquer \u00e1rea de conhecimento e que de modo<br \/> <a href=\"https:\/\/saude.ufpr.br\/medicina\/pesquisas-envolvendo-os-alunos-do-curso\/\" class=\"button success small readmore\">Leia mais<\/a><\/p>\n","protected":false},"author":15,"featured_media":0,"parent":0,"menu_order":0,"comment_status":"closed","ping_status":"closed","template":"","meta":{"_acf_changed":false,"_uag_custom_page_level_css":"","footnotes":""},"class_list":["post-797","page","type-page","status-publish","hentry"],"acf":[],"featured_image_src":null,"uagb_featured_image_src":{"full":false,"thumbnail":false,"medium":false,"medium_large":false,"large":false,"1536x1536":false,"2048x2048":false,"noticias-thumb":false,"banners-thumb":false,"maisnoticias-thumb":false,"post-thumbnail":false},"uagb_author_info":{"display_name":"Andrea Jankoski","author_link":"https:\/\/saude.ufpr.br\/medicina\/author\/andrea\/"},"uagb_comment_info":0,"uagb_excerpt":"As pesquisas envolvendo seres humanos, desenvolvidas na Universidade Federal do Paran\u00e1, s\u00e3o submetidas \u00e0 aprecia\u00e7\u00e3o do Comit\u00ea de \u00c9tica em Pesquisa &#8211; CEP\/SD. As pesquisas s\u00e3o regulamentadas pelo Conselho Nacional de Sa\u00fade, e de acordo com \u00e0 resolu\u00e7\u00e3o 466\/2012 CNS,\u00a0 s\u00e3o consideradas pesquisas em seres humanos em qualquer \u00e1rea de conhecimento e que de modo&hellip;","publishpress_future_action":{"enabled":false,"date":"2026-05-10 05:51:23","action":"change-status","newStatus":"draft","terms":[],"taxonomy":"","extraData":[]},"publishpress_future_workflow_manual_trigger":{"enabledWorkflows":[]},"_links":{"self":[{"href":"https:\/\/saude.ufpr.br\/medicina\/wp-json\/wp\/v2\/pages\/797","targetHints":{"allow":["GET"]}}],"collection":[{"href":"https:\/\/saude.ufpr.br\/medicina\/wp-json\/wp\/v2\/pages"}],"about":[{"href":"https:\/\/saude.ufpr.br\/medicina\/wp-json\/wp\/v2\/types\/page"}],"author":[{"embeddable":true,"href":"https:\/\/saude.ufpr.br\/medicina\/wp-json\/wp\/v2\/users\/15"}],"replies":[{"embeddable":true,"href":"https:\/\/saude.ufpr.br\/medicina\/wp-json\/wp\/v2\/comments?post=797"}],"version-history":[{"count":3,"href":"https:\/\/saude.ufpr.br\/medicina\/wp-json\/wp\/v2\/pages\/797\/revisions"}],"predecessor-version":[{"id":811,"href":"https:\/\/saude.ufpr.br\/medicina\/wp-json\/wp\/v2\/pages\/797\/revisions\/811"}],"wp:attachment":[{"href":"https:\/\/saude.ufpr.br\/medicina\/wp-json\/wp\/v2\/media?parent=797"}],"curies":[{"name":"wp","href":"https:\/\/api.w.org\/{rel}","templated":true}]}}

<p>As pesquisas envolvendo seres humanos, desenvolvidas na Universidade Federal do Paraná, são submetidas à apreciação do <a href="https://saude.ufpr.br/cometica/" target="_blank" rel="noopener">Comitê de Ética em Pesquisa &#8211; CEP/SD.</a></p>
<p>As pesquisas são regulamentadas pelo Conselho Nacional de Saúde, e de acordo com à resolução 466/2012 CNS,  são consideradas pesquisas em seres humanos em qualquer área de conhecimento e que de modo direto e/ou indireto envolvam a coletividade, em sua totalidade ou partes, incluindo o manejo de informações e materiais.</p>
<p><a href="https://saude.ufpr.br/cometica/orientacoes-gerais-ao-pesquisador-e-checklist/" target="_blank" rel="noopener">Orientações gerais ao pesquisador.</a></p>
<p>Em caso de dúvidas, entrar em contato com o CEP/SD:</p>
<p>Telefone: (41) 3360-7259<br />
e-mail: cometicasd2@gmail.com e cometica.saude@ufpr.br<br />
Endereço: Rua Padre Camargo nº 285 – térreo<br />
CEP 80060-240 – Bairro Alto da Glória – Curitiba – PR<br />
Horário de atendimento externo: das 08:00h às 11:00h e das 14:00h às 16:00h.<br />
Exceto: às quintas-feiras – atendimento externo – das 08:00h às 12:00h.</p>
<p>&nbsp;</p>
<p>&nbsp;</p>

<p>As pesquisas envolvendo seres humanos, desenvolvidas na Universidade Federal do Paraná, são submetidas à apreciação do Comitê de Ética em Pesquisa &#8211; CEP/SD. As pesquisas são regulamentadas pelo Conselho Nacional de Saúde, e de acordo com à resolução 466/2012 CNS,  são consideradas pesquisas em seres humanos em qualquer área de conhecimento e que de modo<br /> <a href="https://saude.ufpr.br/medicina/pesquisas-envolvendo-os-alunos-do-curso/" class="button success small readmore">Leia mais</a></p>

As pesquisas envolvendo seres humanos, desenvolvidas na Universidade Federal do Paraná, são submetidas à apreciação do Comitê de Ética em Pesquisa &#8211; CEP/SD. As pesquisas são regulamentadas pelo Conselho Nacional de Saúde, e de acordo com à resolução 466/2012 CNS,  são consideradas pesquisas em seres humanos em qualquer área de conhecimento e que de modo&hellip;
