{"id":991,"date":"2018-08-21T13:58:25","date_gmt":"2018-08-21T16:58:25","guid":{"rendered":"https:\/\/saude.ufpr.br\/medicina\/?page_id=991"},"modified":"2025-06-17T10:25:35","modified_gmt":"2025-06-17T13:25:35","slug":"equivalencia-de-disciplinas","status":"publish","type":"page","link":"https:\/\/saude.ufpr.br\/medicina\/equivalencia-de-disciplinas\/","title":{"rendered":"Equival\u00eancia de Disciplinas"},"content":{"rendered":"<p>A <a href=\"https:\/\/saude.ufpr.br\/medicina\/wp-content\/uploads\/sites\/10\/2019\/07\/PROGRAD-01-14-equival\u00eancia-adiantamento-aproveitamento.pdf\">Instru\u00e7\u00e3o Normativa n\u00ba 01\/2014 &#8211; PROGRAD<\/a> estabeleceu as normas e regras para os pedidos de Equival\u00eancia.<\/p>\n<p>O aluno dever\u00e1 apresentar na Coordena\u00e7\u00e3o do Curso de Medicina, em <strong>at\u00e9 10 dias a contar da confirma\u00e7\u00e3o do registro e de efetiva confirma\u00e7\u00e3o da vaga<\/strong>:<\/p>\n<ol>\n<li><a href=\"https:\/\/saude.ufpr.br\/medicina\/wp-content\/uploads\/sites\/10\/2019\/07\/7-Equival\u00eancia-de-Disciplina1.pdf\">Formul\u00e1rio<\/a> de requerimento de equival\u00eancia de disciplinas, corretamente preenchido e assinado;<\/li>\n<li><strong>Hist\u00f3rico escolar<\/strong> ou certificado originais, da \u00e9poca de conclus\u00e3o da disciplina, completo e atualizado, em que constem a denomina\u00e7\u00e3o da disciplina, sua carga hor\u00e1ria total, nota ou conceito e frequ\u00eancia obtidas, bem como os par\u00e2metros m\u00ednimos para aprova\u00e7\u00e3o na Institui\u00e7\u00e3o de origem;<\/li>\n<li style=\"text-align: left\"><strong>Programas das disciplinas cursadas<\/strong> na institui\u00e7\u00e3o de origem com autentica\u00e7\u00e3o (carimbo, visto ou autentica\u00e7\u00e3o eletr\u00f4nica, etc&#8230;), onde constem os planos de ensinos (ementa, carga hor\u00e1ria, objetivos, conte\u00fado program\u00e1tico ou desdobramento da \u00e1rea de conhecimento em unidades, procedimentos did\u00e1ticos, formas de avalia\u00e7\u00e3o e bibliografia b\u00e1sica utilizada).<\/li>\n<\/ol>\n<p>&nbsp;<\/p>\n","protected":false},"excerpt":{"rendered":"<p>A Instru\u00e7\u00e3o Normativa n\u00ba 01\/2014 &#8211; PROGRAD estabeleceu as normas e regras para os pedidos de Equival\u00eancia. O aluno dever\u00e1 apresentar na Coordena\u00e7\u00e3o do Curso de Medicina, em at\u00e9 10 dias a contar da confirma\u00e7\u00e3o do registro e de efetiva confirma\u00e7\u00e3o da vaga: Formul\u00e1rio de requerimento de equival\u00eancia de disciplinas, corretamente preenchido e assinado; Hist\u00f3rico<br \/> <a href=\"https:\/\/saude.ufpr.br\/medicina\/equivalencia-de-disciplinas\/\" class=\"button success small readmore\">Leia mais<\/a><\/p>\n","protected":false},"author":15,"featured_media":0,"parent":0,"menu_order":0,"comment_status":"closed","ping_status":"closed","template":"","meta":{"_acf_changed":false,"_uag_custom_page_level_css":"","footnotes":""},"class_list":["post-991","page","type-page","status-publish","hentry"],"acf":[],"featured_image_src":null,"uagb_featured_image_src":{"full":false,"thumbnail":false,"medium":false,"medium_large":false,"large":false,"1536x1536":false,"2048x2048":false,"noticias-thumb":false,"banners-thumb":false,"maisnoticias-thumb":false,"post-thumbnail":false},"uagb_author_info":{"display_name":"Andrea Jankoski","author_link":"https:\/\/saude.ufpr.br\/medicina\/author\/andrea\/"},"uagb_comment_info":0,"uagb_excerpt":"A Instru\u00e7\u00e3o Normativa n\u00ba 01\/2014 &#8211; PROGRAD estabeleceu as normas e regras para os pedidos de Equival\u00eancia. O aluno dever\u00e1 apresentar na Coordena\u00e7\u00e3o do Curso de Medicina, em at\u00e9 10 dias a contar da confirma\u00e7\u00e3o do registro e de efetiva confirma\u00e7\u00e3o da vaga: Formul\u00e1rio de requerimento de equival\u00eancia de disciplinas, corretamente preenchido e assinado; Hist\u00f3rico&hellip;","publishpress_future_action":{"enabled":false,"date":"2026-04-22 06:11:35","action":"change-status","newStatus":"draft","terms":[],"taxonomy":"","extraData":[]},"publishpress_future_workflow_manual_trigger":{"enabledWorkflows":[]},"_links":{"self":[{"href":"https:\/\/saude.ufpr.br\/medicina\/wp-json\/wp\/v2\/pages\/991","targetHints":{"allow":["GET"]}}],"collection":[{"href":"https:\/\/saude.ufpr.br\/medicina\/wp-json\/wp\/v2\/pages"}],"about":[{"href":"https:\/\/saude.ufpr.br\/medicina\/wp-json\/wp\/v2\/types\/page"}],"author":[{"embeddable":true,"href":"https:\/\/saude.ufpr.br\/medicina\/wp-json\/wp\/v2\/users\/15"}],"replies":[{"embeddable":true,"href":"https:\/\/saude.ufpr.br\/medicina\/wp-json\/wp\/v2\/comments?post=991"}],"version-history":[{"count":7,"href":"https:\/\/saude.ufpr.br\/medicina\/wp-json\/wp\/v2\/pages\/991\/revisions"}],"predecessor-version":[{"id":3492,"href":"https:\/\/saude.ufpr.br\/medicina\/wp-json\/wp\/v2\/pages\/991\/revisions\/3492"}],"wp:attachment":[{"href":"https:\/\/saude.ufpr.br\/medicina\/wp-json\/wp\/v2\/media?parent=991"}],"curies":[{"name":"wp","href":"https:\/\/api.w.org\/{rel}","templated":true}]}}