{"id":1079,"date":"2018-03-16T16:08:26","date_gmt":"2018-03-16T16:08:26","guid":{"rendered":"https:\/\/saude.ufpr.br\/medintegrada\/?page_id=1079"},"modified":"2025-01-22T13:31:27","modified_gmt":"2025-01-22T13:31:27","slug":"tc","status":"publish","type":"page","link":"https:\/\/saude.ufpr.br\/medintegrada\/tc\/","title":{"rendered":"Trabalho de Curso"},"content":{"rendered":"<p><a href=\"https:\/\/saude.ufpr.br\/medintegrada\/wp-content\/uploads\/sites\/40\/2022\/04\/tcc.pdf\" target=\"_blank\" rel=\"noopener\" data-wplink-edit=\"true\">Regulamento do Trabalho de Curso &#8211; TC<\/a><\/p>\n<p><a href=\"https:\/\/saude.ufpr.br\/medintegrada\/wp-content\/uploads\/sites\/40\/2024\/12\/orientadores-de-TC-4.pdf\" target=\"_blank\" rel=\"noopener\">Orientadores<\/a><\/p>\n<p><a href=\"https:\/\/saude.ufpr.br\/medicina\/informativo\/ensalamento-da-xvii-apresentacao-dos-trabalhos-do-curso-de-medicina-ufpr\/\">Ensalamento da XVII Apresenta\u00e7\u00e3o dos Trabalhos do Curso de Medicina UFPR<\/a><\/p>\n<p><a href=\"https:\/\/saude.ufpr.br\/medintegrada\/artigos-publicados\/\" target=\"_blank\" rel=\"noopener\">Artigos publicados<\/a><\/p>\n<p><a href=\"https:\/\/forms.gle\/myteDj2HuZsrkiqm9\" target=\"_blank\" rel=\"noopener\">Formul\u00e1rio para envio dos Trabalhos de Curso<\/a><\/p>\n","protected":false},"excerpt":{"rendered":"<p>Regulamento do Trabalho de Curso &#8211; TC Orientadores Ensalamento da XVII Apresenta\u00e7\u00e3o dos Trabalhos do Curso de Medicina UFPR Artigos publicados Formul\u00e1rio para envio dos Trabalhos de Curso<\/p>\n","protected":false},"author":1615,"featured_media":0,"parent":0,"menu_order":0,"comment_status":"closed","ping_status":"closed","template":"","meta":{"_acf_changed":false,"_uag_custom_page_level_css":"","footnotes":""},"class_list":["post-1079","page","type-page","status-publish","hentry"],"acf":[],"featured_image_src":null,"uagb_featured_image_src":{"full":false,"thumbnail":false,"medium":false,"medium_large":false,"large":false,"1536x1536":false,"2048x2048":false,"noticias-thumb":false,"banners-thumb":false,"maisnoticias-thumb":false,"post-thumbnail":false},"uagb_author_info":{"display_name":"Guilherme","author_link":"https:\/\/saude.ufpr.br\/medintegrada\/author\/guilhermematos\/"},"uagb_comment_info":0,"uagb_excerpt":"Regulamento do Trabalho de Curso &#8211; TC Orientadores Ensalamento da XVII Apresenta\u00e7\u00e3o dos Trabalhos do Curso de Medicina UFPR Artigos publicados Formul\u00e1rio para envio dos Trabalhos de Curso","publishpress_future_action":{"enabled":false,"date":"2026-04-10 17:35:05","action":"change-status","newStatus":"draft","terms":[],"taxonomy":"","extraData":[]},"publishpress_future_workflow_manual_trigger":{"enabledWorkflows":[]},"_links":{"self":[{"href":"https:\/\/saude.ufpr.br\/medintegrada\/wp-json\/wp\/v2\/pages\/1079","targetHints":{"allow":["GET"]}}],"collection":[{"href":"https:\/\/saude.ufpr.br\/medintegrada\/wp-json\/wp\/v2\/pages"}],"about":[{"href":"https:\/\/saude.ufpr.br\/medintegrada\/wp-json\/wp\/v2\/types\/page"}],"author":[{"embeddable":true,"href":"https:\/\/saude.ufpr.br\/medintegrada\/wp-json\/wp\/v2\/users\/1615"}],"replies":[{"embeddable":true,"href":"https:\/\/saude.ufpr.br\/medintegrada\/wp-json\/wp\/v2\/comments?post=1079"}],"version-history":[{"count":19,"href":"https:\/\/saude.ufpr.br\/medintegrada\/wp-json\/wp\/v2\/pages\/1079\/revisions"}],"predecessor-version":[{"id":2155,"href":"https:\/\/saude.ufpr.br\/medintegrada\/wp-json\/wp\/v2\/pages\/1079\/revisions\/2155"}],"wp:attachment":[{"href":"https:\/\/saude.ufpr.br\/medintegrada\/wp-json\/wp\/v2\/media?parent=1079"}],"curies":[{"name":"wp","href":"https:\/\/api.w.org\/{rel}","templated":true}]}}