{"id":67,"date":"2016-08-16T16:47:54","date_gmt":"2016-08-16T16:47:54","guid":{"rendered":"https:\/\/saude.ufpr.br\/medtrab\/?page_id=67"},"modified":"2025-10-03T09:32:43","modified_gmt":"2025-10-03T12:32:43","slug":"equipe","status":"publish","type":"page","link":"https:\/\/saude.ufpr.br\/medtrab\/equipe\/","title":{"rendered":"Equipe"},"content":{"rendered":"<table style=\"height: 335px;\" width=\"770\">\n<tbody>\n<tr>\n<td colspan=\"2\" width=\"566\"><strong>Coordena\u00e7\u00e3o do curso<\/strong><\/td>\n<\/tr>\n<tr>\n<td width=\"283\">Paulo Roberto Z\u00e9tola<\/td>\n<td width=\"283\">Coordenador<\/td>\n<\/tr>\n<tr>\n<td width=\"283\">Edevar Daniel<\/td>\n<td width=\"283\">Vice coordenador<\/td>\n<\/tr>\n<tr>\n<td width=\"283\">Jo\u00e3o C. A. Lozovey<\/td>\n<td width=\"283\">Vice coordenador<\/td>\n<\/tr>\n<tr>\n<td width=\"283\">K\u00e1tia Regina Panisson<\/td>\n<td width=\"283\">Secretaria<\/td>\n<\/tr>\n<tr>\n<td width=\"283\">Erick da Silva Santos<\/td>\n<td width=\"283\">Estagi\u00e1rio<\/td>\n<\/tr>\n<tr>\n<td width=\"283\">Andrea R. M. C. Jankoski<\/td>\n<td width=\"283\">Apoio t\u00e9cnico<\/td>\n<\/tr>\n<\/tbody>\n<\/table>\n<p>&nbsp;<\/p>\n<table>\n<tbody>\n<tr>\n<td width=\"283\"><strong>Docentes<\/strong><\/td>\n<td width=\"283\"><strong>Curr\u00edculo Lattes<\/strong><\/td>\n<\/tr>\n<tr>\n<td width=\"283\">Deivisson Vianna Dantas dos Santos<\/td>\n<td width=\"283\"><a href=\"http:\/\/lattes.cnpq.br\/2082293854099988\">http:\/\/lattes.cnpq.br\/2082293854099988<\/a><\/td>\n<\/tr>\n<tr>\n<td width=\"283\">Diogo Rafael Polanski<\/td>\n<td width=\"283\"><a href=\"http:\/\/lattes.cnpq.br\/0448747880076171\">http:\/\/lattes.cnpq.br\/0448747880076171<\/a><\/td>\n<\/tr>\n<tr>\n<td width=\"283\">Edevar Daniel<\/td>\n<td width=\"283\">\u00a0<a href=\"http:\/\/lattes.cnpq.br\/0571564237999825\">http:\/\/lattes.cnpq.br\/0571564237999825<\/a><\/td>\n<\/tr>\n<tr>\n<td width=\"283\">Geraldo Celso Rocha<\/td>\n<td width=\"283\"><a href=\"http:\/\/lattes.cnpq.br\/2602455856338931\">http:\/\/lattes.cnpq.br\/2602455856338931<\/a><\/td>\n<\/tr>\n<tr>\n<td width=\"283\">Guilherme Murta<\/td>\n<td width=\"283\"><a href=\"http:\/\/lattes.cnpq.br\/6150599135497961\">http:\/\/lattes.cnpq.br\/6150599135497961<\/a><\/td>\n<\/tr>\n<tr>\n<td width=\"283\">Jo\u00e3o C. A. Lozovey<\/td>\n<td width=\"283\"><a href=\"http:\/\/lattes.cnpq.br\/0141416226838208\">http:\/\/lattes.cnpq.br\/0141416226838208<\/a><\/td>\n<\/tr>\n<tr>\n<td width=\"283\">Juliano Trotta<\/td>\n<td width=\"283\"><a href=\"http:\/\/lattes.cnpq.br\/3514412845812714\" target=\"_blank\" rel=\"noopener\">http:\/\/lattes.cnpq.br\/3514412845812714<\/a><\/td>\n<\/tr>\n<tr>\n<td width=\"283\">Karin Regina Luhm<\/td>\n<td width=\"283\"><a href=\"http:\/\/lattes.cnpq.br\/1592876591517592\">http:\/\/lattes.cnpq.br\/1592876591517592<\/a><\/td>\n<\/tr>\n<tr>\n<td width=\"283\">Paulo Roberto Z\u00e9tola<\/td>\n<td width=\"283\"><a href=\"http:\/\/lattes.cnpq.br\/6411514135457522\">http:\/\/lattes.cnpq.br\/6411514135457522<\/a><\/td>\n<\/tr>\n<tr>\n<td width=\"283\">Rafael Garcia de Paula<\/td>\n<td width=\"283\"><a href=\"http:\/\/lattes.cnpq.br\/4120317402470685\">http:\/\/lattes.cnpq.br\/4120317402470685<\/a><\/td>\n<\/tr>\n<tr>\n<td width=\"283\">Raffaello Popa Di Bernardi<\/td>\n<td width=\"283\"><a href=\"http:\/\/lattes.cnpq.br\/9551138438720251\">http:\/\/lattes.cnpq.br\/9551138438720251<\/a><\/td>\n<\/tr>\n<tr>\n<td width=\"283\">Ricardo Del Segue Villas B\u00f4as<\/td>\n<td width=\"283\"><a href=\"http:\/\/lattes.cnpq.br\/8255426367272791\">http:\/\/lattes.cnpq.br\/8255426367272791<\/a><\/td>\n<\/tr>\n<tr>\n<td width=\"283\">Rodrigo Meister de Almeida<\/td>\n<td width=\"283\"><a href=\"http:\/\/lattes.cnpq.br\/5051352697855678\">http:\/\/lattes.cnpq.br\/5051352697855678<\/a><\/td>\n<\/tr>\n<tr>\n<td width=\"283\">Solena Kusma Fidalski<\/td>\n<td width=\"283\"><a href=\"http:\/\/lattes.cnpq.br\/7916274501748513\">http:\/\/lattes.cnpq.br\/7916274501748513<\/a><\/td>\n<\/tr>\n<tr>\n<td width=\"283\">Sonia Raboni<\/td>\n<td width=\"283\"><a href=\"http:\/\/lattes.cnpq.br\/1117884700210763\">http:\/\/lattes.cnpq.br\/1117884700210763<\/a><\/td>\n<\/tr>\n<tr>\n<td width=\"283\">Yanna Dantas Rattmann<\/td>\n<td width=\"283\"><a href=\"http:\/\/lattes.cnpq.br\/5379261162118190\">http:\/\/lattes.cnpq.br\/5379261162118190<\/a><\/td>\n<\/tr>\n<\/tbody>\n<\/table>\n<p>&nbsp;<\/p>\n<table>\n<tbody>\n<tr>\n<td width=\"283\"><strong>Tutores<\/strong><\/td>\n<td width=\"283\"><strong>Curr\u00edculo Lattes<\/strong><\/td>\n<\/tr>\n<tr>\n<td width=\"283\">Diogo Rafael Polanski<\/td>\n<td width=\"283\"><a href=\"http:\/\/lattes.cnpq.br\/044874788007617\">http:\/\/lattes.cnpq.br\/044874788007617<\/a>1<\/td>\n<\/tr>\n<tr>\n<td width=\"283\">Guilherme Murta<\/td>\n<td width=\"283\"><a href=\"http:\/\/lattes.cnpq.br\/6150599135497961\">http:\/\/lattes.cnpq.br\/6150599135497961<\/a><\/td>\n<\/tr>\n<tr>\n<td width=\"283\">Juliano Trotta<\/td>\n<td width=\"283\"><a href=\"http:\/\/lattes.cnpq.br\/3514412845812714\" target=\"_blank\" rel=\"noopener\">http:\/\/lattes.cnpq.br\/3514412845812714<\/a><\/td>\n<\/tr>\n<tr>\n<td width=\"283\">Rafael Garcia de Paula<\/td>\n<td width=\"283\"><a href=\"http:\/\/lattes.cnpq.br\/4120317402470685\">http:\/\/lattes.cnpq.br\/4120317402470685<\/a><\/td>\n<\/tr>\n<tr>\n<td width=\"283\">Raffaello Popa Di Bernardi<\/td>\n<td width=\"283\"><a href=\"http:\/\/lattes.cnpq.br\/9551138438720251\">http:\/\/lattes.cnpq.br\/9551138438720251<\/a><\/td>\n<\/tr>\n<tr>\n<td width=\"283\">Ricardo Del Segue Villas B\u00f4as<\/td>\n<td width=\"283\"><a href=\"http:\/\/lattes.cnpq.br\/8255426367272791\">http:\/\/lattes.cnpq.br\/8255426367272791<\/a><\/td>\n<\/tr>\n<\/tbody>\n<\/table>\n<p>&nbsp;<\/p>\n","protected":false},"excerpt":{"rendered":"<p>Coordena\u00e7\u00e3o do curso Paulo Roberto Z\u00e9tola Coordenador Edevar Daniel Vice coordenador Jo\u00e3o C. A. Lozovey Vice coordenador K\u00e1tia Regina Panisson Secretaria Erick da Silva Santos Estagi\u00e1rio Andrea R. M. C. Jankoski Apoio t\u00e9cnico &nbsp; Docentes Curr\u00edculo Lattes Deivisson Vianna Dantas dos Santos http:\/\/lattes.cnpq.br\/2082293854099988 Diogo Rafael Polanski http:\/\/lattes.cnpq.br\/0448747880076171 Edevar Daniel \u00a0http:\/\/lattes.cnpq.br\/0571564237999825 Geraldo Celso Rocha http:\/\/lattes.cnpq.br\/2602455856338931 Guilherme<br \/> <a href=\"https:\/\/saude.ufpr.br\/medtrab\/equipe\/\" class=\"button success small readmore\">Leia mais<\/a><\/p>\n","protected":false},"author":15,"featured_media":0,"parent":0,"menu_order":0,"comment_status":"closed","ping_status":"closed","template":"","meta":{"_acf_changed":false,"_uag_custom_page_level_css":"","footnotes":""},"class_list":["post-67","page","type-page","status-publish","hentry"],"acf":[],"featured_image_src":null,"uagb_featured_image_src":{"full":false,"thumbnail":false,"medium":false,"medium_large":false,"large":false,"1536x1536":false,"2048x2048":false,"noticias-thumb":false,"banners-thumb":false,"maisnoticias-thumb":false,"post-thumbnail":false},"uagb_author_info":{"display_name":"Andrea Jankoski","author_link":"https:\/\/saude.ufpr.br\/medtrab\/author\/andrea\/"},"uagb_comment_info":0,"uagb_excerpt":"Coordena\u00e7\u00e3o do curso Paulo Roberto Z\u00e9tola Coordenador Edevar Daniel Vice coordenador Jo\u00e3o C. A. Lozovey Vice coordenador K\u00e1tia Regina Panisson Secretaria Erick da Silva Santos Estagi\u00e1rio Andrea R. M. C. Jankoski Apoio t\u00e9cnico &nbsp; Docentes Curr\u00edculo Lattes Deivisson Vianna Dantas dos Santos http:\/\/lattes.cnpq.br\/2082293854099988 Diogo Rafael Polanski http:\/\/lattes.cnpq.br\/0448747880076171 Edevar Daniel \u00a0http:\/\/lattes.cnpq.br\/0571564237999825 Geraldo Celso Rocha http:\/\/lattes.cnpq.br\/2602455856338931 Guilherme&hellip;","publishpress_future_action":{"enabled":false,"date":"2026-04-25 09:56:31","action":"change-status","newStatus":"draft","terms":[],"taxonomy":"","extraData":[]},"publishpress_future_workflow_manual_trigger":{"enabledWorkflows":[]},"_links":{"self":[{"href":"https:\/\/saude.ufpr.br\/medtrab\/wp-json\/wp\/v2\/pages\/67","targetHints":{"allow":["GET"]}}],"collection":[{"href":"https:\/\/saude.ufpr.br\/medtrab\/wp-json\/wp\/v2\/pages"}],"about":[{"href":"https:\/\/saude.ufpr.br\/medtrab\/wp-json\/wp\/v2\/types\/page"}],"author":[{"embeddable":true,"href":"https:\/\/saude.ufpr.br\/medtrab\/wp-json\/wp\/v2\/users\/15"}],"replies":[{"embeddable":true,"href":"https:\/\/saude.ufpr.br\/medtrab\/wp-json\/wp\/v2\/comments?post=67"}],"version-history":[{"count":29,"href":"https:\/\/saude.ufpr.br\/medtrab\/wp-json\/wp\/v2\/pages\/67\/revisions"}],"predecessor-version":[{"id":1746,"href":"https:\/\/saude.ufpr.br\/medtrab\/wp-json\/wp\/v2\/pages\/67\/revisions\/1746"}],"wp:attachment":[{"href":"https:\/\/saude.ufpr.br\/medtrab\/wp-json\/wp\/v2\/media?parent=67"}],"curies":[{"name":"wp","href":"https:\/\/api.w.org\/{rel}","templated":true}]}}