{"id":100,"date":"2016-04-08T12:38:17","date_gmt":"2016-04-08T12:38:17","guid":{"rendered":"https:\/\/saude.ufpr.br\/nesc\/?page_id=100"},"modified":"2016-04-08T12:38:17","modified_gmt":"2016-04-08T12:38:17","slug":"artigos-2010","status":"publish","type":"page","link":"https:\/\/saude.ufpr.br\/nesc\/artigos-2010\/","title":{"rendered":"Artigos 2010"},"content":{"rendered":"<p style=\"text-align: justify\"><span style=\"color: #000000\">LAROCCA, LM;\u00a0MARQUES, VRB. <strong><a style=\"color: #000000\" href=\"http:\/\/ojs.c3sl.ufpr.br\/ojs\/index.php\/cogitare\/article\/view\/17187\/11322\" target=\"_blank\">A constru\u00e7\u00e3o do novo Paran\u00e1: uma an\u00e1lise dos discursos higienistas (1853-1930)<\/a><\/strong>. Cogitare Enfermagem (UFPR), v. 15, p. 153-157, 2010.<\/span><\/p>\n<p style=\"text-align: justify\"><span style=\"color: #000000\">LAROCCA, LM; MARQUES, VRB. <strong><a style=\"color: #000000\" href=\"http:\/\/www.scielo.br\/pdf\/tce\/v19n2\/12.pdf\" target=\"_blank\">Higiene e inf\u00e2ncia no Paran\u00e1: a miss\u00e3o de formar h\u00e1bitos saud\u00e1veis (1931-1949)<\/a><\/strong>. Texto &amp; Contexto Enfermagem (UFSC. Impresso), v. 19, p. 309-316, 2010.<\/span><\/p>\n<p style=\"text-align: justify\"><span style=\"color: #000000\">GUIMAR\u00c3ES, AN; FOGA\u00c7A, MM; BORBA, LO; PAES, MR;\u00a0LAROCCA, LM; MAFTUM, MA. <strong><a style=\"color: #000000\" href=\"http:\/\/www.scielo.br\/pdf\/tce\/v19n2\/08.pdf\" target=\"_blank\">O tratamento ao portador de transtorno mental: um di\u00e1logo com a legisla\u00e7\u00e3o federal brasileira (1935-2001)<\/a><\/strong>. Texto &amp; Contexto Enfermagem (UFSC. Impresso), v. 19, p. 274-282, 2010.<\/span><\/p>\n<p style=\"text-align: justify\"><span style=\"color: #000000\">LAROCCA, LM; MARQUES, VRB. <strong><a style=\"color: #000000\" href=\"www.scielo.br\/pdf\/icse\/v14n34\/14.pdf\u200e\" target=\"_blank\">Higienizar, cuidar e civilizar: o discurso m\u00e9dico para a escola paranaense (1920-1937)<\/a><\/strong>. Interface (Botucatu. Impresso), v. 14, p. 647-660, 2010.<\/span><\/p>\n<p style=\"text-align: justify\"><span style=\"color: #000000\">MORGAN, W; BERNARDINO, E; WOLFF, LDG. <strong><a style=\"color: #000000\" href=\"http:\/\/www.objnursing.uff.br\/index.php\/nursing\/article\/view\/j.1676-4285.2010.2591.\" target=\"_blank\">Implications of cancellation of surgery in a surgery department: a descriptive-exploratory study<\/a><\/strong>. Online Brazilian Journal of Nursing, v. 9, 2010.<\/span><\/p>\n<p style=\"text-align: justify\"><span style=\"color: #000000\">STOCCO, JGD; CROZETA, C; PERES, AM; WOLFF, LDG; MEIER, MJ; MANTOVANI, MF. <a style=\"color: #000000\" href=\"http:\/\/ojs.c3sl.ufpr.br\/ojs\/index.php\/cogitare\/article\/viewFile\/17147\/11288\" target=\"_blank\"><strong>Trajet\u00f3ria de um grupo de pesquisa: perfil e produ\u00e7\u00e3o cient\u00edfica<\/strong><\/a>. Cogitare Enfermagem (UFPR), v. 5, p. 63-68, 2010.<\/span><\/p>\n","protected":false},"excerpt":{"rendered":"<p>LAROCCA, LM;\u00a0MARQUES, VRB. A constru\u00e7\u00e3o do novo Paran\u00e1: uma an\u00e1lise dos discursos higienistas (1853-1930). Cogitare Enfermagem (UFPR), v. 15, p. 153-157, 2010. LAROCCA, LM; MARQUES, VRB. Higiene e inf\u00e2ncia no Paran\u00e1: a miss\u00e3o de formar h\u00e1bitos saud\u00e1veis (1931-1949). Texto &amp; Contexto Enfermagem (UFSC. Impresso), v. 19, p. 309-316, 2010. GUIMAR\u00c3ES, AN; FOGA\u00c7A, MM; BORBA, LO;<br \/> <a href=\"https:\/\/saude.ufpr.br\/nesc\/artigos-2010\/\" class=\"button success small readmore\">Leia mais<\/a><\/p>\n","protected":false},"author":1583,"featured_media":0,"parent":0,"menu_order":0,"comment_status":"closed","ping_status":"closed","template":"","meta":{"_acf_changed":false,"_uag_custom_page_level_css":"","footnotes":""},"class_list":["post-100","page","type-page","status-publish","hentry"],"acf":[],"featured_image_src":null,"uagb_featured_image_src":{"full":false,"thumbnail":false,"medium":false,"medium_large":false,"large":false,"1536x1536":false,"2048x2048":false,"noticias-thumb":false,"banners-thumb":false,"maisnoticias-thumb":false,"post-thumbnail":false},"uagb_author_info":{"display_name":"guilherme albuquerque","author_link":"https:\/\/saude.ufpr.br\/nesc\/author\/guilherme\/"},"uagb_comment_info":0,"uagb_excerpt":"LAROCCA, LM;\u00a0MARQUES, VRB. A constru\u00e7\u00e3o do novo Paran\u00e1: uma an\u00e1lise dos discursos higienistas (1853-1930). Cogitare Enfermagem (UFPR), v. 15, p. 153-157, 2010. LAROCCA, LM; MARQUES, VRB. Higiene e inf\u00e2ncia no Paran\u00e1: a miss\u00e3o de formar h\u00e1bitos saud\u00e1veis (1931-1949). Texto &amp; Contexto Enfermagem (UFSC. Impresso), v. 19, p. 309-316, 2010. GUIMAR\u00c3ES, AN; FOGA\u00c7A, MM; BORBA, LO;&hellip;","publishpress_future_action":{"enabled":false,"date":"2026-04-11 09:26:14","action":"change-status","newStatus":"draft","terms":[],"taxonomy":"","extraData":[]},"publishpress_future_workflow_manual_trigger":{"enabledWorkflows":[]},"_links":{"self":[{"href":"https:\/\/saude.ufpr.br\/nesc\/wp-json\/wp\/v2\/pages\/100","targetHints":{"allow":["GET"]}}],"collection":[{"href":"https:\/\/saude.ufpr.br\/nesc\/wp-json\/wp\/v2\/pages"}],"about":[{"href":"https:\/\/saude.ufpr.br\/nesc\/wp-json\/wp\/v2\/types\/page"}],"author":[{"embeddable":true,"href":"https:\/\/saude.ufpr.br\/nesc\/wp-json\/wp\/v2\/users\/1583"}],"replies":[{"embeddable":true,"href":"https:\/\/saude.ufpr.br\/nesc\/wp-json\/wp\/v2\/comments?post=100"}],"version-history":[{"count":1,"href":"https:\/\/saude.ufpr.br\/nesc\/wp-json\/wp\/v2\/pages\/100\/revisions"}],"predecessor-version":[{"id":101,"href":"https:\/\/saude.ufpr.br\/nesc\/wp-json\/wp\/v2\/pages\/100\/revisions\/101"}],"wp:attachment":[{"href":"https:\/\/saude.ufpr.br\/nesc\/wp-json\/wp\/v2\/media?parent=100"}],"curies":[{"name":"wp","href":"https:\/\/api.w.org\/{rel}","templated":true}]}}