{"id":104,"date":"2016-04-08T12:39:11","date_gmt":"2016-04-08T12:39:11","guid":{"rendered":"https:\/\/saude.ufpr.br\/nesc\/?page_id=104"},"modified":"2016-04-08T12:39:11","modified_gmt":"2016-04-08T12:39:11","slug":"artigos-2008","status":"publish","type":"page","link":"https:\/\/saude.ufpr.br\/nesc\/artigos-2008\/","title":{"rendered":"Artigos 2008"},"content":{"rendered":"<p style=\"text-align: justify\"><span style=\"color: #000000\">PERNA, PO;\u00a0CHAVES, MMN. <strong><a style=\"color: #000000\" href=\"http:\/\/www.uff.br\/trabalhonecessario\/images\/TN06%20NOLASCO,%20M.%20e%20PERNA,%20P.pdf\" target=\"_blank\">O materialismo hist\u00f3rico-dial\u00e9tico e a teoria da interven\u00e7\u00e3o pr\u00e1xica da enfermagem em sa\u00fade coletiva: a demarca\u00e7\u00e3o do &#8216;coletivo&#8217; para a a\u00e7\u00e3o da enfermagem<\/a><\/strong>. Trabalho Necess\u00e1rio, v. 6, p. 1-28, 2008.<\/span><\/p>\n<p style=\"text-align: justify\"><span style=\"color: #000000\">MACEDO, LC; LAROCCA, LM;\u00a0CHAVES, MMN; MAZZA, VA. <strong><a style=\"color: #000000\" href=\"http:\/\/www.scielo.br\/pdf\/icse\/v12n26\/a15.pdf\" target=\"_blank\">An\u00e1lise do discurso: uma reflex\u00e3o para pesquisar em sa\u00fade<\/a><\/strong>. Interface. Comunica\u00e7\u00e3o, Sa\u00fade e Educa\u00e7\u00e3o, v. 12, n. 26, p. 649-657, 2008.<\/span><\/p>\n<p style=\"text-align: justify\"><span style=\"color: #000000\">PERES, AM; CIAMPONE, MHT; WOLFF, LDG. <a style=\"color: #000000\" href=\"http:\/\/www.scielo.br\/pdf\/tes\/v5n3\/07.pdf\" target=\"_blank\"><strong>Compet\u00eancias gerenciais do enfermeiro nas perspectivas de um curso de gradua\u00e7\u00e3o de enfermagem e do mercado de trabalho<\/strong><\/a>. Trabalho, Educa\u00e7\u00e3o e Sa\u00fade, v. 5, p. 453-472, 2008.<\/span><\/p>\n<p style=\"text-align: justify\"><span style=\"color: #000000\">VOSGERAU, MZS; SOARES, DA; SOUZA, RKT. <a style=\"color: #000000\" href=\"http:\/\/www.latamjpharm.org\/trabajos\/27\/6\/LAJOP_27_6_1_5_W0JF581ZIE.pdf\" target=\"_blank\"><strong>Automedica\u00e7\u00e3o entre adultos na \u00e1rea de abrang\u00eancia de uma Unidade Sa\u00fade da Fam\u00edlia<\/strong><\/a>. Acta Farmaceutica Bonaerense, v. 27, p. 831-838, 2008.<\/span><\/p>\n<p style=\"text-align: justify\"><span style=\"color: #000000\">LUDWIG, G; AGUIAR, LM; SVOBODA, WK; HILST, CLS; NAVARRO, IT; VITULE, JRS; PASSOS, FC. <a style=\"color: #000000\" href=\"http:\/\/www.scielo.br\/pdf\/rbzool\/v25n3\/a06v25n3.pdf\" target=\"_blank\"><strong>Comparison of the diet of Alouatta caraya (Primates: Atelidae) between a riparian island and mainland on the Upper Parana River, southern Brazil<\/strong><\/a>. Revista Brasileira de Zoologia, v. 25, p. 419, 2008.<\/span><\/p>\n<p style=\"text-align: justify\"><span style=\"color: #000000\">FLAIBAN, KKMC; SPOHR, KAH; MALANSKI, LS; SVOBODA, WK; SHIOZAWA, MM; HILST, CLS; AGUIAR, LM; LUDWIG, G; PASSOS, FC; NAVARRO, IT; BALARIN, MRS; LISB\u00d4A, JAN. <a style=\"color: #000000\" href=\"http:\/\/link.springer.com\/article\/10.1007%2Fs10764-008-9290-5\" target=\"_blank\"><strong>Hematologic Values of Free-ranging Cebus cay and Cebus nigritus in Southern Brazil<\/strong><\/a>. International Journal of Primatology, v. 29, p. 1375-1382, 2008.<\/span><\/p>\n<p style=\"text-align: justify\"><span style=\"color: #000000\">FLAIBAN, KKMC; MALANSKI, LS; SVOBODA, WK; SHIOZAWA, MM; HILST, CLS; AGUIAR, LM; LUDWIG, G; PASSOS, FC; BALARIN, MRS; LISB\u00d4A, JAN; NAVARRO, IT. <a style=\"color: #000000\" href=\"http:\/\/www.scielo.br\/pdf\/abmvz\/v61n3\/16.pdf\" target=\"_blank\"><strong>Valores hematol\u00f3gicos de bugios pretos (Alouatta caraya) de vida livre da regi\u00e3o do Alto<\/strong><\/a>. Arquivo Brasileiro de Medicina Veterin\u00e1ria e Zootecnia, v. 61, p. 628-634, 2008.<\/span><\/p>\n","protected":false},"excerpt":{"rendered":"<p>PERNA, PO;\u00a0CHAVES, MMN. O materialismo hist\u00f3rico-dial\u00e9tico e a teoria da interven\u00e7\u00e3o pr\u00e1xica da enfermagem em sa\u00fade coletiva: a demarca\u00e7\u00e3o do &#8216;coletivo&#8217; para a a\u00e7\u00e3o da enfermagem. Trabalho Necess\u00e1rio, v. 6, p. 1-28, 2008. MACEDO, LC; LAROCCA, LM;\u00a0CHAVES, MMN; MAZZA, VA. An\u00e1lise do discurso: uma reflex\u00e3o para pesquisar em sa\u00fade. Interface. Comunica\u00e7\u00e3o, Sa\u00fade e Educa\u00e7\u00e3o, v.<br \/> <a href=\"https:\/\/saude.ufpr.br\/nesc\/artigos-2008\/\" class=\"button success small readmore\">Leia mais<\/a><\/p>\n","protected":false},"author":1583,"featured_media":0,"parent":0,"menu_order":0,"comment_status":"closed","ping_status":"closed","template":"","meta":{"_acf_changed":false,"_uag_custom_page_level_css":"","footnotes":""},"class_list":["post-104","page","type-page","status-publish","hentry"],"acf":[],"featured_image_src":null,"uagb_featured_image_src":{"full":false,"thumbnail":false,"medium":false,"medium_large":false,"large":false,"1536x1536":false,"2048x2048":false,"noticias-thumb":false,"banners-thumb":false,"maisnoticias-thumb":false,"post-thumbnail":false},"uagb_author_info":{"display_name":"guilherme albuquerque","author_link":"https:\/\/saude.ufpr.br\/nesc\/author\/guilherme\/"},"uagb_comment_info":0,"uagb_excerpt":"PERNA, PO;\u00a0CHAVES, MMN. O materialismo hist\u00f3rico-dial\u00e9tico e a teoria da interven\u00e7\u00e3o pr\u00e1xica da enfermagem em sa\u00fade coletiva: a demarca\u00e7\u00e3o do &#8216;coletivo&#8217; para a a\u00e7\u00e3o da enfermagem. Trabalho Necess\u00e1rio, v. 6, p. 1-28, 2008. MACEDO, LC; LAROCCA, LM;\u00a0CHAVES, MMN; MAZZA, VA. An\u00e1lise do discurso: uma reflex\u00e3o para pesquisar em sa\u00fade. Interface. Comunica\u00e7\u00e3o, Sa\u00fade e Educa\u00e7\u00e3o, v.&hellip;","publishpress_future_action":{"enabled":false,"date":"2026-04-11 09:26:14","action":"change-status","newStatus":"draft","terms":[],"taxonomy":"","extraData":[]},"publishpress_future_workflow_manual_trigger":{"enabledWorkflows":[]},"_links":{"self":[{"href":"https:\/\/saude.ufpr.br\/nesc\/wp-json\/wp\/v2\/pages\/104","targetHints":{"allow":["GET"]}}],"collection":[{"href":"https:\/\/saude.ufpr.br\/nesc\/wp-json\/wp\/v2\/pages"}],"about":[{"href":"https:\/\/saude.ufpr.br\/nesc\/wp-json\/wp\/v2\/types\/page"}],"author":[{"embeddable":true,"href":"https:\/\/saude.ufpr.br\/nesc\/wp-json\/wp\/v2\/users\/1583"}],"replies":[{"embeddable":true,"href":"https:\/\/saude.ufpr.br\/nesc\/wp-json\/wp\/v2\/comments?post=104"}],"version-history":[{"count":1,"href":"https:\/\/saude.ufpr.br\/nesc\/wp-json\/wp\/v2\/pages\/104\/revisions"}],"predecessor-version":[{"id":106,"href":"https:\/\/saude.ufpr.br\/nesc\/wp-json\/wp\/v2\/pages\/104\/revisions\/106"}],"wp:attachment":[{"href":"https:\/\/saude.ufpr.br\/nesc\/wp-json\/wp\/v2\/media?parent=104"}],"curies":[{"name":"wp","href":"https:\/\/api.w.org\/{rel}","templated":true}]}}