{"id":115,"date":"2016-04-08T12:41:19","date_gmt":"2016-04-08T12:41:19","guid":{"rendered":"https:\/\/saude.ufpr.br\/nesc\/?page_id=115"},"modified":"2016-04-08T12:41:19","modified_gmt":"2016-04-08T12:41:19","slug":"artigos-2003","status":"publish","type":"page","link":"https:\/\/saude.ufpr.br\/nesc\/artigos-2003\/","title":{"rendered":"Artigos 2003"},"content":{"rendered":"<p style=\"text-align: justify\"><span style=\"color: #000000\">LACERDA, MR;\u00a0CHAVES, MMN; LAROCCA, LM; PINTO, MNGHR; GIACOMIZZI, CM; ANDRADE, F. <strong><a style=\"color: #000000\" href=\"http:\/\/www.nepae.uff.br\/siteantigo\/objn201giacomozzietal.htm\" target=\"_blank\">Desenvolvimento de um Centro de Cuidados de Enfermagem<\/a><\/strong>. Online Brazilian Journal of Nursing, v. 02, n. 1, 2003.<\/span><\/p>\n<p style=\"text-align: justify\"><span style=\"color: #000000\">LAROCCA, LM; MAZZA, VA. <strong><a style=\"color: #000000\" href=\"http:\/\/seer.ufrgs.br\/RevistaGauchadeEnfermagem\/article\/viewFile\/4470\/2404\" target=\"_blank\">Habermas e Paulo Freire: referenciais te\u00f3ricos para o estudo da comunica\u00e7\u00e3o em Enfermagem<\/a><\/strong>. Revista Ga\u00facha de Enfermagem, v. 24, n. 2, p. 169-176, 2003.<\/span><\/p>\n<p style=\"text-align: justify\"><span style=\"color: #000000\">PEREIRA, OEDG; ATHAYDE, JL. <strong>A Interven\u00e7\u00e3o do Centro Metropolitano de Apoio \u00e0 Sa\u00fade do Trabalhador no Processo de Produ\u00e7\u00e3o Industrial<\/strong>. Revista Brasileira de Toxicologia, v. 16, p. 231-231, 2003.<\/span><\/p>\n","protected":false},"excerpt":{"rendered":"<p>LACERDA, MR;\u00a0CHAVES, MMN; LAROCCA, LM; PINTO, MNGHR; GIACOMIZZI, CM; ANDRADE, F. Desenvolvimento de um Centro de Cuidados de Enfermagem. Online Brazilian Journal of Nursing, v. 02, n. 1, 2003. LAROCCA, LM; MAZZA, VA. Habermas e Paulo Freire: referenciais te\u00f3ricos para o estudo da comunica\u00e7\u00e3o em Enfermagem. Revista Ga\u00facha de Enfermagem, v. 24, n. 2, p.<br \/> <a href=\"https:\/\/saude.ufpr.br\/nesc\/artigos-2003\/\" class=\"button success small readmore\">Leia mais<\/a><\/p>\n","protected":false},"author":1583,"featured_media":0,"parent":0,"menu_order":0,"comment_status":"closed","ping_status":"closed","template":"","meta":{"_acf_changed":false,"_uag_custom_page_level_css":"","footnotes":""},"class_list":["post-115","page","type-page","status-publish","hentry"],"acf":[],"featured_image_src":null,"uagb_featured_image_src":{"full":false,"thumbnail":false,"medium":false,"medium_large":false,"large":false,"1536x1536":false,"2048x2048":false,"noticias-thumb":false,"banners-thumb":false,"maisnoticias-thumb":false,"post-thumbnail":false},"uagb_author_info":{"display_name":"guilherme albuquerque","author_link":"https:\/\/saude.ufpr.br\/nesc\/author\/guilherme\/"},"uagb_comment_info":0,"uagb_excerpt":"LACERDA, MR;\u00a0CHAVES, MMN; LAROCCA, LM; PINTO, MNGHR; GIACOMIZZI, CM; ANDRADE, F. Desenvolvimento de um Centro de Cuidados de Enfermagem. Online Brazilian Journal of Nursing, v. 02, n. 1, 2003. LAROCCA, LM; MAZZA, VA. Habermas e Paulo Freire: referenciais te\u00f3ricos para o estudo da comunica\u00e7\u00e3o em Enfermagem. Revista Ga\u00facha de Enfermagem, v. 24, n. 2, p.&hellip;","publishpress_future_action":{"enabled":false,"date":"2026-04-11 09:26:14","action":"change-status","newStatus":"draft","terms":[],"taxonomy":"","extraData":[]},"publishpress_future_workflow_manual_trigger":{"enabledWorkflows":[]},"_links":{"self":[{"href":"https:\/\/saude.ufpr.br\/nesc\/wp-json\/wp\/v2\/pages\/115","targetHints":{"allow":["GET"]}}],"collection":[{"href":"https:\/\/saude.ufpr.br\/nesc\/wp-json\/wp\/v2\/pages"}],"about":[{"href":"https:\/\/saude.ufpr.br\/nesc\/wp-json\/wp\/v2\/types\/page"}],"author":[{"embeddable":true,"href":"https:\/\/saude.ufpr.br\/nesc\/wp-json\/wp\/v2\/users\/1583"}],"replies":[{"embeddable":true,"href":"https:\/\/saude.ufpr.br\/nesc\/wp-json\/wp\/v2\/comments?post=115"}],"version-history":[{"count":1,"href":"https:\/\/saude.ufpr.br\/nesc\/wp-json\/wp\/v2\/pages\/115\/revisions"}],"predecessor-version":[{"id":116,"href":"https:\/\/saude.ufpr.br\/nesc\/wp-json\/wp\/v2\/pages\/115\/revisions\/116"}],"wp:attachment":[{"href":"https:\/\/saude.ufpr.br\/nesc\/wp-json\/wp\/v2\/media?parent=115"}],"curies":[{"name":"wp","href":"https:\/\/api.w.org\/{rel}","templated":true}]}}