{"id":12,"date":"2015-07-27T16:43:01","date_gmt":"2015-07-27T16:43:01","guid":{"rendered":"https:\/\/saude.ufpr.br\/nesc\/?page_id=12"},"modified":"2017-09-12T18:54:51","modified_gmt":"2017-09-12T18:54:51","slug":"producao","status":"publish","type":"page","link":"https:\/\/saude.ufpr.br\/nesc\/producao\/","title":{"rendered":"Produ\u00e7\u00e3o"},"content":{"rendered":"<ul>\n<li><span style=\"color: #0000ff;\"><strong><a href=\"https:\/\/saude.ufpr.br\/nesc\/producao\/monografias\/\" target=\"_blank\" rel=\"noopener\">Monografias|Resid\u00eancia e Especializa\u00e7\u00e3o<\/a><\/strong><\/span><\/li>\n<li><span style=\"color: #0000ff;\"><strong><a href=\"https:\/\/saude.ufpr.br\/nesc\/dissertacoes-e-tesesprofessores-nesc\/\" target=\"_blank\" rel=\"noopener\">Disserta\u00e7\u00f5es e Teses|Professores NESC<\/a><\/strong><\/span><\/li>\n<li><span style=\"color: #0000ff;\"><strong><a href=\"https:\/\/saude.ufpr.br\/nesc\/artigos-2014\/\" target=\"_blank\" rel=\"noopener\">Artigos 2014<\/a><\/strong><\/span><\/li>\n<li><span style=\"color: #0000ff;\"><strong><a href=\"https:\/\/saude.ufpr.br\/nesc\/artigos-2013\/\" target=\"_blank\" rel=\"noopener\">Artigos 2013<\/a><\/strong><\/span><\/li>\n<li><span style=\"color: #0000ff;\"><strong><a href=\"https:\/\/saude.ufpr.br\/nesc\/artigos-2012\/\" target=\"_blank\" rel=\"noopener\">Artigos 2012<\/a><\/strong><\/span><\/li>\n<li><span style=\"color: #0000ff;\"><strong><a href=\"https:\/\/saude.ufpr.br\/nesc\/arigos-2011\/\" target=\"_blank\" rel=\"noopener\">Artigos 2011<\/a><\/strong><\/span><\/li>\n<li><span style=\"color: #0000ff;\"><strong><a href=\"https:\/\/saude.ufpr.br\/nesc\/artigos-2010\/\" target=\"_blank\" rel=\"noopener\">Artigos 2010<\/a><\/strong><\/span><\/li>\n<li><span style=\"color: #0000ff;\"><strong><a href=\"https:\/\/saude.ufpr.br\/nesc\/artigos-2009\/\" target=\"_blank\" rel=\"noopener\">Artigos 2009<\/a><\/strong><\/span><\/li>\n<li><span style=\"color: #0000ff;\"><strong><a href=\"https:\/\/saude.ufpr.br\/nesc\/artigos-2008\/\" target=\"_blank\" rel=\"noopener\">Artigos 2008<\/a><\/strong><\/span><\/li>\n<li><span style=\"color: #0000ff;\"><strong><a href=\"https:\/\/saude.ufpr.br\/nesc\/artigos-2007\/\" target=\"_blank\" rel=\"noopener\">Artigos 2007<\/a><\/strong><\/span><\/li>\n<li><span style=\"color: #0000ff;\"><strong><a href=\"https:\/\/saude.ufpr.br\/nesc\/artigos-2006\/\" target=\"_blank\" rel=\"noopener\">Artigos 2006<\/a><\/strong><\/span><\/li>\n<li><span style=\"color: #0000ff;\"><strong><a href=\"https:\/\/saude.ufpr.br\/nesc\/artigos-2005\/\" target=\"_blank\" rel=\"noopener\">Artigos 2005<\/a><\/strong><\/span><\/li>\n<li><span style=\"color: #0000ff;\"><strong><a href=\"https:\/\/saude.ufpr.br\/nesc\/artigos-2004\/\" target=\"_blank\" rel=\"noopener\">Artigos 2004<\/a><\/strong><\/span><\/li>\n<li><span style=\"color: #0000ff;\"><strong><a href=\"https:\/\/saude.ufpr.br\/nesc\/artigos-2003\/\" target=\"_blank\" rel=\"noopener\">Artigos 2003<\/a><\/strong><\/span><\/li>\n<li><span style=\"color: #0000ff;\"><strong><a href=\"https:\/\/saude.ufpr.br\/nesc\/artigos-2002\/\" target=\"_blank\" rel=\"noopener\">Artigos 2002<\/a><\/strong><\/span><\/li>\n<li><span style=\"color: #0000ff;\"><strong><a href=\"https:\/\/saude.ufpr.br\/nesc\/artigo-2001\/\" target=\"_blank\" rel=\"noopener\">Artigos 2001<\/a><\/strong><\/span><\/li>\n<li><span style=\"color: #0000ff;\"><strong><a href=\"https:\/\/saude.ufpr.br\/nesc\/artigos-2000\/\" target=\"_blank\" rel=\"noopener\">Artigos 2000<\/a><\/strong><\/span><\/li>\n<\/ul>\n<h5><span style=\"color: #0000ff;\"><strong>\u00a0<\/strong><\/span><\/h5>\n<h5><span style=\"color: #0000ff;\"><strong>\u00a0<\/strong><\/span><\/h5>\n","protected":false},"excerpt":{"rendered":"<p>Monografias|Resid\u00eancia e Especializa\u00e7\u00e3o Disserta\u00e7\u00f5es e Teses|Professores NESC Artigos 2014 Artigos 2013 Artigos 2012 Artigos 2011 Artigos 2010 Artigos 2009 Artigos 2008 Artigos 2007 Artigos 2006 Artigos 2005 Artigos 2004 Artigos 2003 Artigos 2002 Artigos 2001 Artigos 2000 \u00a0 \u00a0<\/p>\n","protected":false},"author":15,"featured_media":0,"parent":0,"menu_order":0,"comment_status":"open","ping_status":"open","template":"","meta":{"_acf_changed":false,"_uag_custom_page_level_css":"","footnotes":""},"class_list":["post-12","page","type-page","status-publish","hentry"],"acf":[],"featured_image_src":null,"uagb_featured_image_src":{"full":false,"thumbnail":false,"medium":false,"medium_large":false,"large":false,"1536x1536":false,"2048x2048":false,"noticias-thumb":false,"banners-thumb":false,"maisnoticias-thumb":false,"post-thumbnail":false},"uagb_author_info":{"display_name":"Andrea Jankoski","author_link":"https:\/\/saude.ufpr.br\/nesc\/author\/andrea\/"},"uagb_comment_info":0,"uagb_excerpt":"Monografias|Resid\u00eancia e Especializa\u00e7\u00e3o Disserta\u00e7\u00f5es e Teses|Professores NESC Artigos 2014 Artigos 2013 Artigos 2012 Artigos 2011 Artigos 2010 Artigos 2009 Artigos 2008 Artigos 2007 Artigos 2006 Artigos 2005 Artigos 2004 Artigos 2003 Artigos 2002 Artigos 2001 Artigos 2000 \u00a0 \u00a0","publishpress_future_action":{"enabled":false,"date":"2026-04-11 08:09:43","action":"change-status","newStatus":"draft","terms":[],"taxonomy":"","extraData":[]},"publishpress_future_workflow_manual_trigger":{"enabledWorkflows":[]},"_links":{"self":[{"href":"https:\/\/saude.ufpr.br\/nesc\/wp-json\/wp\/v2\/pages\/12","targetHints":{"allow":["GET"]}}],"collection":[{"href":"https:\/\/saude.ufpr.br\/nesc\/wp-json\/wp\/v2\/pages"}],"about":[{"href":"https:\/\/saude.ufpr.br\/nesc\/wp-json\/wp\/v2\/types\/page"}],"author":[{"embeddable":true,"href":"https:\/\/saude.ufpr.br\/nesc\/wp-json\/wp\/v2\/users\/15"}],"replies":[{"embeddable":true,"href":"https:\/\/saude.ufpr.br\/nesc\/wp-json\/wp\/v2\/comments?post=12"}],"version-history":[{"count":21,"href":"https:\/\/saude.ufpr.br\/nesc\/wp-json\/wp\/v2\/pages\/12\/revisions"}],"predecessor-version":[{"id":979,"href":"https:\/\/saude.ufpr.br\/nesc\/wp-json\/wp\/v2\/pages\/12\/revisions\/979"}],"wp:attachment":[{"href":"https:\/\/saude.ufpr.br\/nesc\/wp-json\/wp\/v2\/media?parent=12"}],"curies":[{"name":"wp","href":"https:\/\/api.w.org\/{rel}","templated":true}]}}