{"id":121,"date":"2016-04-08T12:42:06","date_gmt":"2016-04-08T12:42:06","guid":{"rendered":"https:\/\/saude.ufpr.br\/nesc\/?page_id=121"},"modified":"2016-04-08T12:42:06","modified_gmt":"2016-04-08T12:42:06","slug":"artigos-2000","status":"publish","type":"page","link":"https:\/\/saude.ufpr.br\/nesc\/artigos-2000\/","title":{"rendered":"Artigos 2000"},"content":{"rendered":"<p style=\"text-align: justify\"><span style=\"color: #000000\">CHAVES, MMN; CUNHA, KC. <strong>Concep\u00e7\u00f5es de usus\u00e1rios de servi\u00e7o local de sa\u00fade de uma comunidade agroindustrial sobre o processo sa\u00fade-doen\u00e7a<\/strong>. Texto &amp; Contexto. Enfermagem, Florian\u00f3polis, v. 9, n. 2, p. 849-863, 2000.<\/span><\/p>\n<p style=\"text-align: justify\"><span style=\"color: #000000\">LAROCCA, LM; CARRARO, TE. <strong>O agir comunicativo na sala de vacinas: saberes e fazeres necess\u00e1rios \u00e0 pr\u00e1tica de Enfermagem<\/strong>. Texto &amp; Contexto. Enfermagem, v. 9, n. 2, p. 812-823, 2000.<\/span><\/p>\n<p style=\"text-align: justify\"><span style=\"color: #000000\">LAROCCA, LM; CARRARO, TE. <strong>O mundo das vacinas &#8211; caminhos desconhecidos<\/strong>. Cogitare Enfermagem (UFPR), v. 5, n. 2, p. 43-50, 2000.<\/span><\/p>\n","protected":false},"excerpt":{"rendered":"<p>CHAVES, MMN; CUNHA, KC. Concep\u00e7\u00f5es de usus\u00e1rios de servi\u00e7o local de sa\u00fade de uma comunidade agroindustrial sobre o processo sa\u00fade-doen\u00e7a. Texto &amp; Contexto. Enfermagem, Florian\u00f3polis, v. 9, n. 2, p. 849-863, 2000. LAROCCA, LM; CARRARO, TE. O agir comunicativo na sala de vacinas: saberes e fazeres necess\u00e1rios \u00e0 pr\u00e1tica de Enfermagem. Texto &amp; Contexto. Enfermagem,<br \/> <a href=\"https:\/\/saude.ufpr.br\/nesc\/artigos-2000\/\" class=\"button success small readmore\">Leia mais<\/a><\/p>\n","protected":false},"author":1583,"featured_media":0,"parent":0,"menu_order":0,"comment_status":"closed","ping_status":"closed","template":"","meta":{"_acf_changed":false,"_uag_custom_page_level_css":"","footnotes":""},"class_list":["post-121","page","type-page","status-publish","hentry"],"acf":[],"featured_image_src":null,"uagb_featured_image_src":{"full":false,"thumbnail":false,"medium":false,"medium_large":false,"large":false,"1536x1536":false,"2048x2048":false,"noticias-thumb":false,"banners-thumb":false,"maisnoticias-thumb":false,"post-thumbnail":false},"uagb_author_info":{"display_name":"guilherme albuquerque","author_link":"https:\/\/saude.ufpr.br\/nesc\/author\/guilherme\/"},"uagb_comment_info":0,"uagb_excerpt":"CHAVES, MMN; CUNHA, KC. Concep\u00e7\u00f5es de usus\u00e1rios de servi\u00e7o local de sa\u00fade de uma comunidade agroindustrial sobre o processo sa\u00fade-doen\u00e7a. Texto &amp; Contexto. Enfermagem, Florian\u00f3polis, v. 9, n. 2, p. 849-863, 2000. LAROCCA, LM; CARRARO, TE. O agir comunicativo na sala de vacinas: saberes e fazeres necess\u00e1rios \u00e0 pr\u00e1tica de Enfermagem. Texto &amp; Contexto. Enfermagem,&hellip;","publishpress_future_action":{"enabled":false,"date":"2026-04-11 12:18:55","action":"change-status","newStatus":"draft","terms":[],"taxonomy":"","extraData":[]},"publishpress_future_workflow_manual_trigger":{"enabledWorkflows":[]},"_links":{"self":[{"href":"https:\/\/saude.ufpr.br\/nesc\/wp-json\/wp\/v2\/pages\/121","targetHints":{"allow":["GET"]}}],"collection":[{"href":"https:\/\/saude.ufpr.br\/nesc\/wp-json\/wp\/v2\/pages"}],"about":[{"href":"https:\/\/saude.ufpr.br\/nesc\/wp-json\/wp\/v2\/types\/page"}],"author":[{"embeddable":true,"href":"https:\/\/saude.ufpr.br\/nesc\/wp-json\/wp\/v2\/users\/1583"}],"replies":[{"embeddable":true,"href":"https:\/\/saude.ufpr.br\/nesc\/wp-json\/wp\/v2\/comments?post=121"}],"version-history":[{"count":1,"href":"https:\/\/saude.ufpr.br\/nesc\/wp-json\/wp\/v2\/pages\/121\/revisions"}],"predecessor-version":[{"id":122,"href":"https:\/\/saude.ufpr.br\/nesc\/wp-json\/wp\/v2\/pages\/121\/revisions\/122"}],"wp:attachment":[{"href":"https:\/\/saude.ufpr.br\/nesc\/wp-json\/wp\/v2\/media?parent=121"}],"curies":[{"name":"wp","href":"https:\/\/api.w.org\/{rel}","templated":true}]}}