{"id":373,"date":"2016-12-19T12:13:18","date_gmt":"2016-12-19T12:13:18","guid":{"rendered":"https:\/\/saude.ufpr.br\/nesc\/?page_id=373"},"modified":"2017-09-12T16:31:54","modified_gmt":"2017-09-12T16:31:54","slug":"2007-2","status":"publish","type":"page","link":"https:\/\/saude.ufpr.br\/nesc\/eventos\/2007-2\/","title":{"rendered":"2007"},"content":{"rendered":"<ul>\n<li><strong><a href=\"https:\/\/saude.ufpr.br\/nesc\/confraternizacao-nesc\/\" target=\"_blank\" rel=\"noopener\">Avalia\u00e7\u00e3o Resid\u00eancia em Colombo<\/a><\/strong><\/li>\n<li><strong><a href=\"https:\/\/saude.ufpr.br\/nesc\/seminario-universidad-andina-simon-bolivar-quito-equador\/\" target=\"_blank\" rel=\"noopener\">Semin\u00e1rio Universidad Andina Sim\u00f3n Bol\u00edvar \u2013 Quito, Equador<\/a><\/strong><\/li>\n<\/ul>\n","protected":false},"excerpt":{"rendered":"<p>Avalia\u00e7\u00e3o Resid\u00eancia em Colombo Semin\u00e1rio Universidad Andina Sim\u00f3n Bol\u00edvar \u2013 Quito, Equador<\/p>\n","protected":false},"author":1583,"featured_media":0,"parent":10,"menu_order":0,"comment_status":"closed","ping_status":"closed","template":"","meta":{"_acf_changed":false,"_uag_custom_page_level_css":"","footnotes":""},"class_list":["post-373","page","type-page","status-publish","hentry"],"acf":[],"featured_image_src":null,"uagb_featured_image_src":{"full":false,"thumbnail":false,"medium":false,"medium_large":false,"large":false,"1536x1536":false,"2048x2048":false,"noticias-thumb":false,"banners-thumb":false,"maisnoticias-thumb":false,"post-thumbnail":false},"uagb_author_info":{"display_name":"guilherme albuquerque","author_link":"https:\/\/saude.ufpr.br\/nesc\/author\/guilherme\/"},"uagb_comment_info":0,"uagb_excerpt":"Avalia\u00e7\u00e3o Resid\u00eancia em Colombo Semin\u00e1rio Universidad Andina Sim\u00f3n Bol\u00edvar \u2013 Quito, Equador","publishpress_future_action":{"enabled":false,"date":"2026-04-11 08:09:42","action":"change-status","newStatus":"draft","terms":[],"taxonomy":"","extraData":[]},"publishpress_future_workflow_manual_trigger":{"enabledWorkflows":[]},"_links":{"self":[{"href":"https:\/\/saude.ufpr.br\/nesc\/wp-json\/wp\/v2\/pages\/373","targetHints":{"allow":["GET"]}}],"collection":[{"href":"https:\/\/saude.ufpr.br\/nesc\/wp-json\/wp\/v2\/pages"}],"about":[{"href":"https:\/\/saude.ufpr.br\/nesc\/wp-json\/wp\/v2\/types\/page"}],"author":[{"embeddable":true,"href":"https:\/\/saude.ufpr.br\/nesc\/wp-json\/wp\/v2\/users\/1583"}],"replies":[{"embeddable":true,"href":"https:\/\/saude.ufpr.br\/nesc\/wp-json\/wp\/v2\/comments?post=373"}],"version-history":[{"count":4,"href":"https:\/\/saude.ufpr.br\/nesc\/wp-json\/wp\/v2\/pages\/373\/revisions"}],"predecessor-version":[{"id":895,"href":"https:\/\/saude.ufpr.br\/nesc\/wp-json\/wp\/v2\/pages\/373\/revisions\/895"}],"up":[{"embeddable":true,"href":"https:\/\/saude.ufpr.br\/nesc\/wp-json\/wp\/v2\/pages\/10"}],"wp:attachment":[{"href":"https:\/\/saude.ufpr.br\/nesc\/wp-json\/wp\/v2\/media?parent=373"}],"curies":[{"name":"wp","href":"https:\/\/api.w.org\/{rel}","templated":true}]}}