{"id":55,"date":"2016-03-31T20:12:16","date_gmt":"2016-03-31T20:12:16","guid":{"rendered":"https:\/\/saude.ufpr.br\/nesc\/?page_id=55"},"modified":"2017-09-12T17:26:48","modified_gmt":"2017-09-12T17:26:48","slug":"2014-2","status":"publish","type":"page","link":"https:\/\/saude.ufpr.br\/nesc\/eventos\/2014-2\/","title":{"rendered":"2014"},"content":{"rendered":"<ul>\n<li><a href=\"https:\/\/saude.ufpr.br\/nesc\/seminario-agrotoxicos-saude-ambiente-cascavel\/\" target=\"_blank\" rel=\"noopener\"><strong>Semin\u00e1rio: Agrot\u00f3xicos, Sa\u00fade, Ambiente \u2013 Cascavel<\/strong><\/a><\/li>\n<li><a href=\"https:\/\/saude.ufpr.br\/nesc\/13a-expoepi-mostra-nacional-de-experiencias-bem-sucedidas-em-epidemiologia-prevencao-e-controle-de-doencas\/\" target=\"_blank\" rel=\"noopener\"><strong>13\u00aa EXPOEPI \u2013 Mostra Nacional de Experi\u00eancias Bem-Sucedidas em Epidemiologia, Preven\u00e7\u00e3o e Controle de Doen\u00e7as<\/strong><\/a><\/li>\n<li><a href=\"https:\/\/saude.ufpr.br\/nesc\/ii-seminario-assedio-moral\/\" target=\"_blank\" rel=\"noopener\"><strong>II Semin\u00e1rio Ass\u00e9dio Moral<\/strong><\/a><\/li>\n<li><a href=\"https:\/\/saude.ufpr.br\/nesc\/evento-de-extensao-minicurso-o-desenvolvimento-integral-do-psiquismo-e-a-saude-coletiva\/\" target=\"_blank\" rel=\"noopener\"><strong>Evento de Extens\u00e3o \u2013 Minicurso: O desenvolvimento Integral do Psiquismo e a Sa\u00fade Coletiva<\/strong><\/a><\/li>\n<\/ul>\n","protected":false},"excerpt":{"rendered":"<p>Semin\u00e1rio: Agrot\u00f3xicos, Sa\u00fade, Ambiente \u2013 Cascavel 13\u00aa EXPOEPI \u2013 Mostra Nacional de Experi\u00eancias Bem-Sucedidas em Epidemiologia, Preven\u00e7\u00e3o e Controle de Doen\u00e7as II Semin\u00e1rio Ass\u00e9dio Moral Evento de Extens\u00e3o \u2013 Minicurso: O desenvolvimento Integral do Psiquismo e a Sa\u00fade Coletiva<\/p>\n","protected":false},"author":15,"featured_media":0,"parent":10,"menu_order":0,"comment_status":"closed","ping_status":"closed","template":"","meta":{"_acf_changed":false,"_uag_custom_page_level_css":"","footnotes":""},"class_list":["post-55","page","type-page","status-publish","hentry"],"acf":[],"featured_image_src":null,"uagb_featured_image_src":{"full":false,"thumbnail":false,"medium":false,"medium_large":false,"large":false,"1536x1536":false,"2048x2048":false,"noticias-thumb":false,"banners-thumb":false,"maisnoticias-thumb":false,"post-thumbnail":false},"uagb_author_info":{"display_name":"Andrea Jankoski","author_link":"https:\/\/saude.ufpr.br\/nesc\/author\/andrea\/"},"uagb_comment_info":0,"uagb_excerpt":"Semin\u00e1rio: Agrot\u00f3xicos, Sa\u00fade, Ambiente \u2013 Cascavel 13\u00aa EXPOEPI \u2013 Mostra Nacional de Experi\u00eancias Bem-Sucedidas em Epidemiologia, Preven\u00e7\u00e3o e Controle de Doen\u00e7as II Semin\u00e1rio Ass\u00e9dio Moral Evento de Extens\u00e3o \u2013 Minicurso: O desenvolvimento Integral do Psiquismo e a Sa\u00fade Coletiva","publishpress_future_action":{"enabled":false,"date":"2026-04-11 09:26:14","action":"change-status","newStatus":"draft","terms":[],"taxonomy":"","extraData":[]},"publishpress_future_workflow_manual_trigger":{"enabledWorkflows":[]},"_links":{"self":[{"href":"https:\/\/saude.ufpr.br\/nesc\/wp-json\/wp\/v2\/pages\/55","targetHints":{"allow":["GET"]}}],"collection":[{"href":"https:\/\/saude.ufpr.br\/nesc\/wp-json\/wp\/v2\/pages"}],"about":[{"href":"https:\/\/saude.ufpr.br\/nesc\/wp-json\/wp\/v2\/types\/page"}],"author":[{"embeddable":true,"href":"https:\/\/saude.ufpr.br\/nesc\/wp-json\/wp\/v2\/users\/15"}],"replies":[{"embeddable":true,"href":"https:\/\/saude.ufpr.br\/nesc\/wp-json\/wp\/v2\/comments?post=55"}],"version-history":[{"count":7,"href":"https:\/\/saude.ufpr.br\/nesc\/wp-json\/wp\/v2\/pages\/55\/revisions"}],"predecessor-version":[{"id":917,"href":"https:\/\/saude.ufpr.br\/nesc\/wp-json\/wp\/v2\/pages\/55\/revisions\/917"}],"up":[{"embeddable":true,"href":"https:\/\/saude.ufpr.br\/nesc\/wp-json\/wp\/v2\/pages\/10"}],"wp:attachment":[{"href":"https:\/\/saude.ufpr.br\/nesc\/wp-json\/wp\/v2\/media?parent=55"}],"curies":[{"name":"wp","href":"https:\/\/api.w.org\/{rel}","templated":true}]}}