{"id":898,"date":"2019-07-01T15:30:37","date_gmt":"2019-07-01T18:30:37","guid":{"rendered":"https:\/\/saude.ufpr.br\/nutricao\/?page_id=898"},"modified":"2019-08-15T16:00:55","modified_gmt":"2019-08-15T19:00:55","slug":"comemoracao","status":"publish","type":"page","link":"https:\/\/saude.ufpr.br\/nutricao\/comemoracao\/","title":{"rendered":""},"content":{"rendered":"<h2 style=\"text-align: center\"><strong>EVENTOS DE CELEBRA\u00c7\u00c3O DOS 40 ANOS DO CURSO DE NUTRI\u00c7\u00c3O<\/strong><\/h2>\n<p>Tendo sido constitu\u00eddo pela Resolu\u00e7\u00e3o n.\u00ba 06\/1979 \u2013 COUN, o Curso de Nutri\u00e7\u00e3o da UFPR est\u00e1 completando 40 anos de cria\u00e7\u00e3o em 2019 e de efetiva implementa\u00e7\u00e3o em 2020. Sendo o primeiro do Paran\u00e1, o anivers\u00e1rio do curso marca tamb\u00e9m a celebra\u00e7\u00e3o de 40 anos de atua\u00e7\u00e3o da Nutri\u00e7\u00e3o em nosso Estado. A comunidade acad\u00eamica (discentes, servidores docentes, t\u00e9cnicos administrativos e funcion\u00e1rios terceirizados) celebra os in\u00fameros sucessos do Curso olhando para o futuro reverenciando \u00e0queles que por aqui passaram e deixaram sua contribui\u00e7\u00e3o na consolida\u00e7\u00e3o hist\u00f3rica da Nutri\u00e7\u00e3o na UFPR e no Estado do Paran\u00e1.\u00a0Desse modo, com muita honra convidamos todas e todos a participarem dos eventos de abertura das comemora\u00e7\u00f5es, a serem realizados conforme cronograma abaixo:<\/p>\n<p>&nbsp;<\/p>\n<p><strong>Evento: <em>40 anos de hist\u00f3ria da Nutri\u00e7\u00e3o na UFPR e no Paran\u00e1<\/em><\/strong><\/p>\n<p><strong>Data:<\/strong> 26 de agosto de 2019<\/p>\n<p><strong>Local:<\/strong> Audit\u00f3rio Gralha Azul do Setor de Ci\u00eancias da Sa\u00fade, Av. Prefeito Loth\u00e1rio Meissner, 632 \u2013 Jardim Bot\u00e2nico \u2013 Curitiba \u2013 Paran\u00e1<\/p>\n<p><strong>Programa\u00e7\u00e3o: <\/strong><\/p>\n<table style=\"height: 168px\" width=\"961\">\n<tbody>\n<tr>\n<td style=\"text-align: center\" width=\"130\"><strong>Hor\u00e1rio<\/strong><\/td>\n<td style=\"text-align: center\" width=\"446\"><strong>Atividade<\/strong><\/td>\n<\/tr>\n<tr>\n<td style=\"text-align: center\" width=\"130\">08h30<\/td>\n<td width=\"446\">Credenciamento e lanche de boas-vindas<\/td>\n<\/tr>\n<tr>\n<td style=\"text-align: center\" width=\"130\">09h30<\/td>\n<td width=\"446\">Composi\u00e7\u00e3o da mesa de abertura do evento<\/td>\n<\/tr>\n<tr>\n<td style=\"text-align: center\" width=\"130\">10h30<\/td>\n<td width=\"446\">Confer\u00eancia: 40 anos do Curso de Nutri\u00e7\u00e3o da UFPR (Prof\u00aa Dr\u00aa Sila Mary Rodrigues Ferreira)<\/td>\n<\/tr>\n<tr>\n<td style=\"text-align: center\" width=\"130\">11h30<\/td>\n<td width=\"446\">Premia\u00e7\u00e3o do Logotipo Comemorativo dos 40 anos<\/td>\n<\/tr>\n<tr>\n<td style=\"text-align: center\" width=\"130\">12h00<\/td>\n<td width=\"446\">Almo\u00e7o comemorativo no Restaurante Universit\u00e1rio<\/td>\n<\/tr>\n<\/tbody>\n<\/table>\n<p>&nbsp;<\/p>\n<p><strong>Evento:<em> Jantar Comemorativo aos 40 anos da Nutri\u00e7\u00e3o na UFPR e no Paran\u00e1<\/em><\/strong><\/p>\n<p><strong>Data:<\/strong> 30 de agosto de 2019<\/p>\n<p><strong>Local:<\/strong> Restaurante Madalosso . Av. Manoel Ribas, 5875 &#8211; Santa Felicidade, Curitiba &#8211; Paran\u00e1<\/p>\n<p><strong>Valor:<\/strong> R$55,00 (incluso \u00e1gua, refrigerante e vinho das casa, al\u00e9m do card\u00e1pio tradicional)<\/p>\n<p>O pagamento dever\u00e1 ser realizado na chegada ao local do evento.<\/p>\n<p><strong>Favor confirmar presen\u00e7a em:<\/strong> (41) 3360-4056 ou ufpr.nutricao@gmail.com<\/p>\n","protected":false},"excerpt":{"rendered":"<p>EVENTOS DE CELEBRA\u00c7\u00c3O DOS 40 ANOS DO CURSO DE NUTRI\u00c7\u00c3O Tendo sido constitu\u00eddo pela Resolu\u00e7\u00e3o n.\u00ba 06\/1979 \u2013 COUN, o Curso de Nutri\u00e7\u00e3o da UFPR est\u00e1 completando 40 anos de cria\u00e7\u00e3o em 2019 e de efetiva implementa\u00e7\u00e3o em 2020. Sendo o primeiro do Paran\u00e1, o anivers\u00e1rio do curso marca tamb\u00e9m a celebra\u00e7\u00e3o de 40 anos<br \/> <a href=\"https:\/\/saude.ufpr.br\/nutricao\/comemoracao\/\" class=\"button success small readmore\">Leia mais<\/a><\/p>\n","protected":false},"author":1633,"featured_media":0,"parent":0,"menu_order":0,"comment_status":"closed","ping_status":"closed","template":"","meta":{"_acf_changed":false,"_uag_custom_page_level_css":"","footnotes":""},"class_list":["post-898","page","type-page","status-publish","hentry"],"acf":[],"featured_image_src":null,"uagb_featured_image_src":{"full":false,"thumbnail":false,"medium":false,"medium_large":false,"large":false,"1536x1536":false,"2048x2048":false,"noticias-thumb":false,"banners-thumb":false,"maisnoticias-thumb":false,"post-thumbnail":false},"uagb_author_info":{"display_name":"reginalang","author_link":"https:\/\/saude.ufpr.br\/nutricao\/author\/reginalang\/"},"uagb_comment_info":0,"uagb_excerpt":"EVENTOS DE CELEBRA\u00c7\u00c3O DOS 40 ANOS DO CURSO DE NUTRI\u00c7\u00c3O Tendo sido constitu\u00eddo pela Resolu\u00e7\u00e3o n.\u00ba 06\/1979 \u2013 COUN, o Curso de Nutri\u00e7\u00e3o da UFPR est\u00e1 completando 40 anos de cria\u00e7\u00e3o em 2019 e de efetiva implementa\u00e7\u00e3o em 2020. Sendo o primeiro do Paran\u00e1, o anivers\u00e1rio do curso marca tamb\u00e9m a celebra\u00e7\u00e3o de 40 anos&hellip;","publishpress_future_action":{"enabled":false,"date":"2026-05-02 18:57:13","action":"change-status","newStatus":"draft","terms":[],"taxonomy":"","extraData":[]},"publishpress_future_workflow_manual_trigger":{"enabledWorkflows":[]},"_links":{"self":[{"href":"https:\/\/saude.ufpr.br\/nutricao\/wp-json\/wp\/v2\/pages\/898","targetHints":{"allow":["GET"]}}],"collection":[{"href":"https:\/\/saude.ufpr.br\/nutricao\/wp-json\/wp\/v2\/pages"}],"about":[{"href":"https:\/\/saude.ufpr.br\/nutricao\/wp-json\/wp\/v2\/types\/page"}],"author":[{"embeddable":true,"href":"https:\/\/saude.ufpr.br\/nutricao\/wp-json\/wp\/v2\/users\/1633"}],"replies":[{"embeddable":true,"href":"https:\/\/saude.ufpr.br\/nutricao\/wp-json\/wp\/v2\/comments?post=898"}],"version-history":[{"count":10,"href":"https:\/\/saude.ufpr.br\/nutricao\/wp-json\/wp\/v2\/pages\/898\/revisions"}],"predecessor-version":[{"id":1144,"href":"https:\/\/saude.ufpr.br\/nutricao\/wp-json\/wp\/v2\/pages\/898\/revisions\/1144"}],"wp:attachment":[{"href":"https:\/\/saude.ufpr.br\/nutricao\/wp-json\/wp\/v2\/media?parent=898"}],"curies":[{"name":"wp","href":"https:\/\/api.w.org\/{rel}","templated":true}]}}