{"id":8,"date":"2015-08-04T16:59:41","date_gmt":"2015-08-04T16:59:41","guid":{"rendered":"https:\/\/saude.ufpr.br\/observatorio\/?page_id=8"},"modified":"2020-08-21T18:37:02","modified_gmt":"2020-08-21T21:37:02","slug":"pesquisadores","status":"publish","type":"page","link":"https:\/\/saude.ufpr.br\/observatorio\/pesquisadores\/","title":{"rendered":"Projetos em andamento"},"content":{"rendered":"<table style=\"height: 888px\" width=\"804\">\n<tbody>\n<tr>\n<td width=\"473\">\n<p style=\"text-align: center\"><strong>Pesquisas em Andamento<\/strong><\/p>\n<\/td>\n<td width=\"236\">\n<p style=\"text-align: center\"><strong>Autor (es)<\/strong><\/p>\n<\/td>\n<\/tr>\n<tr>\n<td width=\"473\">Sofrimento mental e suic\u00eddio de trabalhadores da agricultura convencional e agroecol\u00f3gica.<\/td>\n<td width=\"236\">\n<p style=\"text-align: center\">Michelle Correa Netto Machado &#8211; Gradua\u00e7\u00e3o em Psicologia<\/p>\n<\/td>\n<tr>\n<td width=\"473\">Perda Auditiva Relacionada a Exposi\u00e7\u00e3o de Agrot\u00f3xicos.<\/td>\n<td width=\"236\">\n<p style=\"text-align: center\">Emerson &#8211; Gradua\u00e7\u00e3o em Medicina<\/p>\n<\/td>\n<\/tr>\n<tr>\n<td width=\"473\">Sinas e Sintomas de Intoxica\u00e7\u00e3o por Agrot\u00f3xicos entre Agricultores de um Assentamento<\/td>\n<td width=\"236\">\n<p style=\"text-align: center\">Gabriela e Audrey &#8211; Gradua\u00e7\u00e3o em Medicina<\/p>\n<\/td>\n<\/tr>\n<tr>\n<td width=\"473\">Aborto e Exposi\u00e7\u00e3o a Agrot\u00f3xicos<\/td>\n<td width=\"236\">\n<p style=\"text-align: center\">Marina &#8211; Gradua\u00e7\u00e3o em Medicina<\/p>\n<\/td>\n<\/tr>\n<tr>\n<td width=\"473\">Diferen\u00e7as de Nutrientes Entre Morango Agroecol\u00f3gico e o Convencional<\/td>\n<td width=\"236\">\n<p style=\"text-align: center\">Ana &#8211; Gradua\u00e7\u00e3o em Medicina<\/p>\n<\/td>\n<\/tr>\n<tr>\n<td width=\"473\">An\u00e1lise de Dados de Contamina\u00e7\u00e3o da \u00c1gua por Agrot\u00f3xicos<\/td>\n<td width=\"236\">\n<p style=\"text-align: center\">Everton Vin\u00edcius &#8211; Gradua\u00e7\u00e3o em Medicina<\/p>\n<\/td>\n<\/tr>\n<tr>\n<td width=\"473\">Identifica\u00e7\u00e3o de T\u00e9cnicas de Cultivo Agroecol\u00f3gico entre Agricultores de um Assentamento.<\/td>\n<td width=\"236\">\n<p style=\"text-align: center\">Jaqueline &#8211; Gradua\u00e7\u00e3o em Medicina<\/p>\n<\/td>\n<\/tr>\n<tr>\n<td width=\"473\">Morbidades Relacionadas a Exposi\u00e7\u00e3o de agrot\u00f3xicos em um Assentamento Contestado<\/td>\n<td width=\"236\">\n<p style=\"text-align: center\">P\u00e2mela &#8211; P\u00f3s-gradua\u00e7\u00e3o em Sa\u00fade Coletiva<\/p>\n<\/td>\n<\/tr>\n<tr>\n<td width=\"473\">O conhecimento dos Estudantes de Medicina Acerca das Intoxica\u00e7\u00f5es por Agrot\u00f3xicos.<\/td>\n<td width=\"236\">\n<p style=\"text-align: center\">Marlen \u2013 P\u00f3s-gradua\u00e7\u00e3o em Sa\u00fade Coletiva<\/p>\n<\/td>\n<\/tr>\n<tr>\n<td width=\"473\">Notifica\u00e7\u00f5es das Intoxica\u00e7\u00f5es por Agrot\u00f3xicos no Paran\u00e1.<\/td>\n<td width=\"236\">\n<p style=\"text-align: center\">Bruna \u2013 P\u00f3s-gradua\u00e7\u00e3o em Sa\u00fade Coletiva<\/p>\n<\/td>\n<\/tr>\n<tr>\n<td width=\"473\">Poss\u00edvel Rela\u00e7\u00e3o Entre os casos de C\u00e2ncer e Exposi\u00e7\u00e3o a Agrot\u00f3xicos em Prudent\u00f3polis \u2013 PR.<\/td>\n<td width=\"236\">\n<p style=\"text-align: center\">Renan &#8211; Gradua\u00e7\u00e3o em Medicina<\/p>\n<\/td>\n<\/tr>\n<tr>\n<td width=\"473\">Agrot\u00f3xicos em Solo e Morango<\/td>\n<td width=\"236\">\n<p style=\"text-align: center\">Fernanda \u2013 P\u00f3s-gradua\u00e7\u00e3o<\/p>\n<\/td>\n<\/tr>\n<\/tbody>\n<\/table>\n","protected":false},"excerpt":{"rendered":"<p>Pesquisas em Andamento Autor (es) Sofrimento mental e suic\u00eddio de trabalhadores da agricultura convencional e agroecol\u00f3gica. Michelle Correa Netto Machado &#8211; Gradua\u00e7\u00e3o em Psicologia Perda Auditiva Relacionada a Exposi\u00e7\u00e3o de Agrot\u00f3xicos. Emerson &#8211; Gradua\u00e7\u00e3o em Medicina Sinas e Sintomas de Intoxica\u00e7\u00e3o por Agrot\u00f3xicos entre Agricultores de um Assentamento Gabriela e Audrey &#8211; Gradua\u00e7\u00e3o em Medicina<br \/> <a href=\"https:\/\/saude.ufpr.br\/observatorio\/pesquisadores\/\" class=\"button success small readmore\">Leia mais<\/a><\/p>\n","protected":false},"author":15,"featured_media":0,"parent":0,"menu_order":0,"comment_status":"open","ping_status":"open","template":"","meta":{"_acf_changed":false,"_uag_custom_page_level_css":"","footnotes":""},"class_list":["post-8","page","type-page","status-publish","hentry"],"acf":[],"featured_image_src":null,"uagb_featured_image_src":{"full":false,"thumbnail":false,"medium":false,"medium_large":false,"large":false,"1536x1536":false,"2048x2048":false,"noticias-thumb":false,"banners-thumb":false,"maisnoticias-thumb":false,"post-thumbnail":false},"uagb_author_info":{"display_name":"Andrea Jankoski","author_link":"https:\/\/saude.ufpr.br\/observatorio\/author\/andrea\/"},"uagb_comment_info":0,"uagb_excerpt":"Pesquisas em Andamento Autor (es) Sofrimento mental e suic\u00eddio de trabalhadores da agricultura convencional e agroecol\u00f3gica. Michelle Correa Netto Machado &#8211; Gradua\u00e7\u00e3o em Psicologia Perda Auditiva Relacionada a Exposi\u00e7\u00e3o de Agrot\u00f3xicos. Emerson &#8211; Gradua\u00e7\u00e3o em Medicina Sinas e Sintomas de Intoxica\u00e7\u00e3o por Agrot\u00f3xicos entre Agricultores de um Assentamento Gabriela e Audrey &#8211; Gradua\u00e7\u00e3o em Medicina&hellip;","publishpress_future_action":{"enabled":false,"date":"2026-04-21 22:51:09","action":"change-status","newStatus":"draft","terms":[],"taxonomy":"","extraData":[]},"publishpress_future_workflow_manual_trigger":{"enabledWorkflows":[]},"_links":{"self":[{"href":"https:\/\/saude.ufpr.br\/observatorio\/wp-json\/wp\/v2\/pages\/8","targetHints":{"allow":["GET"]}}],"collection":[{"href":"https:\/\/saude.ufpr.br\/observatorio\/wp-json\/wp\/v2\/pages"}],"about":[{"href":"https:\/\/saude.ufpr.br\/observatorio\/wp-json\/wp\/v2\/types\/page"}],"author":[{"embeddable":true,"href":"https:\/\/saude.ufpr.br\/observatorio\/wp-json\/wp\/v2\/users\/15"}],"replies":[{"embeddable":true,"href":"https:\/\/saude.ufpr.br\/observatorio\/wp-json\/wp\/v2\/comments?post=8"}],"version-history":[{"count":6,"href":"https:\/\/saude.ufpr.br\/observatorio\/wp-json\/wp\/v2\/pages\/8\/revisions"}],"predecessor-version":[{"id":1328,"href":"https:\/\/saude.ufpr.br\/observatorio\/wp-json\/wp\/v2\/pages\/8\/revisions\/1328"}],"wp:attachment":[{"href":"https:\/\/saude.ufpr.br\/observatorio\/wp-json\/wp\/v2\/media?parent=8"}],"curies":[{"name":"wp","href":"https:\/\/api.w.org\/{rel}","templated":true}]}}