{"id":68,"date":"2015-12-14T12:46:31","date_gmt":"2015-12-14T12:46:31","guid":{"rendered":"https:\/\/saude.ufpr.br\/odontologia\/?page_id=68"},"modified":"2024-06-27T16:34:28","modified_gmt":"2024-06-27T19:34:28","slug":"atendimento","status":"publish","type":"page","link":"https:\/\/saude.ufpr.br\/odontologia\/atendimento\/","title":{"rendered":"Atendimento Odontol\u00f3gico"},"content":{"rendered":"<div><\/div>\n<div><\/div>\n<p><span style=\"color: #ff0000\"><strong>Informa\u00e7\u00f5es sobre atendimento odontol\u00f3gico EXCLUSIVAMENTE pelos seguintes n\u00fameros:<\/strong><\/span><\/p>\n<div><\/div>\n<p><span style=\"color: #ff0000\"><strong>Telefone: (41) 3360-4030\u00a0<\/strong><\/span><\/p>\n<p><span style=\"color: #ff0000\"><strong>Whatsapp: (41) 3360-4059\u00a0<\/strong><\/span><\/p>\n<p><span style=\"color: #ff0000\"><strong>**Podem haver demoras devido \u00e0 alta demanda.<\/strong><\/span><\/p>\n<div><\/div>\n<div><\/div>\n<div><strong>ATEN\u00c7\u00c3O:<\/strong><\/div>\n<div>O atendimento de pacientes \u00e9 realizado no per\u00edodo de aulas, de acordo com o calend\u00e1rio acad\u00eamico, e nos hor\u00e1rios de cada disciplina.<\/div>\n<div>Os procedimentos odontol\u00f3gicos s\u00e3o realizados pelos alunos do curso de Odontologia, sob a orienta\u00e7\u00e3o de professores.<\/div>\n<div><\/div>\n<hr \/>\n<table width=\"100%\">\n<tbody>\n<tr>\n<td>\n<h4><span style=\"color: #800000\"><strong>Pronto-Atendimento Odontol\u00f3gico para Urg\u00eancias<\/strong><\/span><\/h4>\n<\/td>\n<\/tr>\n<tr>\n<td>O Atendimento \u00e9 priorit\u00e1rio para pacientes com\u00a0<strong>dor dent\u00e1ria<\/strong>.<\/p>\n<p>No per\u00edodo da manh\u00e3 o paciente dever\u00e1 chegar \u00e0s\u00a08h e no per\u00edodo da tarde \u00e0s 13h.<\/p>\n<p><em>O Pronto-Atendimento <strong>N\u00c3O<\/strong> funciona 24 horas. <\/em><\/p>\n<p><em>Depende do calend\u00e1rio das aulas do Curso de Odontologia.<\/em><\/td>\n<\/tr>\n<\/tbody>\n<\/table>\n<hr \/>\n<h4><span style=\"color: #800000\"><strong>Documenta\u00e7\u00e3o necess\u00e1ria para abertura do prontu\u00e1rio<\/strong><\/span><\/h4>\n\n<table id=\"tablepress-27\" class=\"tablepress tablepress-id-27\">\n<tbody class=\"row-striping row-hover\">\n<tr class=\"row-1\">\n\t<td class=\"column-1\">RG (original)<\/td>\n<\/tr>\n<tr class=\"row-2\">\n\t<td class=\"column-1\">CPF<\/td>\n<\/tr>\n<tr class=\"row-3\">\n\t<td class=\"column-1\">N\u00famero de Telefone Fixo e\/ou M\u00f3vel<\/td>\n<\/tr>\n<tr class=\"row-4\">\n\t<td class=\"column-1\">Paciente menor de 18 anos deve vir acompanhado pelo respons\u00e1vel legal munido de RG (documento original) e\/ou certid\u00e3o de nascimento (documento original).<\/td>\n<\/tr>\n<\/tbody>\n<\/table>\n<!-- #tablepress-27 from cache -->\n<hr \/>\n<h4><span style=\"color: #800000\"><strong>Perguntas frequentes<\/strong><\/span><\/h4>\n\n<table id=\"tablepress-24\" class=\"tablepress tablepress-id-24\">\n<tbody class=\"row-striping row-hover\">\n<tr class=\"row-1\">\n\t<td class=\"column-1\">Como eu fa\u00e7o para conseguir uma vaga para atendimento odontol\u00f3gico?<br \/>\n<br \/>\nR: Primeiro voc\u00ea vai ser submetido a uma triagem odontol\u00f3gica.<\/td>\n<\/tr>\n<tr class=\"row-2\">\n\t<td class=\"column-1\">O que \u00e9 triagem odontol\u00f3gica?<br \/>\n<br \/>\nR: \u00c9 o diagn\u00f3stico e o encaminhamento do paciente para ser atendido pela disciplina de sua necessidade.<\/td>\n<\/tr>\n<tr class=\"row-3\">\n\t<td class=\"column-1\">Quando \u00e9 feita a triagem?<br \/>\n<br \/>\nR: As triagens ter\u00e3o fluxos em datas pr\u00e9-definidas, conforme as necessidades de pacientes nas disciplinas.<\/td>\n<\/tr>\n<tr class=\"row-4\">\n\t<td class=\"column-1\">Feito a triagem eu vou ser chamado em seguida.<br \/>\n<br \/>\nR: N\u00e3o, os pacientes triados ser\u00e3o colocados em fila de espera onde aguardar\u00e3o a chamada de acordo com as necessidades das disciplinas.<\/td>\n<\/tr>\n<tr class=\"row-5\">\n\t<td class=\"column-1\">Qual \u00e9 o hor\u00e1rio de atendimento?<br \/>\n<br \/>\nR: Das 8h \u00e0s 18h.<\/td>\n<\/tr>\n<tr class=\"row-6\">\n\t<td class=\"column-1\">Eu tenho que comprovar renda para ser atendido?<br \/>\n<br \/>\nR: N\u00e3o, o servi\u00e7o \u00e9 p\u00fablico.<\/td>\n<\/tr>\n<tr class=\"row-7\">\n\t<td class=\"column-1\">Tem atendimento odontol\u00f3gico para crian\u00e7as?<br \/>\nR: Sim.<br \/>\n<br \/>\nAs crian\u00e7as de 5 a 11 anos ser\u00e3o encaminhadas \u00e0 Disciplina de Odontopediatria.<\/td>\n<\/tr>\n<tr class=\"row-8\">\n\t<td class=\"column-1\">Voc\u00eas fazem todo tipo de tratamento aqui?<br \/>\n<br \/>\nR: N\u00e3o.<\/td>\n<\/tr>\n<tr class=\"row-9\">\n\t<td class=\"column-1\">Voc\u00eas colocam aparelho ortod\u00f4ntico?<br \/>\n<br \/>\nLigar para 3360-4141 e falar com a Marina para obter maiores informa\u00e7\u00f5es.<\/td>\n<\/tr>\n<tr class=\"row-10\">\n\t<td class=\"column-1\">Eu tenho dor na articula\u00e7\u00e3o, o que eu fa\u00e7o?<br \/>\n<br \/>\nR: Voc\u00ea deve comparecer ao servi\u00e7o de triagem portando um encaminhamento assinado por um Cirurgi\u00e3o-Dentista ou M\u00e9dico que solicitou o atendimento pela disciplina.<\/td>\n<\/tr>\n<tr class=\"row-11\">\n\t<td class=\"column-1\">Eu posso escolher os hor\u00e1rios em que eu quero ser atendido?<br \/>\n<br \/>\nR: N\u00e3o.<\/td>\n<\/tr>\n<tr class=\"row-12\">\n\t<td class=\"column-1\">O primeiro aluno que me atender ser\u00e1 o mesmo que me acompanhar\u00e1 at\u00e9 o final do tratamento?<br \/>\n<br \/>\nR: N\u00e3o.<\/td>\n<\/tr>\n<tr class=\"row-13\">\n\t<td class=\"column-1\">Os professores acompanham o tratamento?<br \/>\n<br \/>\nR: Sim.<\/td>\n<\/tr>\n<tr class=\"row-14\">\n\t<td class=\"column-1\">S\u00f3 alunos atendem, ou Cirurgi\u00f5es-Dentistas tamb\u00e9m prestam atendimento?<br \/>\n<br \/>\nR: Alunos atendem pacientes somente na gradua\u00e7\u00e3o.<br \/>\n<br \/>\nCirurgi\u00f5es-Dentistas atendem pacientes nos cursos de especializa\u00e7\u00e3o e no mestrado.<\/td>\n<\/tr>\n<tr class=\"row-15\">\n\t<td class=\"column-1\">Eu posso escolher por quem eu quero ser atendido?<br \/>\n<br \/>\nR: N\u00e3o.<\/td>\n<\/tr>\n<tr class=\"row-16\">\n\t<td class=\"column-1\">O meu caso pode ser apresentado em congresso e eventos cient\u00edficos?<br \/>\n<br \/>\nR: Sim.<\/td>\n<\/tr>\n<tr class=\"row-17\">\n\t<td class=\"column-1\">Eu tenho que assinar algum termo de responsabilidade em rela\u00e7\u00e3o a meu atendimento e documenta\u00e7\u00f5es?<br \/>\n<br \/>\nR: Sim.<\/td>\n<\/tr>\n<tr class=\"row-18\">\n\t<td class=\"column-1\">Se eu precisar apenas dos servi\u00e7os de radiologia, eu terei algum custo?<br \/>\n<br \/>\nR: N\u00e3o, por\u00e9m \u00e9 obrigat\u00f3rio o encaminhamento por escrito via SUS.<\/td>\n<\/tr>\n<\/tbody>\n<\/table>\n<!-- #tablepress-24 from cache -->\n<hr \/>\n<h4><span style=\"color: #800000\"><strong>Como eu fa\u00e7o para chegar a\u00ed de \u00f4nibus?<\/strong><\/span><\/h4>\n\n<table id=\"tablepress-25\" class=\"tablepress tablepress-id-25\">\n<tbody class=\"row-striping row-hover\">\n<tr class=\"row-1\">\n\t<td class=\"column-1\">Se voc\u00ea pegar o ligeirinho Centen\u00e1rio ou o ligeirinho Centro Polit\u00e9cnico voc\u00ea vai descer na esta\u00e7\u00e3o Tubo Jardim-Bot\u00e2nico<\/td>\n<\/tr>\n<tr class=\"row-2\">\n\t<td class=\"column-1\">Articulado Cabral - Port\u00e3o, voc\u00ea vai descer no Santu\u00e1rio Nossa senhora de Lourdes em frente ao Parque Jardim Bot\u00e2nico.<\/td>\n<\/tr>\n<tr class=\"row-3\">\n\t<td class=\"column-1\">A partir da Pra\u00e7a Carlos Gomes; a linha Solitude, a partir da Pra\u00e7a Rui Barbosa; as linhas: Santa B\u00e1rbara, Jardim Petr\u00f3polis, voc\u00ea vai descer na Escola Ecum\u00eanica ao lado do Parque jardim Bot\u00e2nico<\/td>\n<\/tr>\n<tr class=\"row-4\">\n\t<td class=\"column-1\">Do terminal do Guadalupe; as linhas: Posto Paris, Jardim Independ\u00eancia, Jardim Isaura, jardim Ip\u00ea e jardim Guatup\u00ea, voc\u00ea vai descer em frente \u00e0 Central de Medicamentos do Estado do Paran\u00e1 ao lado do Jardim Bot\u00e2nico.<\/td>\n<\/tr>\n<tr class=\"row-5\">\n\t<td class=\"column-1\">As linhas de biarticulado Pinhais - Rui Barbosa e Centen\u00e1rio - Campo Comprido tem como para a esta\u00e7\u00e3o tubo Jardim Bot\u00e2nico. A partir de l\u00e1 \u00e9 poss\u00edvel cruzar o parque Jardim Bot\u00e2nico para chegar ao Campus Bot\u00e2nico da UFPR<\/td>\n<\/tr>\n<\/tbody>\n<\/table>\n<!-- #tablepress-25 from cache -->\n<p>&nbsp;<\/p>\n","protected":false},"excerpt":{"rendered":"<p>Informa\u00e7\u00f5es sobre atendimento odontol\u00f3gico EXCLUSIVAMENTE pelos seguintes n\u00fameros: Telefone: (41) 3360-4030\u00a0 Whatsapp: (41) 3360-4059\u00a0 **Podem haver demoras devido \u00e0 alta demanda. ATEN\u00c7\u00c3O: O atendimento de pacientes \u00e9 realizado no per\u00edodo de aulas, de acordo com o calend\u00e1rio acad\u00eamico, e nos [&hellip;]<\/p>\n","protected":false},"author":14,"featured_media":0,"parent":0,"menu_order":0,"comment_status":"open","ping_status":"open","template":"","meta":{"_acf_changed":false,"_uag_custom_page_level_css":"","footnotes":""},"class_list":["post-68","page","type-page","status-publish","hentry"],"acf":[],"featured_image_src":null,"uagb_featured_image_src":{"full":false,"thumbnail":false,"medium":false,"medium_large":false,"large":false,"1536x1536":false,"2048x2048":false},"uagb_author_info":{"display_name":"ullisses","author_link":"https:\/\/saude.ufpr.br\/odontologia\/author\/ullisses\/"},"uagb_comment_info":0,"uagb_excerpt":"Informa\u00e7\u00f5es sobre atendimento odontol\u00f3gico EXCLUSIVAMENTE pelos seguintes n\u00fameros: Telefone: (41) 3360-4030\u00a0 Whatsapp: (41) 3360-4059\u00a0 **Podem haver demoras devido \u00e0 alta demanda. ATEN\u00c7\u00c3O: O atendimento de pacientes \u00e9 realizado no per\u00edodo de aulas, de acordo com o calend\u00e1rio acad\u00eamico, e nos [&hellip;]","publishpress_future_action":{"enabled":false,"date":"2026-05-01 09:35:55","action":"change-status","newStatus":"draft","terms":[],"taxonomy":"","extraData":[]},"publishpress_future_workflow_manual_trigger":{"enabledWorkflows":[]},"_links":{"self":[{"href":"https:\/\/saude.ufpr.br\/odontologia\/wp-json\/wp\/v2\/pages\/68","targetHints":{"allow":["GET"]}}],"collection":[{"href":"https:\/\/saude.ufpr.br\/odontologia\/wp-json\/wp\/v2\/pages"}],"about":[{"href":"https:\/\/saude.ufpr.br\/odontologia\/wp-json\/wp\/v2\/types\/page"}],"author":[{"embeddable":true,"href":"https:\/\/saude.ufpr.br\/odontologia\/wp-json\/wp\/v2\/users\/14"}],"replies":[{"embeddable":true,"href":"https:\/\/saude.ufpr.br\/odontologia\/wp-json\/wp\/v2\/comments?post=68"}],"version-history":[{"count":52,"href":"https:\/\/saude.ufpr.br\/odontologia\/wp-json\/wp\/v2\/pages\/68\/revisions"}],"predecessor-version":[{"id":3601,"href":"https:\/\/saude.ufpr.br\/odontologia\/wp-json\/wp\/v2\/pages\/68\/revisions\/3601"}],"wp:attachment":[{"href":"https:\/\/saude.ufpr.br\/odontologia\/wp-json\/wp\/v2\/media?parent=68"}],"curies":[{"name":"wp","href":"https:\/\/api.w.org\/{rel}","templated":true}]}}