{"id":397,"date":"2019-08-08T15:29:38","date_gmt":"2019-08-08T15:29:38","guid":{"rendered":"https:\/\/saude.ufpr.br\/ortodontia\/?page_id=397"},"modified":"2024-08-31T11:46:43","modified_gmt":"2024-08-31T11:46:43","slug":"home","status":"publish","type":"page","link":"https:\/\/saude.ufpr.br\/ortodontia\/","title":{"rendered":"Resultado da Sele\u00e7\u00e3o para 14a Turma de Especializa\u00e7\u00e3o em Ortodontia (2024-2027) &#8211; UFPR"},"content":{"rendered":"<p class=\"p1\"><strong>CANDIDATOS APROVADOS (por ordem de classifica\u00e7\u00e3o)<\/strong><\/p>\n<p class=\"p1\">1 &#8211; Rafael Zancan Mobile (bolsista)<\/p>\n<p class=\"p1\">2 &#8211; Rebeca Alves Lins de Albuquerque (bolsista)<\/p>\n<p class=\"p1\">3 &#8211; Isabella Christina Costa Quadras<\/p>\n<p class=\"p1\">4 &#8211; Luana Aparecida Jendik<\/p>\n<p class=\"p1\">5 &#8211; Ingrid Burkoth Sanchez<\/p>\n<p class=\"p1\">6 &#8211; Ana Carolina Heinen<\/p>\n<p class=\"p1\">7 &#8211; Bruna Correia Rauta Pires<\/p>\n<p class=\"p1\">8 &#8211; Julia de Souza SantAnna<\/p>\n<p class=\"p1\">9 &#8211; Pedro Henrique Paulista Vieira<\/p>\n<p class=\"p1\">10 &#8211; Maria Fernanda de Oliveira Buss<\/p>\n<p class=\"p1\">11 &#8211; Matheus Malinoski<\/p>\n<p class=\"p1\">12 &#8211; Ellen Priscila Barankievicz Jazecki<\/p>\n<p>&nbsp;<\/p>\n<p class=\"p1\"><strong>LISTA DE ESPERA (por ordem de classifica\u00e7\u00e3o)<\/strong><\/p>\n<p class=\"p1\">1 &#8211; Izabellen Taynara Artigas Kozowski<\/p>\n<p class=\"p1\">2 &#8211; Thisyani Herrero Fazio<\/p>\n<p class=\"p1\">3 &#8211; Ana Gabriela Ulbrich<\/p>\n<p class=\"p1\">4 &#8211; Aline Fernanda Siegrist<\/p>\n<p class=\"p1\">5 &#8211; Thiago Emanuel Costa de Rezende<\/p>\n<p class=\"p1\">6 &#8211; Rogerio Guaita Oliveira<\/p>\n<p class=\"p1\">7 &#8211; Fernanda Feij\u00f3 dos Santos Weirich<\/p>\n<p class=\"p1\">8 &#8211; Jorge de Paula Lima Saldanha<\/p>\n<p>&nbsp;<\/p>\n<p class=\"p1\">Os candidatos aprovados receber\u00e3o por e-mail no dia 02\/09\/24 um formul\u00e1rio para efetiva\u00e7\u00e3o da matr\u00edcula que dever\u00e1 ser preenchido e devolvido at\u00e9 o dia 06\/09\/24.<\/p>\n<p class=\"p1\">As vagas remanescentes ser\u00e3o preenchidas pelos candidatos em Lista de Espera por ordem de classifica\u00e7\u00e3o. A convoca\u00e7\u00e3o ser\u00e1 realizada por e-mail.<\/p>\n<p class=\"p1\">O Curso ter\u00e1 in\u00edcio no dia 20\/09\/24.<\/p>\n<p>&nbsp;<\/p>\n<p class=\"p1\">Curitiba, 30 de agosto de 2024.<\/p>\n<p>&nbsp;<\/p>\n<p class=\"p1\">Prof. Dr. Ricardo Moresca<\/p>\n","protected":false},"excerpt":{"rendered":"<p>CANDIDATOS APROVADOS (por ordem de classifica\u00e7\u00e3o) 1 &#8211; Rafael Zancan Mobile (bolsista) 2 &#8211; Rebeca Alves Lins de Albuquerque (bolsista) 3 &#8211; Isabella Christina Costa Quadras 4 &#8211; Luana Aparecida Jendik 5 &#8211; Ingrid Burkoth Sanchez 6 &#8211; Ana Carolina Heinen 7 &#8211; Bruna Correia Rauta Pires 8 &#8211; Julia de Souza SantAnna 9 &#8211;<br \/> <a href=\"https:\/\/saude.ufpr.br\/ortodontia\/\" class=\"button success small readmore\">Leia mais<\/a><\/p>\n","protected":false},"author":1586,"featured_media":0,"parent":0,"menu_order":0,"comment_status":"closed","ping_status":"closed","template":"","meta":{"_acf_changed":false,"_uag_custom_page_level_css":"","footnotes":""},"class_list":["post-397","page","type-page","status-publish","hentry"],"acf":[],"featured_image_src":null,"uagb_featured_image_src":{"full":false,"thumbnail":false,"medium":false,"medium_large":false,"large":false,"1536x1536":false,"2048x2048":false,"noticias-thumb":false,"banners-thumb":false,"maisnoticias-thumb":false,"post-thumbnail":false},"uagb_author_info":{"display_name":"ortodontia","author_link":"https:\/\/saude.ufpr.br\/ortodontia\/author\/ortodontia\/"},"uagb_comment_info":0,"uagb_excerpt":"CANDIDATOS APROVADOS (por ordem de classifica\u00e7\u00e3o) 1 &#8211; Rafael Zancan Mobile (bolsista) 2 &#8211; Rebeca Alves Lins de Albuquerque (bolsista) 3 &#8211; Isabella Christina Costa Quadras 4 &#8211; Luana Aparecida Jendik 5 &#8211; Ingrid Burkoth Sanchez 6 &#8211; Ana Carolina Heinen 7 &#8211; Bruna Correia Rauta Pires 8 &#8211; Julia de Souza SantAnna 9 &#8211;&hellip;","publishpress_future_action":{"enabled":false,"date":"2026-04-10 20:32:04","action":"change-status","newStatus":"draft","terms":[],"taxonomy":"","extraData":[]},"publishpress_future_workflow_manual_trigger":{"enabledWorkflows":[]},"_links":{"self":[{"href":"https:\/\/saude.ufpr.br\/ortodontia\/wp-json\/wp\/v2\/pages\/397","targetHints":{"allow":["GET"]}}],"collection":[{"href":"https:\/\/saude.ufpr.br\/ortodontia\/wp-json\/wp\/v2\/pages"}],"about":[{"href":"https:\/\/saude.ufpr.br\/ortodontia\/wp-json\/wp\/v2\/types\/page"}],"author":[{"embeddable":true,"href":"https:\/\/saude.ufpr.br\/ortodontia\/wp-json\/wp\/v2\/users\/1586"}],"replies":[{"embeddable":true,"href":"https:\/\/saude.ufpr.br\/ortodontia\/wp-json\/wp\/v2\/comments?post=397"}],"version-history":[{"count":44,"href":"https:\/\/saude.ufpr.br\/ortodontia\/wp-json\/wp\/v2\/pages\/397\/revisions"}],"predecessor-version":[{"id":517,"href":"https:\/\/saude.ufpr.br\/ortodontia\/wp-json\/wp\/v2\/pages\/397\/revisions\/517"}],"wp:attachment":[{"href":"https:\/\/saude.ufpr.br\/ortodontia\/wp-json\/wp\/v2\/media?parent=397"}],"curies":[{"name":"wp","href":"https:\/\/api.w.org\/{rel}","templated":true}]}}