{"id":56,"date":"2016-06-24T13:51:40","date_gmt":"2016-06-24T13:51:40","guid":{"rendered":"https:\/\/saude.ufpr.br\/ortodontia\/?page_id=56"},"modified":"2019-07-26T14:12:24","modified_gmt":"2019-07-26T14:12:24","slug":"conteudo","status":"publish","type":"page","link":"https:\/\/saude.ufpr.br\/ortodontia\/conteudo\/","title":{"rendered":"Conte\u00fado"},"content":{"rendered":"<p>&nbsp;<\/p>\n<p>&nbsp;<\/p>\n<ul>\n<li style=\"text-align: left\"><span style=\"color: #000000\">O papel do Cirurgi\u00e3o-Dentista na Sociedade Moderna. Evolu\u00e7\u00e3o da Odontologia<\/span><\/li>\n<li style=\"text-align: left\"><span style=\"color: #000000\">Mercado de trabalho. Distribui\u00e7\u00e3o geogr\u00e1fica dos Cirurgi\u00f5es-Dentistas no Paran\u00e1 x Crescimento Populacional<\/span><\/li>\n<li style=\"text-align: left\"><span style=\"color: #000000\">A\u00e7\u00e3o e Responsabilidade Social. Comunidade<\/span><\/li>\n<li style=\"text-align: left\"><span style=\"color: #000000\">Impostos. Cuidados Preventivos<\/span><\/li>\n<li style=\"text-align: left\"><span style=\"color: #000000\">Inclus\u00e3o de Pacientes na Odontologia<\/span><\/li>\n<li style=\"text-align: left\"><span style=\"color: #000000\">Planejamento da Carreira de Cirurgi\u00e3o-Dentista<\/span><\/li>\n<li style=\"text-align: left\"><span style=\"color: #000000\">Mercado financeiro. Forma\u00e7\u00e3o de Patrim\u00f4nio<\/span><\/li>\n<li style=\"text-align: left\"><span style=\"color: #000000\">Seu Futuro &#8211; Pensando Grande<\/span><\/li>\n<li style=\"text-align: left\"><span style=\"color: #000000\">Marketing em Odontologia<\/span><\/li>\n<li style=\"text-align: left\"><span style=\"color: #000000\">Trabalhando com&#8230; Pessoas<\/span><\/li>\n<li style=\"text-align: left\">Estudar, Trabalhar e Viver no Exterior<\/li>\n<li style=\"text-align: left\"><span style=\"color: #000000\">Exame de Exerc\u00edcio Profissional<\/span><\/li>\n<li>Oportunidade na P\u00f3s-Gradua\u00e7\u00e3o<\/li>\n<li>A Odontologia e o Mundo Digital<\/li>\n<\/ul>\n","protected":false},"excerpt":{"rendered":"<p>&nbsp; &nbsp; O papel do Cirurgi\u00e3o-Dentista na Sociedade Moderna. Evolu\u00e7\u00e3o da Odontologia Mercado de trabalho. Distribui\u00e7\u00e3o geogr\u00e1fica dos Cirurgi\u00f5es-Dentistas no Paran\u00e1 x Crescimento Populacional A\u00e7\u00e3o e Responsabilidade Social. Comunidade Impostos. Cuidados Preventivos Inclus\u00e3o de Pacientes na Odontologia Planejamento da Carreira de Cirurgi\u00e3o-Dentista Mercado financeiro. Forma\u00e7\u00e3o de Patrim\u00f4nio Seu Futuro &#8211; Pensando Grande Marketing em Odontologia<br \/> <a href=\"https:\/\/saude.ufpr.br\/ortodontia\/conteudo\/\" class=\"button success small readmore\">Leia mais<\/a><\/p>\n","protected":false},"author":1587,"featured_media":0,"parent":0,"menu_order":0,"comment_status":"closed","ping_status":"closed","template":"","meta":{"_acf_changed":false,"_uag_custom_page_level_css":"","footnotes":""},"class_list":["post-56","page","type-page","status-publish","hentry"],"acf":[],"featured_image_src":null,"uagb_featured_image_src":{"full":false,"thumbnail":false,"medium":false,"medium_large":false,"large":false,"1536x1536":false,"2048x2048":false,"noticias-thumb":false,"banners-thumb":false,"maisnoticias-thumb":false,"post-thumbnail":false},"uagb_author_info":{"display_name":"","author_link":"https:\/\/saude.ufpr.br\/ortodontia\/author\/"},"uagb_comment_info":0,"uagb_excerpt":"&nbsp; &nbsp; O papel do Cirurgi\u00e3o-Dentista na Sociedade Moderna. Evolu\u00e7\u00e3o da Odontologia Mercado de trabalho. Distribui\u00e7\u00e3o geogr\u00e1fica dos Cirurgi\u00f5es-Dentistas no Paran\u00e1 x Crescimento Populacional A\u00e7\u00e3o e Responsabilidade Social. Comunidade Impostos. Cuidados Preventivos Inclus\u00e3o de Pacientes na Odontologia Planejamento da Carreira de Cirurgi\u00e3o-Dentista Mercado financeiro. Forma\u00e7\u00e3o de Patrim\u00f4nio Seu Futuro &#8211; Pensando Grande Marketing em Odontologia&hellip;","publishpress_future_action":{"enabled":false,"date":"2026-04-10 22:49:01","action":"change-status","newStatus":"draft","terms":[],"taxonomy":"","extraData":[]},"publishpress_future_workflow_manual_trigger":{"enabledWorkflows":[]},"_links":{"self":[{"href":"https:\/\/saude.ufpr.br\/ortodontia\/wp-json\/wp\/v2\/pages\/56","targetHints":{"allow":["GET"]}}],"collection":[{"href":"https:\/\/saude.ufpr.br\/ortodontia\/wp-json\/wp\/v2\/pages"}],"about":[{"href":"https:\/\/saude.ufpr.br\/ortodontia\/wp-json\/wp\/v2\/types\/page"}],"author":[{"embeddable":true,"href":"https:\/\/saude.ufpr.br\/ortodontia\/wp-json\/wp\/v2\/users\/1587"}],"replies":[{"embeddable":true,"href":"https:\/\/saude.ufpr.br\/ortodontia\/wp-json\/wp\/v2\/comments?post=56"}],"version-history":[{"count":7,"href":"https:\/\/saude.ufpr.br\/ortodontia\/wp-json\/wp\/v2\/pages\/56\/revisions"}],"predecessor-version":[{"id":394,"href":"https:\/\/saude.ufpr.br\/ortodontia\/wp-json\/wp\/v2\/pages\/56\/revisions\/394"}],"wp:attachment":[{"href":"https:\/\/saude.ufpr.br\/ortodontia\/wp-json\/wp\/v2\/media?parent=56"}],"curies":[{"name":"wp","href":"https:\/\/api.w.org\/{rel}","templated":true}]}}