{"id":61,"date":"2016-06-24T13:58:37","date_gmt":"2016-06-24T13:58:37","guid":{"rendered":"https:\/\/saude.ufpr.br\/ortodontia\/?page_id=61"},"modified":"2024-07-29T11:04:43","modified_gmt":"2024-07-29T11:04:43","slug":"caracteristicas-do-curso","status":"publish","type":"page","link":"https:\/\/saude.ufpr.br\/ortodontia\/caracteristicas-do-curso\/","title":{"rendered":"Caracter\u00edsticas do curso"},"content":{"rendered":"<p><span style=\"color: #000000\"><strong>Identifica\u00e7\u00e3o do Curso:<\/strong><\/span><\/p>\n<p><span style=\"color: #000000\">Curso de P\u00f3s-Gradua\u00e7\u00e3o em Ortodontia \u2013 Especializa\u00e7\u00e3o<em>\u00a0<\/em>(<em>lato sensu<\/em>)<\/span><\/p>\n<p><span style=\"color: #000000\">Departamento de Odontologia Restauradora \u2013 Setor de Ci\u00eancias da Sa\u00fade<\/span><\/p>\n<p><span style=\"color: #000000\">Universidade Federal do Paran\u00e1<\/span><\/p>\n<p>&nbsp;<\/p>\n<p><span style=\"color: #000000\"><strong>Crit\u00e9rios para obten\u00e7\u00e3o do Certificado:<\/strong><\/span><\/p>\n<p><span style=\"color: #000000\">1- Apresenta\u00e7\u00e3o de Monografia para Banca Examinadora.<\/span><\/p>\n<p><span style=\"color: #000000\">2- Conclus\u00e3o dos casos tratados na cl\u00ednica.<\/span><\/p>\n<p><span style=\"color: #000000\">3- Obten\u00e7\u00e3o de nota m\u00ednima (70) em cada disciplina e frequ\u00eancia m\u00ednima de 75%.<\/span><\/p>\n<p>&nbsp;<\/p>\n<p><span style=\"color: #000000\"><strong>Endere\u00e7o:<\/strong><\/span><\/p>\n<p><span style=\"color: #000000\">Campus Jardim Bot\u00e2nico<\/span><\/p>\n<p><span style=\"color: #000000\">Av. Prefeito Loth\u00e1rio Meissner, N\u00ba 632\u2013 CEP: 80210-170 Curitiba \u2013 PR<\/span><\/p>\n<p><span style=\"color: #000000\">Telefone: (41) 3360-4141<\/span><\/p>\n<p><span style=\"color: #000000\">Email:\u00a0<a style=\"color: #000000\" href=\"mailto:ortodontia@ufpr.br\">ortodontia@ufpr.br<\/a><\/span><\/p>\n","protected":false},"excerpt":{"rendered":"<p>Identifica\u00e7\u00e3o do Curso: Curso de P\u00f3s-Gradua\u00e7\u00e3o em Ortodontia \u2013 Especializa\u00e7\u00e3o\u00a0(lato sensu) Departamento de Odontologia Restauradora \u2013 Setor de Ci\u00eancias da Sa\u00fade Universidade Federal do Paran\u00e1 &nbsp; Crit\u00e9rios para obten\u00e7\u00e3o do Certificado: 1- Apresenta\u00e7\u00e3o de Monografia para Banca Examinadora. 2- Conclus\u00e3o dos casos tratados na cl\u00ednica. 3- Obten\u00e7\u00e3o de nota m\u00ednima (70) em cada disciplina e<br \/> <a href=\"https:\/\/saude.ufpr.br\/ortodontia\/caracteristicas-do-curso\/\" class=\"button success small readmore\">Leia mais<\/a><\/p>\n","protected":false},"author":1615,"featured_media":0,"parent":0,"menu_order":0,"comment_status":"closed","ping_status":"closed","template":"","meta":{"_acf_changed":false,"_uag_custom_page_level_css":"","footnotes":""},"class_list":["post-61","page","type-page","status-publish","hentry"],"acf":[],"featured_image_src":null,"uagb_featured_image_src":{"full":false,"thumbnail":false,"medium":false,"medium_large":false,"large":false,"1536x1536":false,"2048x2048":false,"noticias-thumb":false,"banners-thumb":false,"maisnoticias-thumb":false,"post-thumbnail":false},"uagb_author_info":{"display_name":"Guilherme","author_link":"https:\/\/saude.ufpr.br\/ortodontia\/author\/guilhermematos\/"},"uagb_comment_info":0,"uagb_excerpt":"Identifica\u00e7\u00e3o do Curso: Curso de P\u00f3s-Gradua\u00e7\u00e3o em Ortodontia \u2013 Especializa\u00e7\u00e3o\u00a0(lato sensu) Departamento de Odontologia Restauradora \u2013 Setor de Ci\u00eancias da Sa\u00fade Universidade Federal do Paran\u00e1 &nbsp; Crit\u00e9rios para obten\u00e7\u00e3o do Certificado: 1- Apresenta\u00e7\u00e3o de Monografia para Banca Examinadora. 2- Conclus\u00e3o dos casos tratados na cl\u00ednica. 3- Obten\u00e7\u00e3o de nota m\u00ednima (70) em cada disciplina e&hellip;","publishpress_future_action":{"enabled":false,"date":"2026-04-10 21:47:34","action":"change-status","newStatus":"draft","terms":[],"taxonomy":"","extraData":[]},"publishpress_future_workflow_manual_trigger":{"enabledWorkflows":[]},"_links":{"self":[{"href":"https:\/\/saude.ufpr.br\/ortodontia\/wp-json\/wp\/v2\/pages\/61","targetHints":{"allow":["GET"]}}],"collection":[{"href":"https:\/\/saude.ufpr.br\/ortodontia\/wp-json\/wp\/v2\/pages"}],"about":[{"href":"https:\/\/saude.ufpr.br\/ortodontia\/wp-json\/wp\/v2\/types\/page"}],"author":[{"embeddable":true,"href":"https:\/\/saude.ufpr.br\/ortodontia\/wp-json\/wp\/v2\/users\/1615"}],"replies":[{"embeddable":true,"href":"https:\/\/saude.ufpr.br\/ortodontia\/wp-json\/wp\/v2\/comments?post=61"}],"version-history":[{"count":9,"href":"https:\/\/saude.ufpr.br\/ortodontia\/wp-json\/wp\/v2\/pages\/61\/revisions"}],"predecessor-version":[{"id":458,"href":"https:\/\/saude.ufpr.br\/ortodontia\/wp-json\/wp\/v2\/pages\/61\/revisions\/458"}],"wp:attachment":[{"href":"https:\/\/saude.ufpr.br\/ortodontia\/wp-json\/wp\/v2\/media?parent=61"}],"curies":[{"name":"wp","href":"https:\/\/api.w.org\/{rel}","templated":true}]}}