{"id":84,"date":"2016-06-24T14:04:58","date_gmt":"2016-06-24T14:04:58","guid":{"rendered":"https:\/\/saude.ufpr.br\/ortodontia\/?page_id=84"},"modified":"2024-08-31T11:46:21","modified_gmt":"2024-08-31T11:46:21","slug":"ingresso-no-curso","status":"publish","type":"page","link":"https:\/\/saude.ufpr.br\/ortodontia\/ingresso-no-curso\/","title":{"rendered":"Inscri\u00e7\u00f5es para sele\u00e7\u00e3o &#8211; 14a Turma de Especializa\u00e7\u00e3o em Ortodontia &#8211; UFPR"},"content":{"rendered":"<h3><\/h3>\n<h4 style=\"text-align: center\">UNIVERSIDADE FEDERAL DO PARAN\u00c1<br \/>\nSETOR DE CI\u00caNCIAS DA SA\u00daDE<br \/>\nDEPARTAMENTO DE ODONTOLOGIA RESTAURADORA<\/h4>\n<h4><\/h4>\n<h4 style=\"text-align: center\"><strong>CURSO DE ESPECIALIZA\u00c7\u00c3O EM ORTODONTIA<\/strong><\/h4>\n<h4 style=\"text-align: center\"><strong>\u00a0<\/strong><\/h4>\n<h4 style=\"text-align: center\"><strong>Edital 01\/24 &#8211; CEO-UFPR<\/strong><\/h4>\n<h4 style=\"text-align: center\"><strong>Sele\u00e7\u00e3o para a 14\u00aa Turma (2024-2027)<\/strong><\/h4>\n<p>&nbsp;<\/p>\n<p><strong>\u00a0<\/strong><\/p>\n<p><strong><u>NOSSA MISS\u00c3O<\/u><\/strong><\/p>\n<p>Formar especialistas em Ortodontia altamente qualificados, com s\u00f3lido embasamento nas evid\u00eancias cient\u00edficas recentes, preparados para atuar no mercado de trabalho atual, capacitados a tratar os diferentes tipos de m\u00e1s oclus\u00f5es, compromissados com a excel\u00eancia e dominando com seguran\u00e7a os m\u00e9todos de diagn\u00f3stico e tratamento tradicionais e contempor\u00e2neos.<\/p>\n<p><strong>\u00a0<\/strong><\/p>\n<p><strong><u>EQUIPE DE PROFESSORES<\/u><\/strong><\/p>\n<p>Nosso corpo docente \u00e9 altamente qualificado na forma\u00e7\u00e3o de especialistas em Ortodontia, com larga experi\u00eancia no ensino de p\u00f3s-gradua\u00e7\u00e3o, destacada atua\u00e7\u00e3o no mercado de trabalho e reconhecimento no meio cient\u00edfico.<\/p>\n<p><strong>Ricardo Moresca<br \/>\n<\/strong>Doutor em Ortodontia \u2013 FO USP<br \/>\nMestre em Ortodontia \u2013 UMESP<br \/>\nEspecialista em Ortodontia \u2013 UFPR<br \/>\nProfessor Titular da UFPR<br \/>\nDiplomado pelo Board Brasileiro de Ortodontia &#8211; BBO<br \/>\nVice-presidente da Associa\u00e7\u00e3o Brasileira de Ortodontia \u2013 ABOR<\/p>\n<p><strong>Alexandre Moro<br \/>\n<\/strong>Doutor em Ortodontia \u2013 FOB USP<br \/>\nMestre em Ortodontia \u2013 UMESP<br \/>\nProfessor Titular da UFPR<br \/>\nProfessor Titular da UP<br \/>\nPresidente da Associa\u00e7\u00e3o Brasileira de Ortodontia Sec\u00e7\u00e3o Paran\u00e1 \u2013 ABOR-PR<br \/>\nEditor Cient\u00edfico da Revista Ortho Science<\/p>\n<p><strong>Aguinaldo Farias<br \/>\n<\/strong>Doutor em Ortodontia \u2013 UNESP Ara\u00e7atuba<br \/>\nMestre em Ortodontia \u2013 UNESP Ara\u00e7atuba<br \/>\nEspecialista em Ortodontia \u2013 UFPR<br \/>\nEspecialista em DTM e DOF \u2013 CFO<br \/>\nProfessor Associado da UFPR<br \/>\nPresidente do CRO-PR<\/p>\n<p><strong>Ana Paula Marques Peron<br \/>\n<\/strong>Graduada em Odontologia \u2013 UFPR<br \/>\nEspecialista em Ortodontia \u2013 UFPR<br \/>\nMestre em Ortodontia \u2013 PUC-PR<br \/>\nDoutoranda em Odontologia \u2013 UP<br \/>\nProfessora do Curso de Especializa\u00e7\u00e3o em Ortodontia \u2013 UP<\/p>\n<p><strong>\u00a0<\/strong><strong>Imara Castro Morosini<br \/>\n<\/strong>Graduada em Odontologia \u2013 UFPR<br \/>\nEspecialista em Ortodontia \u2013 UFPR<br \/>\nMestre em Odontologia \u2013 UFPR<br \/>\nProfessora do Curso de Especializa\u00e7\u00e3o em Ortodontia \u2013 UP<br \/>\nVice-presidente da Associa\u00e7\u00e3o Brasileira de Ortodontia Sec\u00e7\u00e3o Paran\u00e1 \u2013 ABOR-PR<\/p>\n<p><strong>Patr\u00edcia Tsukada Polak<br \/>\n<\/strong>Graduada em Odontologia \u2013 UFPR<br \/>\nEspecialista em Ortodontia \u2013 UP<br \/>\nProfessora do Curso de Alinhadores Ortod\u00f4nticos \u2013 UP<br \/>\nProfessora do Curso de Especializa\u00e7\u00e3o em Ortodontia \u2013 UP<strong>\u00a0<\/strong><\/p>\n<p><strong>Jo\u00e3o Maria Baptista<br \/>\n<\/strong>Especialista em Ortodontia e Ortopedia Facial \u2013 CFO<br \/>\nOrthodontic Residence Program \u2013 University of Michigan, USA<br \/>\nAutor de livros na \u00e1rea de Ortodontia<br \/>\nMembro efetivo da Academia Paranaense de Odontologia<br \/>\nEx-presidente da Associa\u00e7\u00e3o Brasileira de Ortodontia Sec\u00e7\u00e3o Paran\u00e1 \u2013 ABOR-PR<\/p>\n<p>&nbsp;<\/p>\n<p><strong><u>PROGRAMA<\/u><\/strong><\/p>\n<ol>\n<li>Diagn\u00f3stico e planejamento ortod\u00f4ntico:<br \/>\n&#8211; An\u00e1lise Facial<br \/>\n&#8211; Cefalometria<br \/>\n&#8211; An\u00e1lise da denti\u00e7\u00e3o mista e permanente<br \/>\n&#8211; An\u00e1lise da Oclus\u00e3o e da ATM<br \/>\n&#8211; Tomografia Computadorizada de Feixe C\u00f4nico<br \/>\n&#8211; M\u00e9todos digitais de diagn\u00f3stico ortod\u00f4ntico<\/li>\n<li>Ortodontia corretiva com aparelhos fixos:<br \/>\n&#8211; Treinamento laboratorial e atendimento a pacientes<br \/>\n&#8211; Hist\u00f3rico e evolu\u00e7\u00e3o das t\u00e9cnicas ortod\u00f4nticas<br \/>\n&#8211; Filosofia de Tratamento Ortod\u00f4ntico MBT<br \/>\n&#8211; Fios ortod\u00f4nticos contempor\u00e2neos<br \/>\n&#8211; Dobras de finaliza\u00e7\u00e3o<br \/>\n&#8211; Br\u00e1quetes est\u00e9ticos<br \/>\n&#8211; Br\u00e1quetes autoligados<br \/>\n&#8211; Princ\u00edpios de Ortodontia Lingual<\/li>\n<li>Ortodontia Digital:<br \/>\n&#8211; Treinamento laboratorial e atendimento a pacientes<br \/>\n&#8211; Escaneamento intraoral<br \/>\n&#8211; Alinhadores Invisalign<br \/>\n&#8211; Alinhadores Clear Correct<br \/>\n&#8211; Alinhadores in-office<br \/>\n&#8211; Novos sistemas de alinhadores<br \/>\n&#8211; Colagem indireta digital<\/li>\n<li>Ortodontia na inf\u00e2ncia:<br \/>\n&#8211; Ortodontia Preventiva e Interceptativa<br \/>\n&#8211; Mec\u00e2nicas 4&#215;2<br \/>\n&#8211; Ortopedia funcional dos maxilares<br \/>\n&#8211; Ortopedia mec\u00e2nica (Expans\u00e3o maxilar e m\u00e1scara facial)<\/li>\n<li>Recursos ortod\u00f4nticos auxiliares:<br \/>\n&#8211; Ancoragem extrabucal<br \/>\n&#8211; Aparelhos auxiliares de ancoragem<br \/>\n&#8211; Distalizadores intrabucais<\/li>\n<li>Tratamento da Classe II com propulsores mandibulares:<br \/>\n&#8211; Forsus<br \/>\n&#8211; Power Scope<br \/>\n&#8211; Herbst<\/li>\n<li>Ancoragem esquel\u00e9tica:<br \/>\n&#8211; Hands-on de instala\u00e7\u00e3o de mini-implantes<br \/>\n&#8211; Biomec\u00e2nicas com mini-implantes<br \/>\n&#8211; Biomec\u00e2nicas com miniplacas<br \/>\n&#8211; MARPE<\/li>\n<li>Tratamento ortod\u00f4ntico interdisciplinar com:<br \/>\n&#8211; Odontologia Est\u00e9tica<br \/>\n&#8211; Periodontia<br \/>\n&#8211; Implantodontia<br \/>\n&#8211; Pr\u00f3tese<br \/>\n&#8211; DTM-DOF<\/li>\n<li>Tratamento ortod\u00f4ntico associado \u00e0 Cirurgia Ortogn\u00e1tica<\/li>\n<li>Ortodontia e a Odontologia do Sono<\/li>\n<li>Conten\u00e7\u00e3o e recidiva p\u00f3s-tratamento ortod\u00f4ntico<\/li>\n<li>Aspectos legais do tratamento ortod\u00f4ntico<\/li>\n<li>Mercado de trabalho<\/li>\n<li>Marketing digital<\/li>\n<li>Gerenciamento da cl\u00ednica ortod\u00f4ntica<\/li>\n<li>Elabora\u00e7\u00e3o de monografia de conclus\u00e3o de curso<\/li>\n<\/ol>\n<p>&nbsp;<\/p>\n<p><strong><u>P\u00daBLICO ALVO<\/u><\/strong><\/p>\n<p>Cirurgi\u00f5es-dentistas devidamente registrados no Conselho Federal de Odontologia (CFO).<\/p>\n<p>&nbsp;<\/p>\n<p><strong><u>DURA\u00c7\u00c3O<\/u><\/strong><\/p>\n<p>36 meses<\/p>\n<p>&nbsp;<\/p>\n<p><strong><u>PERIODICIDADE<\/u><\/strong><\/p>\n<p>Semanal, sextas-feiras das 8:00h \u00e0s 12:00h e das 13:30h \u00e0s 17:30h.<\/p>\n<p>Em alguns m\u00f3dulos ser\u00e3o programadas atividades nas quintas-feiras e no s\u00e1bado de manh\u00e3. Estes m\u00f3dulos ser\u00e3o definidos conforme a organiza\u00e7\u00e3o dos conte\u00fados. As datas ser\u00e3o divulgadas com anteced\u00eancia.<\/p>\n<p>&nbsp;<\/p>\n<p><strong><u>LOCAL DO CURSO<\/u><\/strong><strong><u>\u00a0<\/u><\/strong><\/p>\n<p>Curso de Odontologia da UFPR \u2013 Campus Jardim Bot\u00e2nico<\/p>\n<p>Av. Prefeito Loth\u00e1rio Meissner, 632 &#8211; Jardim Bot\u00e2nico, Curitiba \u2013 PR<\/p>\n<p>&nbsp;<\/p>\n<p><strong><u>IN\u00cdCIO DO CURSO<\/u><\/strong><\/p>\n<p>20\/09\/2024<\/p>\n<p>&nbsp;<\/p>\n<p><strong><u>VALOR DAS MENSALIDADES<\/u><\/strong><\/p>\n<p><strong>\u00a0<\/strong>R$ 1.850,00 (36 meses)<\/p>\n<p>&nbsp;<\/p>\n<p><strong><u>LISTA DE MATERIAIS<\/u><\/strong><\/p>\n<p><strong>\u00a0<\/strong>Ser\u00e1 apresentada no primeiro dia do Curso.<\/p>\n<p>&nbsp;<\/p>\n<p><strong><u>N\u00daMERO DE VAGAS<\/u><\/strong><\/p>\n<p>12 vagas, sendo 2 bolsas integrais conforme Resolu\u00e7\u00e3o 89\/2020-CEPE.<\/p>\n<p>&nbsp;<\/p>\n<p><strong><u>INSCRI\u00c7\u00d5ES<\/u><\/strong><\/p>\n<p>De 01\/08\/24 a 25\/08\/24<\/p>\n<p><a href=\"https:\/\/siga.ufpr.br\/siga\/visitante\/processoseletivo\/index.jsp?sequencial=4301\"><strong>Clique aqui para se inscrever<\/strong><\/a><\/p>\n<p>Voc\u00ea ser\u00e1 redirecionado para o site do Sistema de Gest\u00e3o Acad\u00eamica (SIGA) da UFPR.<\/p>\n<p>&nbsp;<\/p>\n<p><strong>Documentos necess\u00e1rios (ter em m\u00e3os no momento da inscri\u00e7\u00e3o):<\/strong><\/p>\n<p>&#8211; C\u00f3pia do CPF e do RG (os dois documentos em um \u00fanico arquivo PDF)<\/p>\n<p>&#8211; Registro profissional (c\u00f3pia do CRO)<\/p>\n<p>&#8211; Diploma de gradua\u00e7\u00e3o ou declara\u00e7\u00e3o de t\u00e9rmino de curso de gradua\u00e7\u00e3o<\/p>\n<p>&#8211; Curr\u00edculo Vitae (<a href=\"https:\/\/saude.ufpr.br\/ortodontia\/wp-content\/uploads\/sites\/19\/2024\/07\/modelo-curriculo-ortodontia-ufpr.docx\">seguir o modelo apresentado<\/a>)<\/p>\n<p>&#8211; Formul\u00e1rio de Pontua\u00e7\u00e3o do Curr\u00edculo Vitae preenchido (<a href=\"https:\/\/saude.ufpr.br\/ortodontia\/wp-content\/uploads\/sites\/19\/2024\/07\/pontuacao-curriculo-ortodontia-ufpr.docx\">seguir o modelo apresentado<\/a>)<\/p>\n<p>&nbsp;<\/p>\n<p><strong><u>SELE\u00c7\u00c3O<\/u><\/strong><\/p>\n<p><strong>Data e hor\u00e1rio:<\/strong><\/p>\n<p>Dia 30\/08\/24 (sexta-feira) a partir das 8:00h<\/p>\n<p><strong>Local:<\/strong><\/p>\n<p>Curso de Odontologia da UFPR \u2013 Campus Jardim Bot\u00e2nico<\/p>\n<p>Av. Prefeito Loth\u00e1rio Meissner, 632 &#8211; Jardim Bot\u00e2nico, Curitiba \u2013 PR<\/p>\n<p>Departamento de Odontologia Restauradora<\/p>\n<p>Sala do Programa de P\u00f3s-gradua\u00e7\u00e3o em Ortodontia<\/p>\n<p><strong>Provas:<\/strong><\/p>\n<p><strong>1 &#8211; Prova Te\u00f3rica (eliminat\u00f3ria) \u2013 8:00h<\/strong><\/p>\n<p>&#8211; Conhecimentos de Ortodontia Preventiva e Interceptativa<\/p>\n<p>&#8211; Programa e Bibliografia recomendada para a Prova Te\u00f3rica (Anexo 1)<\/p>\n<p>&#8211; Prova com 20 (vinte) quest\u00f5es de m\u00faltipla escolha.<\/p>\n<p>&#8211; Valor da Prova Te\u00f3rica: 10,0 (dez) pontos.<\/p>\n<p>&#8211; Nota m\u00ednima para aprova\u00e7\u00e3o: 7,0 (sete) pontos.<\/p>\n<p><strong>2 &#8211; Entrevista \u2013 a partir das 13:30h<\/strong><\/p>\n<p>&#8211; Apenas para os aprovados na Prova Te\u00f3rica.<\/p>\n<p>&#8211; Por ordem de classifica\u00e7\u00e3o (em caso de empate, por ordem alfab\u00e9tica).<\/p>\n<p>&#8211; No momento da Entrevista o candidato dever\u00e1 entregar uma c\u00f3pia f\u00edsica do Curr\u00edculo Vitae com comprovantes.<\/p>\n<p>&#8211; Valor da Prova de Entrevista: 10,0 (dez) pontos.<\/p>\n<p><strong>\u00a0<\/strong><strong>3 &#8211; An\u00e1lise de Curr\u00edculo Vitae<\/strong><\/p>\n<p>&#8211; Apenas para os classificados para a Entrevista.<\/p>\n<p>&#8211; O Curr\u00edculo Vitae dever\u00e1 ser elaborado utilizando o documento <a href=\"https:\/\/saude.ufpr.br\/ortodontia\/wp-content\/uploads\/sites\/19\/2024\/07\/modelo-curriculo-ortodontia-ufpr.docx\">Modelo de Curr\u00edculo \u2013 Ortodontia UFPR<\/a> e dever\u00e1 ser enviado no momento da inscri\u00e7\u00e3o.<\/p>\n<p>&#8211; A avalia\u00e7\u00e3o do Curr\u00edculo Vitae ser\u00e1 realizada de acordo com o <a href=\"https:\/\/saude.ufpr.br\/ortodontia\/wp-content\/uploads\/sites\/19\/2024\/07\/pontuacao-curriculo-ortodontia-ufpr.docx\">Formul\u00e1rio de Pontua\u00e7\u00e3o do Curr\u00edculo Vitae<\/a>.<\/p>\n<p>&#8211; O Formul\u00e1rio de Pontua\u00e7\u00e3o do Curr\u00edculo Vitae preenchido tamb\u00e9m dever\u00e1 ser enviado no momento da inscri\u00e7\u00e3o.<\/p>\n<p>&#8211; N\u00e3o ser\u00e3o avaliados os Curr\u00edculos Vitae fora do modelo solicitado.<\/p>\n<p>&#8211; No momento da Entrevista o candidato dever\u00e1 entregar uma c\u00f3pia f\u00edsica do Curr\u00edculo Vitae com os comprovantes anexados.<\/p>\n<p>&#8211; Valor da prova de An\u00e1lise de Curr\u00edculo Vitae: 10,0 (dez) pontos.<\/p>\n<p>&#8211; O candidato com Curr\u00edculo Vitae mais bem avaliado receber\u00e1 nota 10,0 (dez) e os demais candidatos receber\u00e3o notas proporcionais a este, conforme pontua\u00e7\u00e3o obtida.<\/p>\n<p><strong>Classifica\u00e7\u00e3o:<\/strong><\/p>\n<p>&#8211; Ser\u00e3o classificados os 12 candidatos com as melhores m\u00e9dias finais considerando as Provas Te\u00f3rica, Entrevista e An\u00e1lise de Curr\u00edculo Vitae.<\/p>\n<p>&#8211; Em caso de empate ser\u00e3o adotados os seguintes crit\u00e9rios para desempate, nesta ordem: maior nota na Prova Escrita, maior nota na An\u00e1lise do Curr\u00edculo Vitae e maior nota na Entrevista. Persistindo o empate ser\u00e1 realizado sorteio.<\/p>\n<p><strong>\u00a0<\/strong><strong>Bolsas:<\/strong><\/p>\n<p>&#8211; Uma bolsa ser\u00e1 destinada a servidores da UFPR e empregados das Funda\u00e7\u00f5es de Apoio.<\/p>\n<p>&#8211; Uma bolsa ser\u00e1 destinada aos demais candidatos inscritos.<\/p>\n<p>&#8211; As bolsas ser\u00e3o atribu\u00eddas aos candidatos com melhores m\u00e9dias finais em cada categoria (servidores\/empregados e demais candidatos).<\/p>\n<p>&#8211; Em caso de n\u00e3o preenchimento da bolsa destinada aos servidores\/empregados, esta ser\u00e1 revertida para os demais candidatos.<\/p>\n<p>&#8211; Os candidatos contemplados com bolsa dever\u00e3o desenvolver 8 (oito) horas semanais de atividades presenciais relacionadas \u00e0 Disciplina de Ortodontia na UFPR, a serem definidas pela Coordena\u00e7\u00e3o, durante os 36 meses do Curso.<\/p>\n<p><strong>Divulga\u00e7\u00e3o dos resultados:<\/strong><\/p>\n<p>&#8211; A lista com os 12 (doze) candidatos selecionados em ordem de classifica\u00e7\u00e3o ser\u00e1 divulgada no dia 02\/09\/24 em Edital no Departamento de Odontologia Restauradora e no site do Curso de Especializa\u00e7\u00e3o em Ortodontia da UFPR (<a href=\"https:\/\/saude.ufpr.br\/ortodontia\/\">https:\/\/saude.ufpr.br\/ortodontia\/<\/a>).<\/p>\n<p>&#8211; Os demais candidatos que obtiverem nota final acima de 7,0 (sete) ficar\u00e3o em lista de espera, de acordo com a ordem de classifica\u00e7\u00e3o.<\/p>\n<p>&#8211; A matr\u00edcula dos candidatos selecionados dever\u00e1 ser realizada entre os dias 2 e 6\/09\/24.<\/p>\n<p>&#8211; As orienta\u00e7\u00f5es para a efetiva\u00e7\u00e3o da matr\u00edcula ser\u00e3o enviadas por e-mail aos candidatos selecionados.<\/p>\n<p>&nbsp;<\/p>\n<p><strong>CONTATO PARA MAIS INFORMA\u00c7\u00d5ES<\/strong><\/p>\n<p><a href=\"mailto:ortodontia@ufpr.br\">ortodontia@ufpr.br<\/a><\/p>\n<p>&nbsp;<\/p>\n<p>&nbsp;<\/p>\n<p style=\"text-align: center\"><strong>\u00a0<\/strong><strong>ANEXO 1<\/strong><\/p>\n<p style=\"text-align: center\"><strong>\u00a0<\/strong><\/p>\n<p><strong>Programa para a Prova Te\u00f3rica<\/strong><\/p>\n<p><strong>\u00a0<\/strong>1 \u2013 Princ\u00edpios dos aparelhos ortod\u00f4nticos remov\u00edveis<\/p>\n<p>2 \u2013 Princ\u00edpios de diagn\u00f3stico em Ortodontia<\/p>\n<p>3 \u2013 Desenvolvimento da oclus\u00e3o<\/p>\n<p>4 \u2013 Classifica\u00e7\u00e3o das m\u00e1s oclus\u00f5es<\/p>\n<p>5 \u2013 Etiologia das m\u00e1s oclus\u00f5es<\/p>\n<p>6 \u2013 Biomec\u00e2nica do movimento ortod\u00f4ntico<\/p>\n<p>7 \u2013 Crescimento e desenvolvimento craniofacial<\/p>\n<p>8 \u2013 H\u00e1bitos bucais<\/p>\n<p>9 \u2013 Mordida aberta anterior<\/p>\n<p>10 \u2013 Mordida cruzada anterior<\/p>\n<p>11 \u2013 Mordida cruzada posterior<\/p>\n<p>12\u2013 Mantenedores e recuperadores de espa\u00e7o<\/p>\n<p><strong>\u00a0<\/strong><\/p>\n<p><strong>Bibliografia recomendada para a Prova Te\u00f3rica<\/strong><\/p>\n<ol>\n<li>ABR\u00c3O, J. et al. Ortodontia Preventiva. S\u00e3o Paulo: Ed. Artes M\u00e9dicas, 2014.<\/li>\n<li>ALMEIDA, R.R. Ortodontia Preventiva e Interceptora: Mito ou Realidade. Dental Press, 2013.<\/li>\n<li>BISHARA, S.E. Ortodontia. S\u00e3o Paulo: Ed. Santos, 2004<\/li>\n<li>ENLOW, D.H. No\u00e7\u00f5es b\u00e1sicas sobre Crescimento Facial. S\u00e3o Paulo: Ed. Santos, 1998.<\/li>\n<li>FERREIRA, F.V. Ortodontia \u2013 Diagn\u00f3stico e Planejamento cl\u00ednico. S\u00e3o Paulo: Ed. Artes M\u00e9dicas, 2008.<\/li>\n<li>GRABER, T.M. Ortodontia: princ\u00edpios e t\u00e9cnicas atuais. Rio de Janeiro: Guanabara Koogan, 2001.<\/li>\n<li>JANSON, G. et al. Introdu\u00e7\u00e3o \u00e0 Ortodontia &#8211; S\u00e9rie Abeno. S\u00e3o Paulo: Ed. Artes M\u00e9dicas, 2013.<\/li>\n<li>MOYERS, R.E. Ortodontia. Trad. Carrielo, A. Buenos Aires: Guanabara-Koogan, 1991.<\/li>\n<li>PROFFIT, W.R.; FIELDS JR, H.W. Ortodontia contempor\u00e2nea. Rio de Janeiro: Guanabara Koogan, 2008.<\/li>\n<li>VAN DER LINDEN, F.P.G.M. Desenvolvimento da denti\u00e7\u00e3o. S\u00e3o Paulo: Ed. Santos, 1996.<\/li>\n<\/ol>\n<p>&nbsp;<\/p>\n","protected":false},"excerpt":{"rendered":"<p>UNIVERSIDADE FEDERAL DO PARAN\u00c1 SETOR DE CI\u00caNCIAS DA SA\u00daDE DEPARTAMENTO DE ODONTOLOGIA RESTAURADORA CURSO DE ESPECIALIZA\u00c7\u00c3O EM ORTODONTIA \u00a0 Edital 01\/24 &#8211; CEO-UFPR Sele\u00e7\u00e3o para a 14\u00aa Turma (2024-2027) &nbsp; \u00a0 NOSSA MISS\u00c3O Formar especialistas em Ortodontia altamente qualificados, com s\u00f3lido embasamento nas evid\u00eancias cient\u00edficas recentes, preparados para atuar no mercado de trabalho atual, capacitados<br \/> <a href=\"https:\/\/saude.ufpr.br\/ortodontia\/ingresso-no-curso\/\" class=\"button success small readmore\">Leia mais<\/a><\/p>\n","protected":false},"author":1615,"featured_media":0,"parent":0,"menu_order":0,"comment_status":"closed","ping_status":"closed","template":"","meta":{"_acf_changed":false,"_uag_custom_page_level_css":"","footnotes":""},"class_list":["post-84","page","type-page","status-publish","hentry"],"acf":[],"featured_image_src":null,"uagb_featured_image_src":{"full":false,"thumbnail":false,"medium":false,"medium_large":false,"large":false,"1536x1536":false,"2048x2048":false,"noticias-thumb":false,"banners-thumb":false,"maisnoticias-thumb":false,"post-thumbnail":false},"uagb_author_info":{"display_name":"Guilherme","author_link":"https:\/\/saude.ufpr.br\/ortodontia\/author\/guilhermematos\/"},"uagb_comment_info":0,"uagb_excerpt":"UNIVERSIDADE FEDERAL DO PARAN\u00c1 SETOR DE CI\u00caNCIAS DA SA\u00daDE DEPARTAMENTO DE ODONTOLOGIA RESTAURADORA CURSO DE ESPECIALIZA\u00c7\u00c3O EM ORTODONTIA \u00a0 Edital 01\/24 &#8211; CEO-UFPR Sele\u00e7\u00e3o para a 14\u00aa Turma (2024-2027) &nbsp; \u00a0 NOSSA MISS\u00c3O Formar especialistas em Ortodontia altamente qualificados, com s\u00f3lido embasamento nas evid\u00eancias cient\u00edficas recentes, preparados para atuar no mercado de trabalho atual, capacitados&hellip;","publishpress_future_action":{"enabled":false,"date":"2026-05-02 15:05:51","action":"change-status","newStatus":"draft","terms":[],"taxonomy":"","extraData":[]},"publishpress_future_workflow_manual_trigger":{"enabledWorkflows":[]},"_links":{"self":[{"href":"https:\/\/saude.ufpr.br\/ortodontia\/wp-json\/wp\/v2\/pages\/84","targetHints":{"allow":["GET"]}}],"collection":[{"href":"https:\/\/saude.ufpr.br\/ortodontia\/wp-json\/wp\/v2\/pages"}],"about":[{"href":"https:\/\/saude.ufpr.br\/ortodontia\/wp-json\/wp\/v2\/types\/page"}],"author":[{"embeddable":true,"href":"https:\/\/saude.ufpr.br\/ortodontia\/wp-json\/wp\/v2\/users\/1615"}],"replies":[{"embeddable":true,"href":"https:\/\/saude.ufpr.br\/ortodontia\/wp-json\/wp\/v2\/comments?post=84"}],"version-history":[{"count":39,"href":"https:\/\/saude.ufpr.br\/ortodontia\/wp-json\/wp\/v2\/pages\/84\/revisions"}],"predecessor-version":[{"id":516,"href":"https:\/\/saude.ufpr.br\/ortodontia\/wp-json\/wp\/v2\/pages\/84\/revisions\/516"}],"wp:attachment":[{"href":"https:\/\/saude.ufpr.br\/ortodontia\/wp-json\/wp\/v2\/media?parent=84"}],"curies":[{"name":"wp","href":"https:\/\/api.w.org\/{rel}","templated":true}]}}