{"id":12,"date":"2017-04-20T19:28:00","date_gmt":"2017-04-20T19:28:00","guid":{"rendered":"https:\/\/saude.ufpr.br\/pags\/?page_id=12"},"modified":"2018-05-26T08:35:17","modified_gmt":"2018-05-26T08:35:17","slug":"publicacoes","status":"publish","type":"page","link":"https:\/\/saude.ufpr.br\/pags\/publicacoes\/","title":{"rendered":"Publica\u00e7\u00f5es"},"content":{"rendered":"<p><strong>Cap\u00edtulos de livros com participa\u00e7\u00e3o dos pesquisadores do PAGS<\/strong><\/p>\n\n<table id=\"tablepress-9\" class=\"tablepress tablepress-id-9\">\n<tbody>\n<tr class=\"row-1\">\n\t<td class=\"column-1\">PINTO, M. H. B. ;  ARAUJO, M. E. ; FUJIMAKI, M. ; DITTERICH, R. G.; TERADA, R. S. S. ; MARTELLI, P. J. L.  As redes de aten\u00e7\u00e3o \u00e0 sa\u00fade bucal: o papel dos Centros de Especialidades Odontol\u00f3gicas (CEO). In: FIGUEIREDO, N.; GOES, P. S. A.,; MARTELLI, P. J. L. (Org.). <a href=\"https:\/\/www.ufpe.br\/documents\/1181966\/0\/Livro_Os+caminhos+da+sa%C3%BAde+bucal+no+Brasil+_+PMAQ-CEO.pdf\/f06f06e7-4fc7-47cd-acb9-e864e8ea9dc7\">Os caminhos da sa\u00fade bucal no Brasil : um olhar quali e quanti sobre os Centro de Especialidade Odontol\u00f3gicas (CEO) no Brasil.<\/a> Recife-PE: Editora da UFPE, 2016,  p. 221-233.  <\/td>\n<\/tr>\n<tr class=\"row-2\">\n\t<td class=\"column-1\">SLOMP JUNIOR, H.; FEUERWERKER, L. C. M. ; BERTUSSI, D. C. ; GOMES, M. P. C. ; MERHY, E. E. . Uma tor\u00e7\u00e3o pedag\u00f3gica no cuidado em sa\u00fade. In: GOMES, L. B. (Org.). <a href=\"http:\/\/historico.redeunida.org.br\/editora\/biblioteca-digital\/colecao-micropolitica-do-trabalho-e-o-cuidado-em-saude\/o-cuidado-e-a-educacao-popular-em-saude-pdf\/at_download\/file\">O cuidado e a educa\u00e7\u00e3o popular em sa\u00fade. <\/a> Porto Alegre-RS: Rede UNIDA, 2015, p. 233-260.<\/td>\n<\/tr>\n<tr class=\"row-3\">\n\t<td class=\"column-1\">DITTERICH, R. G.; MAZZA, V. A. . Rede de Aten\u00e7\u00e3o Priorit\u00e1ria de Sa\u00fade no Paran\u00e1. In: CORREIA, A. D. M. S. et al.. (Org.). <a href=\"https:\/\/saude.ufpr.br\/pags\/wp-content\/uploads\/sites\/34\/2018\/05\/T\u00f3picos-Especiais-em-Sa\u00fade-Conflito-de-codifica\u00e7\u00e3o-Unicode.pdf\">T\u00f3picos Especiais em Sa\u00fade.<\/a> Ponta Grossa: NUTEAD\/UEPG, 2014,  p. 7-65<\/td>\n<\/tr>\n<tr class=\"row-4\">\n\t<td class=\"column-1\">CARVALHO, D. S. ; BUFFON, Marilene da Cruz Magalh\u00e3es ; WOLFF, L. D. G. ; MULINARI, R. A. ; MACEDO, L. C. ; MARIOT, C. A. ; DITTERICH, Rafael Gomes ; PORTUGAL, M. E. G. ; SILVANO, A. ; PECHARKI, G. D. ; SCHNEIDER, L. . Caracteriza\u00e7\u00e3o dos munic\u00edpios e de seus sistemas locais de sa\u00fade na regi\u00e3o de fronteira do Paran\u00e1. In: SOUZA, Maria de Lourdes de ; FERREIRA, Luiz Alberto Peregrino ; REZENDE, Vanessa Murta ; BRANCO, Maria Lucena. (Org.). <a href=\"http:\/\/bvsms.saude.gov.br\/bvs\/publicacoes\/saude_inclusao_social_fronteiras.pdf\">A sa\u00fade e a inclus\u00e3o social nas Fronteiras.<\/a> Florian\u00f3polis: Funda\u00e7\u00e3o Boiteux, 2008, p. 163-176.<\/td>\n<\/tr>\n<\/tbody>\n<\/table>\n\n","protected":false},"excerpt":{"rendered":"<p>Cap\u00edtulos de livros com participa\u00e7\u00e3o dos pesquisadores do PAGS<\/p>\n","protected":false},"author":15,"featured_media":0,"parent":0,"menu_order":0,"comment_status":"closed","ping_status":"closed","template":"","meta":{"_acf_changed":false,"_uag_custom_page_level_css":"","footnotes":""},"class_list":["post-12","page","type-page","status-publish","hentry"],"acf":[],"featured_image_src":null,"uagb_featured_image_src":{"full":false,"thumbnail":false,"medium":false,"medium_large":false,"large":false,"1536x1536":false,"2048x2048":false},"uagb_author_info":{"display_name":"Andrea Jankoski","author_link":"https:\/\/saude.ufpr.br\/pags\/author\/andrea\/"},"uagb_comment_info":0,"uagb_excerpt":"Cap\u00edtulos de livros com participa\u00e7\u00e3o dos pesquisadores do PAGS","publishpress_future_action":{"enabled":false,"date":"2026-05-10 15:44:26","action":"change-status","newStatus":"draft","terms":[],"taxonomy":"","extraData":[]},"publishpress_future_workflow_manual_trigger":{"enabledWorkflows":[]},"_links":{"self":[{"href":"https:\/\/saude.ufpr.br\/pags\/wp-json\/wp\/v2\/pages\/12","targetHints":{"allow":["GET"]}}],"collection":[{"href":"https:\/\/saude.ufpr.br\/pags\/wp-json\/wp\/v2\/pages"}],"about":[{"href":"https:\/\/saude.ufpr.br\/pags\/wp-json\/wp\/v2\/types\/page"}],"author":[{"embeddable":true,"href":"https:\/\/saude.ufpr.br\/pags\/wp-json\/wp\/v2\/users\/15"}],"replies":[{"embeddable":true,"href":"https:\/\/saude.ufpr.br\/pags\/wp-json\/wp\/v2\/comments?post=12"}],"version-history":[{"count":4,"href":"https:\/\/saude.ufpr.br\/pags\/wp-json\/wp\/v2\/pages\/12\/revisions"}],"predecessor-version":[{"id":248,"href":"https:\/\/saude.ufpr.br\/pags\/wp-json\/wp\/v2\/pages\/12\/revisions\/248"}],"wp:attachment":[{"href":"https:\/\/saude.ufpr.br\/pags\/wp-json\/wp\/v2\/media?parent=12"}],"curies":[{"name":"wp","href":"https:\/\/api.w.org\/{rel}","templated":true}]}}

Publicações

<p><strong>Capítulos de livros com participação dos pesquisadores do PAGS</strong></p>

<table id="tablepress-9" class="tablepress tablepress-id-9">
<tbody>
<tr class="row-1">
	<td class="column-1">PINTO, M. H. B. ;  ARAUJO, M. E. ; FUJIMAKI, M. ; DITTERICH, R. G.; TERADA, R. S. S. ; MARTELLI, P. J. L.  As redes de atenção à saúde bucal: o papel dos Centros de Especialidades Odontológicas (CEO). In: FIGUEIREDO, N.; GOES, P. S. A.,; MARTELLI, P. J. L. (Org.). <a href="https://www.ufpe.br/documents/1181966/0/Livro_Os+caminhos+da+sa%C3%BAde+bucal+no+Brasil+_+PMAQ-CEO.pdf/f06f06e7-4fc7-47cd-acb9-e864e8ea9dc7">Os caminhos da saúde bucal no Brasil : um olhar quali e quanti sobre os Centro de Especialidade Odontológicas (CEO) no Brasil.</a> Recife-PE: Editora da UFPE, 2016,  p. 221-233.  </td>
</tr>
<tr class="row-2">
	<td class="column-1">SLOMP JUNIOR, H.; FEUERWERKER, L. C. M. ; BERTUSSI, D. C. ; GOMES, M. P. C. ; MERHY, E. E. . Uma torção pedagógica no cuidado em saúde. In: GOMES, L. B. (Org.). <a href="http://historico.redeunida.org.br/editora/biblioteca-digital/colecao-micropolitica-do-trabalho-e-o-cuidado-em-saude/o-cuidado-e-a-educacao-popular-em-saude-pdf/at_download/file">O cuidado e a educação popular em saúde. </a> Porto Alegre-RS: Rede UNIDA, 2015, p. 233-260.</td>
</tr>
<tr class="row-3">
	<td class="column-1">DITTERICH, R. G.; MAZZA, V. A. . Rede de Atenção Prioritária de Saúde no Paraná. In: CORREIA, A. D. M. S. et al.. (Org.). <a href="https://saude.ufpr.br/pags/wp-content/uploads/sites/34/2018/05/Tópicos-Especiais-em-Saúde-Conflito-de-codificação-Unicode.pdf">Tópicos Especiais em Saúde.</a> Ponta Grossa: NUTEAD/UEPG, 2014,  p. 7-65</td>
</tr>
<tr class="row-4">
	<td class="column-1">CARVALHO, D. S. ; BUFFON, Marilene da Cruz Magalhães ; WOLFF, L. D. G. ; MULINARI, R. A. ; MACEDO, L. C. ; MARIOT, C. A. ; DITTERICH, Rafael Gomes ; PORTUGAL, M. E. G. ; SILVANO, A. ; PECHARKI, G. D. ; SCHNEIDER, L. . Caracterização dos municípios e de seus sistemas locais de saúde na região de fronteira do Paraná. In: SOUZA, Maria de Lourdes de ; FERREIRA, Luiz Alberto Peregrino ; REZENDE, Vanessa Murta ; BRANCO, Maria Lucena. (Org.). <a href="http://bvsms.saude.gov.br/bvs/publicacoes/saude_inclusao_social_fronteiras.pdf">A saúde e a inclusão social nas Fronteiras.</a> Florianópolis: Fundação Boiteux, 2008, p. 163-176.</td>
</tr>
</tbody>
</table>

<p>Capítulos de livros com participação dos pesquisadores do PAGS</p>

Capítulos de livros com participação dos pesquisadores do PAGS
