{"id":4,"date":"2017-04-20T19:27:16","date_gmt":"2017-04-20T19:27:16","guid":{"rendered":"https:\/\/saude.ufpr.br\/pags\/?page_id=4"},"modified":"2018-02-21T02:15:20","modified_gmt":"2018-02-21T02:15:20","slug":"apresentacao","status":"publish","type":"page","link":"https:\/\/saude.ufpr.br\/pags\/","title":{"rendered":"Apresenta\u00e7\u00e3o"},"content":{"rendered":"<p style=\"text-align: center\">O grupo de pesquisa\u00a0<a href=\"http:\/\/dgp.cnpq.br\/dgp\/espelhogrupo\/2221946315139415\"><strong>Pol\u00edtica, Avalia\u00e7\u00e3o e Gest\u00e3o em Sa\u00fade (PAGS)<\/strong><\/a> surge como grupo interdisciplinar de estudo e pesquisa com a finalidade de fomentar e fortalecer parcerias e trabalhos institucionais entre os Programas de P\u00f3s-gradua\u00e7\u00e3o em Pol\u00edticas P\u00fablicas (4P UFPR\/Mestrado e Doutorado), Sa\u00fade Coletiva (PPGSC\/Mestrado) e Sa\u00fade da Fam\u00edlia (PROFSAUDE\/Mestrado).<\/p>\n<p><a href=\"http:\/\/dgp.cnpq.br\/dgp\/espelhogrupo\/2221946315139415\"><img fetchpriority=\"high\" decoding=\"async\" class=\"alignright wp-image-88 size-full\" src=\"https:\/\/saude.ufpr.br\/pags\/wp-content\/uploads\/sites\/34\/2018\/02\/pags.jpg\" alt=\"\" width=\"800\" height=\"600\" srcset=\"https:\/\/saude.ufpr.br\/pags\/wp-content\/uploads\/sites\/34\/2018\/02\/pags.jpg 800w, https:\/\/saude.ufpr.br\/pags\/wp-content\/uploads\/sites\/34\/2018\/02\/pags-300x225.jpg 300w, https:\/\/saude.ufpr.br\/pags\/wp-content\/uploads\/sites\/34\/2018\/02\/pags-768x576.jpg 768w\" sizes=\"(max-width: 800px) 100vw, 800px\" \/><\/a><\/p>\n","protected":false},"excerpt":{"rendered":"<p>O grupo de pesquisa\u00a0Pol\u00edtica, Avalia\u00e7\u00e3o e Gest\u00e3o em Sa\u00fade (PAGS) surge como grupo interdisciplinar de estudo e pesquisa com a finalidade de fomentar e fortalecer parcerias e trabalhos institucionais entre os Programas de P\u00f3s-gradua\u00e7\u00e3o em Pol\u00edticas P\u00fablicas (4P UFPR\/Mestrado e [&hellip;]<\/p>\n","protected":false},"author":15,"featured_media":0,"parent":0,"menu_order":0,"comment_status":"closed","ping_status":"closed","template":"apresentacao.php","meta":{"_acf_changed":false,"_uag_custom_page_level_css":"","footnotes":""},"class_list":["post-4","page","type-page","status-publish","hentry"],"acf":[],"featured_image_src":null,"uagb_featured_image_src":{"full":false,"thumbnail":false,"medium":false,"medium_large":false,"large":false,"1536x1536":false,"2048x2048":false},"uagb_author_info":{"display_name":"Andrea Jankoski","author_link":"https:\/\/saude.ufpr.br\/pags\/author\/andrea\/"},"uagb_comment_info":0,"uagb_excerpt":"O grupo de pesquisa\u00a0Pol\u00edtica, Avalia\u00e7\u00e3o e Gest\u00e3o em Sa\u00fade (PAGS) surge como grupo interdisciplinar de estudo e pesquisa com a finalidade de fomentar e fortalecer parcerias e trabalhos institucionais entre os Programas de P\u00f3s-gradua\u00e7\u00e3o em Pol\u00edticas P\u00fablicas (4P UFPR\/Mestrado e [&hellip;]","publishpress_future_action":{"enabled":false,"date":"2026-05-07 18:28:39","action":"change-status","newStatus":"draft","terms":[],"taxonomy":"","extraData":[]},"publishpress_future_workflow_manual_trigger":{"enabledWorkflows":[]},"_links":{"self":[{"href":"https:\/\/saude.ufpr.br\/pags\/wp-json\/wp\/v2\/pages\/4","targetHints":{"allow":["GET"]}}],"collection":[{"href":"https:\/\/saude.ufpr.br\/pags\/wp-json\/wp\/v2\/pages"}],"about":[{"href":"https:\/\/saude.ufpr.br\/pags\/wp-json\/wp\/v2\/types\/page"}],"author":[{"embeddable":true,"href":"https:\/\/saude.ufpr.br\/pags\/wp-json\/wp\/v2\/users\/15"}],"replies":[{"embeddable":true,"href":"https:\/\/saude.ufpr.br\/pags\/wp-json\/wp\/v2\/comments?post=4"}],"version-history":[{"count":17,"href":"https:\/\/saude.ufpr.br\/pags\/wp-json\/wp\/v2\/pages\/4\/revisions"}],"predecessor-version":[{"id":205,"href":"https:\/\/saude.ufpr.br\/pags\/wp-json\/wp\/v2\/pages\/4\/revisions\/205"}],"wp:attachment":[{"href":"https:\/\/saude.ufpr.br\/pags\/wp-json\/wp\/v2\/media?parent=4"}],"curies":[{"name":"wp","href":"https:\/\/api.w.org\/{rel}","templated":true}]}}

Apresentação

<p style="text-align: center">O grupo de pesquisa <a href="http://dgp.cnpq.br/dgp/espelhogrupo/2221946315139415"><strong>Política, Avaliação e Gestão em Saúde (PAGS)</strong></a> surge como grupo interdisciplinar de estudo e pesquisa com a finalidade de fomentar e fortalecer parcerias e trabalhos institucionais entre os Programas de Pós-graduação em Políticas Públicas (4P UFPR/Mestrado e Doutorado), Saúde Coletiva (PPGSC/Mestrado) e Saúde da Família (PROFSAUDE/Mestrado).</p>
<p><a href="http://dgp.cnpq.br/dgp/espelhogrupo/2221946315139415"><img fetchpriority="high" decoding="async" class="alignright wp-image-88 size-full" src="https://saude.ufpr.br/pags/wp-content/uploads/sites/34/2018/02/pags.jpg" alt="" width="800" height="600" srcset="https://saude.ufpr.br/pags/wp-content/uploads/sites/34/2018/02/pags.jpg 800w, https://saude.ufpr.br/pags/wp-content/uploads/sites/34/2018/02/pags-300x225.jpg 300w, https://saude.ufpr.br/pags/wp-content/uploads/sites/34/2018/02/pags-768x576.jpg 768w" sizes="(max-width: 800px) 100vw, 800px" /></a></p>

<p>O grupo de pesquisa Política, Avaliação e Gestão em Saúde (PAGS) surge como grupo interdisciplinar de estudo e pesquisa com a finalidade de fomentar e fortalecer parcerias e trabalhos institucionais entre os Programas de Pós-graduação em Políticas Públicas (4P UFPR/Mestrado e [&hellip;]</p>

O grupo de pesquisa Política, Avaliação e Gestão em Saúde (PAGS) surge como grupo interdisciplinar de estudo e pesquisa com a finalidade de fomentar e fortalecer parcerias e trabalhos institucionais entre os Programas de Pós-graduação em Políticas Públicas (4P UFPR/Mestrado e [&hellip;]
