{"id":6,"date":"2017-04-20T19:27:30","date_gmt":"2017-04-20T19:27:30","guid":{"rendered":"https:\/\/saude.ufpr.br\/pags\/?page_id=6"},"modified":"2018-02-08T16:28:05","modified_gmt":"2018-02-08T16:28:05","slug":"linhas-de-pesquisa","status":"publish","type":"page","link":"https:\/\/saude.ufpr.br\/pags\/linhas-de-pesquisa\/","title":{"rendered":"Linhas de Pesquisa"},"content":{"rendered":"<p style=\"margin: 0cm;margin-bottom: .0001pt;text-align: center\" align=\"center\"><strong>AVALIA\u00c7\u00c3O DE POL\u00cdTICAS E\u00a0PROGRAMAS\u00a0DE SA\u00daDE<\/strong><\/p>\n<p style=\"margin: 0cm;margin-bottom: .0001pt;text-align: center\" align=\"center\">Contribuir para a avalia\u00e7\u00e3o de pol\u00edticas p\u00fablicas de sa\u00fade, bem como, tamb\u00e9m sobre a organiza\u00e7\u00e3o e operacionaliza\u00e7\u00e3o de programas de sa\u00fade, especialmente no que se relacionam a formula\u00e7\u00e3o, a implementa\u00e7\u00e3o, o acesso dos usu\u00e1rios, organiza\u00e7\u00e3o do processo de trabalho, efetividade e a import\u00e2ncia do controle social.<\/p>\n<p align=\"center\">\n<p style=\"margin: 0cm;margin-bottom: .0001pt;text-align: center\" align=\"center\"><strong>GEST\u00c3O DE SISTEMAS E SERVI\u00c7OS DE SA\u00daDE<\/strong><\/p>\n<p style=\"margin: 0cm;margin-bottom: .0001pt;text-align: center\" align=\"center\">Contribuir para o estudo na \u00e1rea de gest\u00e3o em sa\u00fade, com \u00eanfase nos temas: gerenciamento de servi\u00e7os de sa\u00fade, sistemas de informa\u00e7\u00e3o em sa\u00fade, impacto da reforma gerencial nas pol\u00edticas p\u00fablicas de sa\u00fade, rela\u00e7\u00f5es p\u00fablico\/privado, estrutura\u00e7\u00e3o das Redes de Aten\u00e7\u00e3o \u00e0 Sa\u00fade (RAS) em n\u00edvel local e novas ferramentas gerenciais na gest\u00e3o da educa\u00e7\u00e3o, do trabalho e do cuidado em sa\u00fade no Sistema \u00danico de Sa\u00fade (SUS).<\/p>\n<p align=\"center\">\n<p style=\"margin: 0cm;margin-bottom: .0001pt;text-align: center\" align=\"center\"><strong>MICROPOL\u00cdTICA DO TRABALHO E O CUIDADO EM SA\u00daDE<\/strong><\/p>\n<p style=\"margin: 0cm;margin-bottom: .0001pt;text-align: center\" align=\"center\">A partir de uma perspectiva micropol\u00edtica, analisar a produ\u00e7\u00e3o do cuidado nas Redes de Aten\u00e7\u00e3o \u00e0 Sa\u00fade (RAS), bem como a institui\u00e7\u00e3o dos modelos tecnoassistenciais setoriais e sua rela\u00e7\u00e3o com as pol\u00edticas de sa\u00fade.<\/p>\n<p align=\"center\">\n<p style=\"margin: 0cm;margin-bottom: .0001pt;text-align: center\" align=\"center\"><strong>SA\u00daDE BUCAL COLETIVA<\/strong><\/p>\n<p style=\"margin: 0cm;margin-bottom: .0001pt;text-align: center\" align=\"center\">Colaborar na compreens\u00e3o dos determinantes sociais na sa\u00fade bucal, bem como, avaliar a formula\u00e7\u00e3o, implementa\u00e7\u00e3o e o impacto das pol\u00edticas e programas de sa\u00fade na reorganiza\u00e7\u00e3o e gest\u00e3o da rede de aten\u00e7\u00e3o \u00e0 sa\u00fade bucal, com \u00eanfase na Estrat\u00e9gia Sa\u00fade da Fam\u00edlia e na Aten\u00e7\u00e3o Especializada (Centros de Especialidades Odontol\u00f3gicas). Tamb\u00e9m discutir a forma\u00e7\u00e3o de recursos humanos e vigil\u00e2ncia em sa\u00fade bucal\u00a0no Sistema \u00danico de Sa\u00fade (SUS).<\/p>\n","protected":false},"excerpt":{"rendered":"<p>AVALIA\u00c7\u00c3O DE POL\u00cdTICAS E\u00a0PROGRAMAS\u00a0DE SA\u00daDE Contribuir para a avalia\u00e7\u00e3o de pol\u00edticas p\u00fablicas de sa\u00fade, bem como, tamb\u00e9m sobre a organiza\u00e7\u00e3o e operacionaliza\u00e7\u00e3o de programas de sa\u00fade, especialmente no que se relacionam a formula\u00e7\u00e3o, a implementa\u00e7\u00e3o, o acesso dos usu\u00e1rios, organiza\u00e7\u00e3o [&hellip;]<\/p>\n","protected":false},"author":15,"featured_media":0,"parent":0,"menu_order":0,"comment_status":"closed","ping_status":"closed","template":"","meta":{"_acf_changed":false,"_uag_custom_page_level_css":"","footnotes":""},"class_list":["post-6","page","type-page","status-publish","hentry"],"acf":[],"featured_image_src":null,"uagb_featured_image_src":{"full":false,"thumbnail":false,"medium":false,"medium_large":false,"large":false,"1536x1536":false,"2048x2048":false},"uagb_author_info":{"display_name":"Andrea Jankoski","author_link":"https:\/\/saude.ufpr.br\/pags\/author\/andrea\/"},"uagb_comment_info":0,"uagb_excerpt":"AVALIA\u00c7\u00c3O DE POL\u00cdTICAS E\u00a0PROGRAMAS\u00a0DE SA\u00daDE Contribuir para a avalia\u00e7\u00e3o de pol\u00edticas p\u00fablicas de sa\u00fade, bem como, tamb\u00e9m sobre a organiza\u00e7\u00e3o e operacionaliza\u00e7\u00e3o de programas de sa\u00fade, especialmente no que se relacionam a formula\u00e7\u00e3o, a implementa\u00e7\u00e3o, o acesso dos usu\u00e1rios, organiza\u00e7\u00e3o [&hellip;]","publishpress_future_action":{"enabled":false,"date":"2026-05-07 15:46:52","action":"change-status","newStatus":"draft","terms":[],"taxonomy":"","extraData":[]},"publishpress_future_workflow_manual_trigger":{"enabledWorkflows":[]},"_links":{"self":[{"href":"https:\/\/saude.ufpr.br\/pags\/wp-json\/wp\/v2\/pages\/6","targetHints":{"allow":["GET"]}}],"collection":[{"href":"https:\/\/saude.ufpr.br\/pags\/wp-json\/wp\/v2\/pages"}],"about":[{"href":"https:\/\/saude.ufpr.br\/pags\/wp-json\/wp\/v2\/types\/page"}],"author":[{"embeddable":true,"href":"https:\/\/saude.ufpr.br\/pags\/wp-json\/wp\/v2\/users\/15"}],"replies":[{"embeddable":true,"href":"https:\/\/saude.ufpr.br\/pags\/wp-json\/wp\/v2\/comments?post=6"}],"version-history":[{"count":10,"href":"https:\/\/saude.ufpr.br\/pags\/wp-json\/wp\/v2\/pages\/6\/revisions"}],"predecessor-version":[{"id":162,"href":"https:\/\/saude.ufpr.br\/pags\/wp-json\/wp\/v2\/pages\/6\/revisions\/162"}],"wp:attachment":[{"href":"https:\/\/saude.ufpr.br\/pags\/wp-json\/wp\/v2\/media?parent=6"}],"curies":[{"name":"wp","href":"https:\/\/api.w.org\/{rel}","templated":true}]}}

<p style="margin: 0cm;margin-bottom: .0001pt;text-align: center" align="center"><strong>AVALIAÇÃO DE POLÍTICAS E PROGRAMAS DE SAÚDE</strong></p>
<p style="margin: 0cm;margin-bottom: .0001pt;text-align: center" align="center">Contribuir para a avaliação de políticas públicas de saúde, bem como, também sobre a organização e operacionalização de programas de saúde, especialmente no que se relacionam a formulação, a implementação, o acesso dos usuários, organização do processo de trabalho, efetividade e a importância do controle social.</p>
<p align="center">
<p style="margin: 0cm;margin-bottom: .0001pt;text-align: center" align="center"><strong>GESTÃO DE SISTEMAS E SERVIÇOS DE SAÚDE</strong></p>
<p style="margin: 0cm;margin-bottom: .0001pt;text-align: center" align="center">Contribuir para o estudo na área de gestão em saúde, com ênfase nos temas: gerenciamento de serviços de saúde, sistemas de informação em saúde, impacto da reforma gerencial nas políticas públicas de saúde, relações público/privado, estruturação das Redes de Atenção à Saúde (RAS) em nível local e novas ferramentas gerenciais na gestão da educação, do trabalho e do cuidado em saúde no Sistema Único de Saúde (SUS).</p>
<p align="center">
<p style="margin: 0cm;margin-bottom: .0001pt;text-align: center" align="center"><strong>MICROPOLÍTICA DO TRABALHO E O CUIDADO EM SAÚDE</strong></p>
<p style="margin: 0cm;margin-bottom: .0001pt;text-align: center" align="center">A partir de uma perspectiva micropolítica, analisar a produção do cuidado nas Redes de Atenção à Saúde (RAS), bem como a instituição dos modelos tecnoassistenciais setoriais e sua relação com as políticas de saúde.</p>
<p align="center">
<p style="margin: 0cm;margin-bottom: .0001pt;text-align: center" align="center"><strong>SAÚDE BUCAL COLETIVA</strong></p>
<p style="margin: 0cm;margin-bottom: .0001pt;text-align: center" align="center">Colaborar na compreensão dos determinantes sociais na saúde bucal, bem como, avaliar a formulação, implementação e o impacto das políticas e programas de saúde na reorganização e gestão da rede de atenção à saúde bucal, com ênfase na Estratégia Saúde da Família e na Atenção Especializada (Centros de Especialidades Odontológicas). Também discutir a formação de recursos humanos e vigilância em saúde bucal no Sistema Único de Saúde (SUS).</p>

<p>AVALIAÇÃO DE POLÍTICAS E PROGRAMAS DE SAÚDE Contribuir para a avaliação de políticas públicas de saúde, bem como, também sobre a organização e operacionalização de programas de saúde, especialmente no que se relacionam a formulação, a implementação, o acesso dos usuários, organização [&hellip;]</p>

AVALIAÇÃO DE POLÍTICAS E PROGRAMAS DE SAÚDE Contribuir para a avaliação de políticas públicas de saúde, bem como, também sobre a organização e operacionalização de programas de saúde, especialmente no que se relacionam a formulação, a implementação, o acesso dos usuários, organização [&hellip;]
