{"id":11,"date":"2020-08-07T14:50:09","date_gmt":"2020-08-07T17:50:09","guid":{"rendered":"https:\/\/saude.ufpr.br\/pediatria\/?page_id=11"},"modified":"2026-04-17T10:15:44","modified_gmt":"2026-04-17T13:15:44","slug":"docentes","status":"publish","type":"page","link":"https:\/\/saude.ufpr.br\/pediatria\/docentes\/","title":{"rendered":"Docentes"},"content":{"rendered":"<p><strong>Lista de Professores do Departamento de Pediatria<\/strong><\/p>\n<table style=\"height: 1881px\" width=\"889\">\n<tbody>\n<tr>\n<td width=\"154\">Nome Docente<\/td>\n<td width=\"79\">Titula\u00e7\u00e3o<\/td>\n<td width=\"229\">\u00c1rea de atua\u00e7\u00e3o<\/td>\n<td width=\"229\">link lattes<\/td>\n<td width=\"229\"><\/td>\n<\/tr>\n<tr>\n<td width=\"154\"><\/td>\n<td width=\"79\"><\/td>\n<td width=\"229\"><\/td>\n<td><\/td>\n<td width=\"229\"><\/td>\n<\/tr>\n<tr>\n<td width=\"154\">Ana Chrystina de Souza Crippa<\/td>\n<td width=\"79\"><\/td>\n<td width=\"229\">Neurologia Pedi\u00e1trica<\/td>\n<td colspan=\"2\"><a href=\"http:\/\/lattes.cnpq.br\/7198524702985494\">http:\/\/lattes.cnpq.br\/7198524702985494<\/a><\/td>\n<\/tr>\n<tr>\n<td width=\"154\">Ana L\u00facia Figueiredo Sarquis<\/td>\n<td width=\"79\">Doutorado<\/td>\n<td width=\"229\">Neonatologia<\/td>\n<td width=\"229\"><a href=\"http:\/\/lattes.cnpq.br\/3236698071783577\">http:\/\/lattes.cnpq.br\/3236698071783577<\/a><\/td>\n<td width=\"229\"><\/td>\n<\/tr>\n<tr>\n<td width=\"154\">Andr\u00e9 Luis Santos do Carmo<\/p>\n<p>Bruna Lu\u00edza Guerrer<\/p>\n<p>&nbsp;<\/p>\n<p>&nbsp;<\/p>\n<p>C\u00edcero Alaor Kluppel<\/td>\n<td width=\"79\">Doutorado<\/p>\n<p>&nbsp;<\/p>\n<p>Especializa\u00e7\u00e3o<\/p>\n<p>&nbsp;<\/p>\n<p>&nbsp;<\/p>\n<p>&nbsp;<\/p>\n<p>Mestrado<\/p>\n<p>&nbsp;<\/td>\n<td width=\"229\">Urg\u00eancias e Emerg\u00eancias Pedi\u00e1tricas<\/p>\n<p>Dermatologia Pedi\u00e1trica<\/p>\n<p>&nbsp;<\/p>\n<p>&nbsp;<\/p>\n<p>&nbsp;<\/p>\n<p>Pediatria Social<\/p>\n<p>&nbsp;<\/td>\n<td><a href=\"http:\/\/lattes.cnpq.br\/5331407703528480\">http:\/\/lattes.cnpq.br\/5331407703528480<\/a><\/p>\n<p><a href=\"http:\/\/lattes.cnpq.br\/6689699203485085\">http:\/\/lattes.cnpq.br\/6689699203485085<\/a><\/p>\n<p>&nbsp;<\/p>\n<p>&nbsp;<\/p>\n<p>&nbsp;<\/p>\n<p><a href=\"http:\/\/lattes.cnpq.br\/7750396197367024\">http:\/\/lattes.cnpq.br\/7750396197367024<\/a><\/p>\n<p>&nbsp;<\/td>\n<td width=\"229\"><\/td>\n<\/tr>\n<tr>\n<td width=\"154\">Carlos Alberto Fernandes Baltar<\/td>\n<td width=\"79\">Mestrado<\/td>\n<td width=\"229\">Neonatologia<\/td>\n<td colspan=\"2\"><a href=\"http:\/\/lattes.cnpq.br\/9601664350991621\">http:\/\/lattes.cnpq.br\/9601664350991621<\/a><\/td>\n<\/tr>\n<tr>\n<td width=\"154\">Cristina de Oliveira Rodrigues<\/td>\n<td width=\"79\">Doutorado<\/td>\n<td width=\"229\">Infectologia pedi\u00e1trica<\/td>\n<td>\u00a0<a href=\"http:\/\/lattes.cnpq.br\/2055621506612654\">http:\/\/lattes.cnpq.br\/2055621506612654<\/a><\/td>\n<td width=\"229\"><\/td>\n<\/tr>\n<tr>\n<td width=\"154\">Cristine Secco Ros\u00e1rio Ribas<\/td>\n<td width=\"79\">Doutorado<\/td>\n<td width=\"229\">Pediatria Geral<\/td>\n<td colspan=\"2\"><a href=\"http:\/\/lattes.cnpq.br\/8121446960823149\">http:\/\/lattes.cnpq.br\/8121446960823149<\/a><\/td>\n<\/tr>\n<tr>\n<td width=\"154\">Daniela Hespanha Marinho<\/td>\n<td width=\"79\">Doutorado<\/td>\n<td width=\"229\">Neonatologia<\/td>\n<td colspan=\"2\"><a href=\"http:\/\/lattes.cnpq.br\/0559082876721280\">http:\/\/lattes.cnpq.br\/0559082876721280<\/a><\/td>\n<\/tr>\n<tr>\n<td width=\"154\">D\u00e9bora Carla Chong e Silva<\/td>\n<td width=\"79\">Doutorado<\/td>\n<td width=\"229\">Pneumologia\/Alergia Pedi\u00e1trica<\/td>\n<td><a href=\"http:\/\/lattes.cnpq.br\/5182874479496330\">http:\/\/lattes.cnpq.br\/5182874479496330<\/a><\/td>\n<td width=\"229\"><\/td>\n<\/tr>\n<tr>\n<td width=\"154\">Fabiano Steil da Silva<\/td>\n<td width=\"79\">Mestrado<\/td>\n<td width=\"229\">Neonatologia<\/td>\n<td>\u00a0<a href=\"http:\/\/lattes.cnpq.br\/6402973452507075\">http:\/\/lattes.cnpq.br\/6402973452507075<\/a><\/td>\n<td width=\"229\"><\/td>\n<\/tr>\n<tr>\n<td width=\"154\"><a href=\"http:\/\/lattes.cnpq.br\/6780218366690273\">Geraldo Miranda Gra\u00e7a Filho<\/a><\/td>\n<td width=\"79\">Doutorado<\/td>\n<td width=\"229\">Cl\u00ednica Pedi\u00e1trica<\/td>\n<td><a href=\"http:\/\/lattes.cnpq.br\/1560033172977287\">http:\/\/lattes.cnpq.br\/1560033172977287<\/a><\/td>\n<td width=\"229\"><\/td>\n<\/tr>\n<tr>\n<td width=\"154\">Gislayne Castro e Souza de Nieto<\/td>\n<td width=\"79\">Mestrado<\/td>\n<td width=\"229\">Aten\u00e7\u00e3o Prim\u00e1ria<\/td>\n<td colspan=\"2\"><a href=\"http:\/\/lattes.cnpq.br\/6780218366690273\">http:\/\/lattes.cnpq.br\/6780218366690273<\/a><\/td>\n<\/tr>\n<tr>\n<td width=\"154\">Herberto Jose Chong Neto<\/td>\n<td width=\"79\">P\u00f3s-Doutorado<\/td>\n<td width=\"229\">Pneumologia\/Alergologia<\/td>\n<td><a href=\"http:\/\/lattes.cnpq.br\/0480673534050104\">http:\/\/lattes.cnpq.br\/0480673534050104<\/a><\/td>\n<td width=\"229\"><\/td>\n<\/tr>\n<tr>\n<td width=\"154\">Julienne Angela Ramires de Carvalho<\/td>\n<td width=\"79\">Doutorado<\/td>\n<td width=\"229\">Endocrinologia Pedi\u00e1trica<\/td>\n<td><a href=\"http:\/\/lattes.cnpq.br\/5575397125730627\">\u00a0http:\/\/lattes.cnpq.br\/5575397125730627<\/a><\/td>\n<td width=\"229\"><\/td>\n<\/tr>\n<tr>\n<td width=\"154\">Juliana Cristina Romero Rojas<\/td>\n<td width=\"79\">Doutorado<\/td>\n<td width=\"229\">Endocrinologia<\/td>\n<td><a href=\"http:\/\/lattes.cnpq.br\/7101766747523505\">http:\/\/lattes.cnpq.br\/7101766747523505<\/a><\/td>\n<td width=\"229\"><\/td>\n<\/tr>\n<tr>\n<td width=\"154\">Laura Maria Lacerda Ara\u00fajo<\/td>\n<td width=\"79\">Doutorado<\/td>\n<td width=\"229\">Pneumologia Pedi\u00e1trica<\/td>\n<td><a href=\"http:\/\/lattes.cnpq.br\/1296568683251109\">http:\/\/lattes.cnpq.br\/1296568683251109<\/a><\/td>\n<td width=\"229\"><\/td>\n<\/tr>\n<tr>\n<td width=\"154\">Leniza Costa Lima Lichtvan<\/td>\n<td width=\"79\">Mestrado<\/td>\n<td width=\"229\">Hematologia e Oncologia Pedi\u00e1trica<\/td>\n<td><a href=\"http:\/\/lattes.cnpq.br\/1992146238238019\">http:\/\/lattes.cnpq.br\/1992146238238019<\/a><\/td>\n<td width=\"229\"><\/td>\n<\/tr>\n<tr>\n<td width=\"154\">Mariana Digiovanni Pechebea<\/td>\n<td width=\"79\">Mestrado<\/td>\n<td width=\"229\">Emerg\u00eancias Pedi\u00e1tricas<\/td>\n<td><a href=\"http:\/\/lattes.cnpq.br\/9179172227486379\">\u00a0http:\/\/lattes.cnpq.br\/9179172227486379<\/a><\/td>\n<td width=\"229\"><\/td>\n<\/tr>\n<tr>\n<td width=\"154\">Margaret Cristina da Silva Boguszewski<\/td>\n<td width=\"79\">Doutorado<\/td>\n<td width=\"229\">Endocrinologia Pedi\u00e1trica<\/td>\n<td>\u00a0<a href=\"http:\/\/lattes.cnpq.br\/1800905489982870\">http:\/\/lattes.cnpq.br\/1800905489982870<\/a><\/td>\n<td width=\"229\"><\/td>\n<\/tr>\n<tr>\n<td width=\"154\"><\/td>\n<td width=\"79\"><\/td>\n<td width=\"229\"><\/td>\n<td><\/td>\n<td width=\"229\"><\/td>\n<\/tr>\n<tr>\n<td width=\"154\"><\/td>\n<td width=\"79\"><\/td>\n<td width=\"229\"><\/td>\n<td colspan=\"2\"><\/td>\n<\/tr>\n<tr>\n<td width=\"154\">Paulyne Stadler Venzon<\/td>\n<td width=\"79\">Mestrado<\/td>\n<td width=\"229\">Neonatologia<\/td>\n<td>\u00a0<a href=\"http:\/\/lattes.cnpq.br\/0603030554107703\">http:\/\/lattes.cnpq.br\/0603030554107703<\/a><\/td>\n<td width=\"229\"><\/td>\n<\/tr>\n<tr>\n<td width=\"154\">Regina Paula Guimar\u00e3es Vieira Cavalcante da Silva<\/td>\n<td width=\"79\">Doutorado<\/td>\n<td width=\"229\">Neonatologia<\/td>\n<td colspan=\"2\"><a href=\"http:\/\/lattes.cnpq.br\/7516000065112750\">http:\/\/lattes.cnpq.br\/7516000065112750<\/a><\/td>\n<\/tr>\n<tr>\n<td width=\"154\">Rosana Marques Pereira<\/td>\n<td width=\"79\">Doutorado<\/td>\n<td width=\"229\">Endocrinologia Pedi\u00e1trica<\/td>\n<td>\u00a0<a href=\"http:\/\/lattes.cnpq.br\/2508563737425504\">http:\/\/lattes.cnpq.br\/2508563737425504<\/a><\/td>\n<td width=\"229\"><\/td>\n<\/tr>\n<tr>\n<td width=\"154\"><\/td>\n<td width=\"79\"><\/td>\n<td width=\"229\"><\/td>\n<td colspan=\"2\"><\/td>\n<\/tr>\n<tr>\n<td width=\"154\">S\u00e9rgio Antonio Antoniuk<\/td>\n<td width=\"79\">Doutorado<\/td>\n<td width=\"229\">Neurologia Pedi\u00e1trica<\/td>\n<td colspan=\"2\"><a href=\"http:\/\/lattes.cnpq.br\/6098980123609991\">http:\/\/lattes.cnpq.br\/6098980123609991<\/a><\/td>\n<\/tr>\n<tr>\n<td width=\"154\">Suzana Nesi Fran\u00e7a<\/td>\n<td width=\"79\">P\u00f3s-Doutorado<\/td>\n<td width=\"229\">Endocrinologia Pedi\u00e1trica<\/td>\n<td colspan=\"2\"><a href=\"http:\/\/lattes.cnpq.br\/5814055927183329\">http:\/\/lattes.cnpq.br\/5814055927183329<\/a><\/td>\n<\/tr>\n<tr>\n<td width=\"154\">Thais Cugler Meneghetti<\/td>\n<td width=\"79\">Doutorado<\/td>\n<td width=\"229\">Reumatologia Pedi\u00e1trica<\/td>\n<td colspan=\"2\"><a href=\"http:\/\/lattes.cnpq.br\/7653684943754494\">http:\/\/lattes.cnpq.br\/7653684943754494<\/a><\/td>\n<\/tr>\n<tr>\n<td width=\"154\">Tony Tannous Tahan<\/td>\n<td width=\"79\">Doutorado<\/td>\n<td width=\"229\">Infectologia Pedi\u00e1trica<\/td>\n<td colspan=\"2\"><a href=\"http:\/\/lattes.cnpq.br\/1138589719442961\">http:\/\/lattes.cnpq.br\/1138589719442961<\/a><\/td>\n<\/tr>\n<tr>\n<td width=\"154\">Vania Oliveira de Carvalho<\/p>\n<p>&nbsp;<\/p>\n<p>&nbsp;<\/p>\n<p>&nbsp;<\/td>\n<td width=\"79\">Doutorado<\/p>\n<p>&nbsp;<\/p>\n<p>&nbsp;<\/p>\n<p>&nbsp;<\/td>\n<td width=\"229\">Dermatologia Pedi\u00e1trica<\/p>\n<p>&nbsp;<\/p>\n<p>&nbsp;<\/p>\n<p>&nbsp;<\/td>\n<td colspan=\"2\"><a href=\"http:\/\/lattes.cnpq.br\/8880117837059225\">http:\/\/lattes.cnpq.br\/8880117837059225<\/a><\/p>\n<p>&nbsp;<\/p>\n<p>&nbsp;<\/p>\n<p>&nbsp;<\/td>\n<\/tr>\n<\/tbody>\n<\/table>\n","protected":false},"excerpt":{"rendered":"<p>Lista de Professores do Departamento de Pediatria Nome Docente Titula\u00e7\u00e3o \u00c1rea de atua\u00e7\u00e3o link lattes Ana Chrystina de Souza Crippa Neurologia Pedi\u00e1trica http:\/\/lattes.cnpq.br\/7198524702985494 Ana L\u00facia Figueiredo Sarquis Doutorado Neonatologia http:\/\/lattes.cnpq.br\/3236698071783577 Andr\u00e9 Luis Santos do Carmo Bruna Lu\u00edza Guerrer &nbsp; &nbsp; C\u00edcero Alaor Kluppel Doutorado &nbsp; Especializa\u00e7\u00e3o &nbsp; &nbsp; &nbsp; Mestrado &nbsp; Urg\u00eancias e Emerg\u00eancias Pedi\u00e1tricas<br \/> <a href=\"https:\/\/saude.ufpr.br\/pediatria\/docentes\/\" class=\"button success small readmore\">Leia mais<\/a><\/p>\n","protected":false},"author":15,"featured_media":0,"parent":0,"menu_order":0,"comment_status":"closed","ping_status":"closed","template":"","meta":{"_acf_changed":false,"_uag_custom_page_level_css":"","footnotes":""},"class_list":["post-11","page","type-page","status-publish","hentry"],"acf":[],"featured_image_src":null,"uagb_featured_image_src":{"full":false,"thumbnail":false,"medium":false,"medium_large":false,"large":false,"1536x1536":false,"2048x2048":false,"noticias-thumb":false,"banners-thumb":false,"maisnoticias-thumb":false,"post-thumbnail":false},"uagb_author_info":{"display_name":"Andrea Jankoski","author_link":"https:\/\/saude.ufpr.br\/pediatria\/author\/andrea\/"},"uagb_comment_info":0,"uagb_excerpt":"Lista de Professores do Departamento de Pediatria Nome Docente Titula\u00e7\u00e3o \u00c1rea de atua\u00e7\u00e3o link lattes Ana Chrystina de Souza Crippa Neurologia Pedi\u00e1trica http:\/\/lattes.cnpq.br\/7198524702985494 Ana L\u00facia Figueiredo Sarquis Doutorado Neonatologia http:\/\/lattes.cnpq.br\/3236698071783577 Andr\u00e9 Luis Santos do Carmo Bruna Lu\u00edza Guerrer &nbsp; &nbsp; C\u00edcero Alaor Kluppel Doutorado &nbsp; Especializa\u00e7\u00e3o &nbsp; &nbsp; &nbsp; Mestrado &nbsp; Urg\u00eancias e Emerg\u00eancias Pedi\u00e1tricas&hellip;","publishpress_future_action":{"enabled":false,"date":"2026-05-03 02:33:51","action":"change-status","newStatus":"draft","terms":[],"taxonomy":"","extraData":[]},"publishpress_future_workflow_manual_trigger":{"enabledWorkflows":[]},"_links":{"self":[{"href":"https:\/\/saude.ufpr.br\/pediatria\/wp-json\/wp\/v2\/pages\/11","targetHints":{"allow":["GET"]}}],"collection":[{"href":"https:\/\/saude.ufpr.br\/pediatria\/wp-json\/wp\/v2\/pages"}],"about":[{"href":"https:\/\/saude.ufpr.br\/pediatria\/wp-json\/wp\/v2\/types\/page"}],"author":[{"embeddable":true,"href":"https:\/\/saude.ufpr.br\/pediatria\/wp-json\/wp\/v2\/users\/15"}],"replies":[{"embeddable":true,"href":"https:\/\/saude.ufpr.br\/pediatria\/wp-json\/wp\/v2\/comments?post=11"}],"version-history":[{"count":25,"href":"https:\/\/saude.ufpr.br\/pediatria\/wp-json\/wp\/v2\/pages\/11\/revisions"}],"predecessor-version":[{"id":1053,"href":"https:\/\/saude.ufpr.br\/pediatria\/wp-json\/wp\/v2\/pages\/11\/revisions\/1053"}],"wp:attachment":[{"href":"https:\/\/saude.ufpr.br\/pediatria\/wp-json\/wp\/v2\/media?parent=11"}],"curies":[{"name":"wp","href":"https:\/\/api.w.org\/{rel}","templated":true}]}}