{"id":13,"date":"2020-08-07T14:50:27","date_gmt":"2020-08-07T17:50:27","guid":{"rendered":"https:\/\/saude.ufpr.br\/pediatria\/?page_id=13"},"modified":"2020-09-16T10:23:43","modified_gmt":"2020-09-16T13:23:43","slug":"pesquisa","status":"publish","type":"page","link":"https:\/\/saude.ufpr.br\/pediatria\/pesquisa\/","title":{"rendered":"Pesquisa"},"content":{"rendered":"<p>Aten\u00e7\u00e3o Docente!<\/p>\n<p>Registre a sua pesquisa &#8211; acesse a p\u00e1gina do Comit\u00ea Setorial de Pesquisas -SD\/UFPR<\/p>\n<p><a href=\"https:\/\/saude.ufpr.br\/comites-setoriais\/\" target=\"_blank\" rel=\"noopener noreferrer\">https:\/\/saude.ufpr.br\/comites-setoriais\/<\/a><\/p>\n","protected":false},"excerpt":{"rendered":"<p>Aten\u00e7\u00e3o Docente! Registre a sua pesquisa &#8211; acesse a p\u00e1gina do Comit\u00ea Setorial de Pesquisas -SD\/UFPR https:\/\/saude.ufpr.br\/comites-setoriais\/<\/p>\n","protected":false},"author":15,"featured_media":0,"parent":0,"menu_order":0,"comment_status":"closed","ping_status":"closed","template":"","meta":{"_acf_changed":false,"_uag_custom_page_level_css":"","footnotes":""},"class_list":["post-13","page","type-page","status-publish","hentry"],"acf":[],"featured_image_src":null,"uagb_featured_image_src":{"full":false,"thumbnail":false,"medium":false,"medium_large":false,"large":false,"1536x1536":false,"2048x2048":false,"noticias-thumb":false,"banners-thumb":false,"maisnoticias-thumb":false,"post-thumbnail":false},"uagb_author_info":{"display_name":"Andrea Jankoski","author_link":"https:\/\/saude.ufpr.br\/pediatria\/author\/andrea\/"},"uagb_comment_info":0,"uagb_excerpt":"Aten\u00e7\u00e3o Docente! Registre a sua pesquisa &#8211; acesse a p\u00e1gina do Comit\u00ea Setorial de Pesquisas -SD\/UFPR https:\/\/saude.ufpr.br\/comites-setoriais\/","publishpress_future_action":{"enabled":false,"date":"2026-05-03 02:33:51","action":"change-status","newStatus":"draft","terms":[],"taxonomy":"","extraData":[]},"publishpress_future_workflow_manual_trigger":{"enabledWorkflows":[]},"_links":{"self":[{"href":"https:\/\/saude.ufpr.br\/pediatria\/wp-json\/wp\/v2\/pages\/13","targetHints":{"allow":["GET"]}}],"collection":[{"href":"https:\/\/saude.ufpr.br\/pediatria\/wp-json\/wp\/v2\/pages"}],"about":[{"href":"https:\/\/saude.ufpr.br\/pediatria\/wp-json\/wp\/v2\/types\/page"}],"author":[{"embeddable":true,"href":"https:\/\/saude.ufpr.br\/pediatria\/wp-json\/wp\/v2\/users\/15"}],"replies":[{"embeddable":true,"href":"https:\/\/saude.ufpr.br\/pediatria\/wp-json\/wp\/v2\/comments?post=13"}],"version-history":[{"count":4,"href":"https:\/\/saude.ufpr.br\/pediatria\/wp-json\/wp\/v2\/pages\/13\/revisions"}],"predecessor-version":[{"id":289,"href":"https:\/\/saude.ufpr.br\/pediatria\/wp-json\/wp\/v2\/pages\/13\/revisions\/289"}],"wp:attachment":[{"href":"https:\/\/saude.ufpr.br\/pediatria\/wp-json\/wp\/v2\/media?parent=13"}],"curies":[{"name":"wp","href":"https:\/\/api.w.org\/{rel}","templated":true}]}}

<p>Atenção Docente!</p>
<p>Registre a sua pesquisa &#8211; acesse a página do Comitê Setorial de Pesquisas -SD/UFPR</p>
<p><a href="https://saude.ufpr.br/comites-setoriais/" target="_blank" rel="noopener noreferrer">https://saude.ufpr.br/comites-setoriais/</a></p>

<p>Atenção Docente! Registre a sua pesquisa &#8211; acesse a página do Comitê Setorial de Pesquisas -SD/UFPR https://saude.ufpr.br/comites-setoriais/</p>

Atenção Docente! Registre a sua pesquisa &#8211; acesse a página do Comitê Setorial de Pesquisas -SD/UFPR https://saude.ufpr.br/comites-setoriais/
