{"id":18,"date":"2020-08-07T14:52:11","date_gmt":"2020-08-07T17:52:11","guid":{"rendered":"https:\/\/saude.ufpr.br\/pediatria\/?page_id=18"},"modified":"2024-08-27T09:10:43","modified_gmt":"2024-08-27T12:10:43","slug":"apresentacao","status":"publish","type":"page","link":"https:\/\/saude.ufpr.br\/pediatria\/apresentacao\/","title":{"rendered":"Apresenta\u00e7\u00e3o"},"content":{"rendered":"<p><img fetchpriority=\"high\" decoding=\"async\" class=\"alignnone size-full wp-image-195\" src=\"https:\/\/saude.ufpr.br\/pediatria\/wp-content\/uploads\/sites\/55\/2020\/08\/download-HC.jpg\" alt=\"\" width=\"262\" height=\"192\" \/><\/p>\n<p><strong>Prof. Fabiano Steil da Silva &#8211; Chefe do Departamento de Pediatria<\/strong><\/p>\n<p><strong>Profa. Suzana Nesi Fran\u00e7a &#8211; Vice-Chefe do Departamento de Pediatria<\/strong><\/p>\n<p><strong>Claudia Vilela &#8211; Secret\u00e1ria Administrativa do Departamento de Pediatria<\/strong><\/p>\n<p><em>Curitiba &#8211; Campus Centro<\/em><\/p>\n<p>Endere\u00e7o: Rua General Carneiro, 181 &#8211; 14\u00ba andar do Complexo Hospital de Cl\u00ednicas<\/p>\n<p>Cep:80.060-900 &#8211;\u00a0 Curitiba-Pr<\/p>\n<p>&nbsp;<\/p>\n","protected":false},"excerpt":{"rendered":"<p>Prof. Fabiano Steil da Silva &#8211; Chefe do Departamento de Pediatria Profa. Suzana Nesi Fran\u00e7a &#8211; Vice-Chefe do Departamento de Pediatria Claudia Vilela &#8211; Secret\u00e1ria Administrativa do Departamento de Pediatria Curitiba &#8211; Campus Centro Endere\u00e7o: Rua General Carneiro, 181 &#8211; 14\u00ba andar do Complexo Hospital de Cl\u00ednicas Cep:80.060-900 &#8211;\u00a0 Curitiba-Pr &nbsp;<\/p>\n","protected":false},"author":15,"featured_media":0,"parent":0,"menu_order":0,"comment_status":"closed","ping_status":"closed","template":"","meta":{"_acf_changed":false,"_uag_custom_page_level_css":"","footnotes":""},"class_list":["post-18","page","type-page","status-publish","hentry"],"acf":[],"featured_image_src":null,"uagb_featured_image_src":{"full":false,"thumbnail":false,"medium":false,"medium_large":false,"large":false,"1536x1536":false,"2048x2048":false,"noticias-thumb":false,"banners-thumb":false,"maisnoticias-thumb":false,"post-thumbnail":false},"uagb_author_info":{"display_name":"Andrea Jankoski","author_link":"https:\/\/saude.ufpr.br\/pediatria\/author\/andrea\/"},"uagb_comment_info":0,"uagb_excerpt":"Prof. Fabiano Steil da Silva &#8211; Chefe do Departamento de Pediatria Profa. Suzana Nesi Fran\u00e7a &#8211; Vice-Chefe do Departamento de Pediatria Claudia Vilela &#8211; Secret\u00e1ria Administrativa do Departamento de Pediatria Curitiba &#8211; Campus Centro Endere\u00e7o: Rua General Carneiro, 181 &#8211; 14\u00ba andar do Complexo Hospital de Cl\u00ednicas Cep:80.060-900 &#8211;\u00a0 Curitiba-Pr &nbsp;","publishpress_future_action":{"enabled":false,"date":"2026-05-03 02:33:51","action":"change-status","newStatus":"draft","terms":[],"taxonomy":"","extraData":[]},"publishpress_future_workflow_manual_trigger":{"enabledWorkflows":[]},"_links":{"self":[{"href":"https:\/\/saude.ufpr.br\/pediatria\/wp-json\/wp\/v2\/pages\/18","targetHints":{"allow":["GET"]}}],"collection":[{"href":"https:\/\/saude.ufpr.br\/pediatria\/wp-json\/wp\/v2\/pages"}],"about":[{"href":"https:\/\/saude.ufpr.br\/pediatria\/wp-json\/wp\/v2\/types\/page"}],"author":[{"embeddable":true,"href":"https:\/\/saude.ufpr.br\/pediatria\/wp-json\/wp\/v2\/users\/15"}],"replies":[{"embeddable":true,"href":"https:\/\/saude.ufpr.br\/pediatria\/wp-json\/wp\/v2\/comments?post=18"}],"version-history":[{"count":11,"href":"https:\/\/saude.ufpr.br\/pediatria\/wp-json\/wp\/v2\/pages\/18\/revisions"}],"predecessor-version":[{"id":854,"href":"https:\/\/saude.ufpr.br\/pediatria\/wp-json\/wp\/v2\/pages\/18\/revisions\/854"}],"wp:attachment":[{"href":"https:\/\/saude.ufpr.br\/pediatria\/wp-json\/wp\/v2\/media?parent=18"}],"curies":[{"name":"wp","href":"https:\/\/api.w.org\/{rel}","templated":true}]}}

Apresentação

<p><img fetchpriority="high" decoding="async" class="alignnone size-full wp-image-195" src="https://saude.ufpr.br/pediatria/wp-content/uploads/sites/55/2020/08/download-HC.jpg" alt="" width="262" height="192" /></p>
<p><strong>Prof. Fabiano Steil da Silva &#8211; Chefe do Departamento de Pediatria</strong></p>
<p><strong>Profa. Suzana Nesi França &#8211; Vice-Chefe do Departamento de Pediatria</strong></p>
<p><strong>Claudia Vilela &#8211; Secretária Administrativa do Departamento de Pediatria</strong></p>
<p><em>Curitiba &#8211; Campus Centro</em></p>
<p>Endereço: Rua General Carneiro, 181 &#8211; 14º andar do Complexo Hospital de Clínicas</p>
<p>Cep:80.060-900 &#8211;  Curitiba-Pr</p>
<p>&nbsp;</p>

<p>Prof. Fabiano Steil da Silva &#8211; Chefe do Departamento de Pediatria Profa. Suzana Nesi França &#8211; Vice-Chefe do Departamento de Pediatria Claudia Vilela &#8211; Secretária Administrativa do Departamento de Pediatria Curitiba &#8211; Campus Centro Endereço: Rua General Carneiro, 181 &#8211; 14º andar do Complexo Hospital de Clínicas Cep:80.060-900 &#8211;  Curitiba-Pr &nbsp;</p>

Prof. Fabiano Steil da Silva &#8211; Chefe do Departamento de Pediatria Profa. Suzana Nesi França &#8211; Vice-Chefe do Departamento de Pediatria Claudia Vilela &#8211; Secretária Administrativa do Departamento de Pediatria Curitiba &#8211; Campus Centro Endereço: Rua General Carneiro, 181 &#8211; 14º andar do Complexo Hospital de Clínicas Cep:80.060-900 &#8211;  Curitiba-Pr &nbsp;
