{"id":20,"date":"2020-08-07T14:52:31","date_gmt":"2020-08-07T17:52:31","guid":{"rendered":"https:\/\/saude.ufpr.br\/pediatria\/?page_id=20"},"modified":"2023-11-01T08:50:49","modified_gmt":"2023-11-01T11:50:49","slug":"missao","status":"publish","type":"page","link":"https:\/\/saude.ufpr.br\/pediatria\/missao\/","title":{"rendered":"Miss\u00e3o"},"content":{"rendered":"<p>O Departamento de Pediatria tem como miss\u00e3o o ensino e a pesquisa da Pediatria Geral e das Especialidades Pedi\u00e1tricas, visando capacitar os alunos para o atendimento, diagn\u00f3stico e o tratamento das doen\u00e7as pedi\u00e1tricas, sempre sob orienta\u00e7\u00e3o e supervis\u00e3o docente.<\/p>\n<p><img fetchpriority=\"high\" decoding=\"async\" class=\"alignnone size-medium wp-image-193\" src=\"https:\/\/saude.ufpr.br\/pediatria\/wp-content\/uploads\/sites\/55\/2020\/08\/noticia_307919_img1_pediatra-300x242.jpg\" alt=\"\" width=\"300\" height=\"242\" srcset=\"https:\/\/saude.ufpr.br\/pediatria\/wp-content\/uploads\/sites\/55\/2020\/08\/noticia_307919_img1_pediatra-300x242.jpg 300w, https:\/\/saude.ufpr.br\/pediatria\/wp-content\/uploads\/sites\/55\/2020\/08\/noticia_307919_img1_pediatra.jpg 600w\" sizes=\"(max-width: 300px) 100vw, 300px\" \/><\/p>\n","protected":false},"excerpt":{"rendered":"<p>O Departamento de Pediatria tem como miss\u00e3o o ensino e a pesquisa da Pediatria Geral e das Especialidades Pedi\u00e1tricas, visando capacitar os alunos para o atendimento, diagn\u00f3stico e o tratamento das doen\u00e7as pedi\u00e1tricas, sempre sob orienta\u00e7\u00e3o e supervis\u00e3o docente.<\/p>\n","protected":false},"author":15,"featured_media":0,"parent":0,"menu_order":0,"comment_status":"closed","ping_status":"closed","template":"","meta":{"_acf_changed":false,"_uag_custom_page_level_css":"","footnotes":""},"class_list":["post-20","page","type-page","status-publish","hentry"],"acf":[],"featured_image_src":null,"uagb_featured_image_src":{"full":false,"thumbnail":false,"medium":false,"medium_large":false,"large":false,"1536x1536":false,"2048x2048":false,"noticias-thumb":false,"banners-thumb":false,"maisnoticias-thumb":false,"post-thumbnail":false},"uagb_author_info":{"display_name":"Andrea Jankoski","author_link":"https:\/\/saude.ufpr.br\/pediatria\/author\/andrea\/"},"uagb_comment_info":0,"uagb_excerpt":"O Departamento de Pediatria tem como miss\u00e3o o ensino e a pesquisa da Pediatria Geral e das Especialidades Pedi\u00e1tricas, visando capacitar os alunos para o atendimento, diagn\u00f3stico e o tratamento das doen\u00e7as pedi\u00e1tricas, sempre sob orienta\u00e7\u00e3o e supervis\u00e3o docente.","publishpress_future_action":{"enabled":false,"date":"2026-05-03 02:33:51","action":"change-status","newStatus":"draft","terms":[],"taxonomy":"","extraData":[]},"publishpress_future_workflow_manual_trigger":{"enabledWorkflows":[]},"_links":{"self":[{"href":"https:\/\/saude.ufpr.br\/pediatria\/wp-json\/wp\/v2\/pages\/20","targetHints":{"allow":["GET"]}}],"collection":[{"href":"https:\/\/saude.ufpr.br\/pediatria\/wp-json\/wp\/v2\/pages"}],"about":[{"href":"https:\/\/saude.ufpr.br\/pediatria\/wp-json\/wp\/v2\/types\/page"}],"author":[{"embeddable":true,"href":"https:\/\/saude.ufpr.br\/pediatria\/wp-json\/wp\/v2\/users\/15"}],"replies":[{"embeddable":true,"href":"https:\/\/saude.ufpr.br\/pediatria\/wp-json\/wp\/v2\/comments?post=20"}],"version-history":[{"count":6,"href":"https:\/\/saude.ufpr.br\/pediatria\/wp-json\/wp\/v2\/pages\/20\/revisions"}],"predecessor-version":[{"id":633,"href":"https:\/\/saude.ufpr.br\/pediatria\/wp-json\/wp\/v2\/pages\/20\/revisions\/633"}],"wp:attachment":[{"href":"https:\/\/saude.ufpr.br\/pediatria\/wp-json\/wp\/v2\/media?parent=20"}],"curies":[{"name":"wp","href":"https:\/\/api.w.org\/{rel}","templated":true}]}}

Missão

<p>O Departamento de Pediatria tem como missão o ensino e a pesquisa da Pediatria Geral e das Especialidades Pediátricas, visando capacitar os alunos para o atendimento, diagnóstico e o tratamento das doenças pediátricas, sempre sob orientação e supervisão docente.</p>
<p><img fetchpriority="high" decoding="async" class="alignnone size-medium wp-image-193" src="https://saude.ufpr.br/pediatria/wp-content/uploads/sites/55/2020/08/noticia_307919_img1_pediatra-300x242.jpg" alt="" width="300" height="242" srcset="https://saude.ufpr.br/pediatria/wp-content/uploads/sites/55/2020/08/noticia_307919_img1_pediatra-300x242.jpg 300w, https://saude.ufpr.br/pediatria/wp-content/uploads/sites/55/2020/08/noticia_307919_img1_pediatra.jpg 600w" sizes="(max-width: 300px) 100vw, 300px" /></p>

<p>O Departamento de Pediatria tem como missão o ensino e a pesquisa da Pediatria Geral e das Especialidades Pediátricas, visando capacitar os alunos para o atendimento, diagnóstico e o tratamento das doenças pediátricas, sempre sob orientação e supervisão docente.</p>

O Departamento de Pediatria tem como missão o ensino e a pesquisa da Pediatria Geral e das Especialidades Pediátricas, visando capacitar os alunos para o atendimento, diagnóstico e o tratamento das doenças pediátricas, sempre sob orientação e supervisão docente.
