{"id":34,"date":"2020-08-07T14:55:57","date_gmt":"2020-08-07T17:55:57","guid":{"rendered":"https:\/\/saude.ufpr.br\/pediatria\/?page_id=34"},"modified":"2025-03-28T08:57:03","modified_gmt":"2025-03-28T11:57:03","slug":"eventos-de-extensao","status":"publish","type":"page","link":"https:\/\/saude.ufpr.br\/pediatria\/eventos-de-extensao\/","title":{"rendered":"Atividade de extens\u00e3o"},"content":{"rendered":"<p><span style=\"color: #0000ff\"><strong>COMUNICA PEDIATRIA 2024<\/strong><\/span><\/p>\n<p>Coordena\u00e7\u00e3o: \u00a0Profa. Adriane Celli<\/p>\n<p>Equipe: Profa. Mariana Digiovanni Pechebea<\/p>\n<p><u>Objetivo Geral:<\/u><\/p>\n<p>&#8211; Capacitar estudantes de gradua\u00e7\u00e3o em medicina da UFPR a desenvolver habilidades semiol\u00f3gicas, diagn\u00f3sticas e terap\u00eauticas no atendimento da crian\u00e7a e do adolescente;<\/p>\n<p>&#8211; Oferecer avalia\u00e7\u00e3o e interven\u00e7\u00e3o pedi\u00e1trica especializada de qualidade para crian\u00e7as, adolescentes e familiares provenientes do Sistema \u00danico de Sa\u00fade;<\/p>\n<p>&#8211; Elaborar material educativo com informa\u00e7\u00f5es relacionadas \u00e0 sa\u00fade e promo\u00e7\u00e3o do bem-estar e qualidade de vida de crian\u00e7as e adolescentes para o acesso da comunidade.<\/p>\n<p><u>\u00a0Objetivos Espec\u00edficos:<\/u><\/p>\n<p>&#8211; Integrar os diferentes conhecimentos, habilidades e compet\u00eancias adquiridas e desenvolvidas nas disciplinas te\u00f3ricas e pr\u00e1ticas de Semiologia Pedi\u00e1trica e Pediatria Cl\u00ednica I e II;<\/p>\n<p>&#8211; Capacitar estudantes da gradua\u00e7\u00e3o em medicina da UFPR a realizar consultas pedi\u00e1tricas;<\/p>\n<p>&#8211; Capacitar estudantes da gradua\u00e7\u00e3o em medicina da UFPR a correlacionar sintomas e sinais com a anatomia e fisiopatologia, interpretar dados da observa\u00e7\u00e3o cl\u00ednica e interpretar exames complementares utilizados na pr\u00e1tica di\u00e1ria;<\/p>\n<p>&#8211; Capacitar estudantes da gradua\u00e7\u00e3o em medicina da UFPR ao atendimento de qualidade das doen\u00e7as mais frequentes na crian\u00e7a em diversas especialidades, incluindo: Neonatologia, Puericultura, Aten\u00e7\u00e3o Prim\u00e1ria, Neuropediatria, Gastropediatria, Endocrinopediatria, Infectopediatria, Pneumo \/Alergopediatria, Dermatopediatria, Urg\u00eancias e Emerg\u00eancias e Terapia<\/p>\n<p>&#8211; Intensiva a n\u00edvel ambulatorial e hospitalar;<\/p>\n<p>&#8211; Elaborar material educativo eletr\u00f4nico ou impresso (folders, cartilha) como atividade educativa em sa\u00fade;<\/p>\n<p>&#8211; Possibilitar a comunidade e aos discentes e envolvidos a amplia\u00e7\u00e3o dos conhecimentos;<\/p>\n<p>&#8211; Realizar intera\u00e7\u00e3o universidade e comunidade, visando refor\u00e7ar a promo\u00e7\u00e3o integral \u00e0 sa\u00fade.<\/p>\n","protected":false},"excerpt":{"rendered":"<p>COMUNICA PEDIATRIA 2024 Coordena\u00e7\u00e3o: \u00a0Profa. Adriane Celli Equipe: Profa. Mariana Digiovanni Pechebea Objetivo Geral: &#8211; Capacitar estudantes de gradua\u00e7\u00e3o em medicina da UFPR a desenvolver habilidades semiol\u00f3gicas, diagn\u00f3sticas e terap\u00eauticas no atendimento da crian\u00e7a e do adolescente; &#8211; Oferecer avalia\u00e7\u00e3o e interven\u00e7\u00e3o pedi\u00e1trica especializada de qualidade para crian\u00e7as, adolescentes e familiares provenientes do Sistema \u00danico<br \/> <a href=\"https:\/\/saude.ufpr.br\/pediatria\/eventos-de-extensao\/\" class=\"button success small readmore\">Leia mais<\/a><\/p>\n","protected":false},"author":15,"featured_media":0,"parent":0,"menu_order":0,"comment_status":"closed","ping_status":"closed","template":"","meta":{"_acf_changed":false,"_uag_custom_page_level_css":"","footnotes":""},"class_list":["post-34","page","type-page","status-publish","hentry"],"acf":[],"featured_image_src":null,"uagb_featured_image_src":{"full":false,"thumbnail":false,"medium":false,"medium_large":false,"large":false,"1536x1536":false,"2048x2048":false,"noticias-thumb":false,"banners-thumb":false,"maisnoticias-thumb":false,"post-thumbnail":false},"uagb_author_info":{"display_name":"Andrea Jankoski","author_link":"https:\/\/saude.ufpr.br\/pediatria\/author\/andrea\/"},"uagb_comment_info":0,"uagb_excerpt":"COMUNICA PEDIATRIA 2024 Coordena\u00e7\u00e3o: \u00a0Profa. Adriane Celli Equipe: Profa. Mariana Digiovanni Pechebea Objetivo Geral: &#8211; Capacitar estudantes de gradua\u00e7\u00e3o em medicina da UFPR a desenvolver habilidades semiol\u00f3gicas, diagn\u00f3sticas e terap\u00eauticas no atendimento da crian\u00e7a e do adolescente; &#8211; Oferecer avalia\u00e7\u00e3o e interven\u00e7\u00e3o pedi\u00e1trica especializada de qualidade para crian\u00e7as, adolescentes e familiares provenientes do Sistema \u00danico&hellip;","publishpress_future_action":{"enabled":false,"date":"2026-05-03 02:33:51","action":"change-status","newStatus":"draft","terms":[],"taxonomy":"","extraData":[]},"publishpress_future_workflow_manual_trigger":{"enabledWorkflows":[]},"_links":{"self":[{"href":"https:\/\/saude.ufpr.br\/pediatria\/wp-json\/wp\/v2\/pages\/34","targetHints":{"allow":["GET"]}}],"collection":[{"href":"https:\/\/saude.ufpr.br\/pediatria\/wp-json\/wp\/v2\/pages"}],"about":[{"href":"https:\/\/saude.ufpr.br\/pediatria\/wp-json\/wp\/v2\/types\/page"}],"author":[{"embeddable":true,"href":"https:\/\/saude.ufpr.br\/pediatria\/wp-json\/wp\/v2\/users\/15"}],"replies":[{"embeddable":true,"href":"https:\/\/saude.ufpr.br\/pediatria\/wp-json\/wp\/v2\/comments?post=34"}],"version-history":[{"count":9,"href":"https:\/\/saude.ufpr.br\/pediatria\/wp-json\/wp\/v2\/pages\/34\/revisions"}],"predecessor-version":[{"id":944,"href":"https:\/\/saude.ufpr.br\/pediatria\/wp-json\/wp\/v2\/pages\/34\/revisions\/944"}],"wp:attachment":[{"href":"https:\/\/saude.ufpr.br\/pediatria\/wp-json\/wp\/v2\/media?parent=34"}],"curies":[{"name":"wp","href":"https:\/\/api.w.org\/{rel}","templated":true}]}}

Atividade de extensão

<p><span style="color: #0000ff"><strong>COMUNICA PEDIATRIA 2024</strong></span></p>
<p>Coordenação:  Profa. Adriane Celli</p>
<p>Equipe: Profa. Mariana Digiovanni Pechebea</p>
<p><u>Objetivo Geral:</u></p>
<p>&#8211; Capacitar estudantes de graduação em medicina da UFPR a desenvolver habilidades semiológicas, diagnósticas e terapêuticas no atendimento da criança e do adolescente;</p>
<p>&#8211; Oferecer avaliação e intervenção pediátrica especializada de qualidade para crianças, adolescentes e familiares provenientes do Sistema Único de Saúde;</p>
<p>&#8211; Elaborar material educativo com informações relacionadas à saúde e promoção do bem-estar e qualidade de vida de crianças e adolescentes para o acesso da comunidade.</p>
<p><u> Objetivos Específicos:</u></p>
<p>&#8211; Integrar os diferentes conhecimentos, habilidades e competências adquiridas e desenvolvidas nas disciplinas teóricas e práticas de Semiologia Pediátrica e Pediatria Clínica I e II;</p>
<p>&#8211; Capacitar estudantes da graduação em medicina da UFPR a realizar consultas pediátricas;</p>
<p>&#8211; Capacitar estudantes da graduação em medicina da UFPR a correlacionar sintomas e sinais com a anatomia e fisiopatologia, interpretar dados da observação clínica e interpretar exames complementares utilizados na prática diária;</p>
<p>&#8211; Capacitar estudantes da graduação em medicina da UFPR ao atendimento de qualidade das doenças mais frequentes na criança em diversas especialidades, incluindo: Neonatologia, Puericultura, Atenção Primária, Neuropediatria, Gastropediatria, Endocrinopediatria, Infectopediatria, Pneumo /Alergopediatria, Dermatopediatria, Urgências e Emergências e Terapia</p>
<p>&#8211; Intensiva a nível ambulatorial e hospitalar;</p>
<p>&#8211; Elaborar material educativo eletrônico ou impresso (folders, cartilha) como atividade educativa em saúde;</p>
<p>&#8211; Possibilitar a comunidade e aos discentes e envolvidos a ampliação dos conhecimentos;</p>
<p>&#8211; Realizar interação universidade e comunidade, visando reforçar a promoção integral à saúde.</p>

<p>COMUNICA PEDIATRIA 2024 Coordenação:  Profa. Adriane Celli Equipe: Profa. Mariana Digiovanni Pechebea Objetivo Geral: &#8211; Capacitar estudantes de graduação em medicina da UFPR a desenvolver habilidades semiológicas, diagnósticas e terapêuticas no atendimento da criança e do adolescente; &#8211; Oferecer avaliação e intervenção pediátrica especializada de qualidade para crianças, adolescentes e familiares provenientes do Sistema Único<br /> <a href="https://saude.ufpr.br/pediatria/eventos-de-extensao/" class="button success small readmore">Leia mais</a></p>

COMUNICA PEDIATRIA 2024 Coordenação:  Profa. Adriane Celli Equipe: Profa. Mariana Digiovanni Pechebea Objetivo Geral: &#8211; Capacitar estudantes de graduação em medicina da UFPR a desenvolver habilidades semiológicas, diagnósticas e terapêuticas no atendimento da criança e do adolescente; &#8211; Oferecer avaliação e intervenção pediátrica especializada de qualidade para crianças, adolescentes e familiares provenientes do Sistema Único&hellip;
