{"id":462,"date":"2023-02-14T09:30:08","date_gmt":"2023-02-14T12:30:08","guid":{"rendered":"https:\/\/saude.ufpr.br\/pediatria\/?page_id=462"},"modified":"2025-11-27T11:03:02","modified_gmt":"2025-11-27T14:03:02","slug":"concursos","status":"publish","type":"page","link":"https:\/\/saude.ufpr.br\/pediatria\/concursos\/","title":{"rendered":"Concursos"},"content":{"rendered":"<p><em>Concursos e Testes Seletivos\u00a0 em andamento<\/em><\/p>\n<p>Teste Seletivo para Professor Substituto<\/p>\n<p>\u00c1rea de conhecimento: Endocrinologia Pedi\u00e1trica<\/p>\n<p>Mat\u00e9ria Espec\u00edfica: Endocrinologia Pedi\u00e1trica<\/p>\n<p><a href=\"https:\/\/saude.ufpr.br\/pediatria\/wp-content\/uploads\/sites\/55\/2025\/11\/Edital_n__331_2025_PROGEPE.pdf\">Edital_n__331_2025_PROGEPE<\/a><\/p>\n<p><a href=\"https:\/\/saude.ufpr.br\/pediatria\/wp-content\/uploads\/sites\/55\/2025\/11\/Proposta-de-Cronograma-Endocrinologia-1.pdf\">Proposta de Cronograma Endocrinologia<\/a><\/p>\n<p>PARECER FINAL<\/p>\n<p><strong><span style=\"color: #ff0000\"><em>Teste seletivo encerrado<\/em><\/span><\/strong><\/p>\n<p>&nbsp;<\/p>\n<p>Concurso Professor Assistente A<\/p>\n<p>\u00c1rea de Aten\u00e7\u00e3o: Pediatria Social<\/p>\n<p>Edital: <a href=\"https:\/\/saude.ufpr.br\/pediatria\/wp-content\/uploads\/sites\/55\/2025\/07\/ED_152_25_PROGEPE-1.pdf\">ED_152_25_PROGEPE (1)<\/a><\/p>\n<p><a href=\"https:\/\/saude.ufpr.br\/pediatria\/wp-content\/uploads\/sites\/55\/2025\/09\/edital233-25-Ped-Social.pdf\">edital233-25 Ped Social<\/a><\/p>\n<p><a href=\"https:\/\/saude.ufpr.br\/pediatria\/wp-content\/uploads\/sites\/55\/2025\/11\/PARECER-FINAL.pdf\">PARECER FINAL<\/a><\/p>\n<p><span style=\"color: #ff0000\"><em><strong>Concurso Encerrado<\/strong><\/em><\/span><\/p>\n<p>&nbsp;<\/p>\n<p>Teste Seletivo para Professor Substituto<\/p>\n<p>\u00c1rea de conhecimento: Gastroenterologia Pedi\u00e1trica<\/p>\n<p>Mat\u00e9ria Espec\u00edfica: Gastroenterologia Pedi\u00e1trica<\/p>\n<p>Edital: <a href=\"https:\/\/saude.ufpr.br\/pediatria\/wp-content\/uploads\/sites\/55\/2025\/09\/Edital_265_2025___PROGEPE.pdf\">Edital_265_2025___PROGEPE<\/a><\/p>\n<p><a href=\"https:\/\/saude.ufpr.br\/pediatria\/wp-content\/uploads\/sites\/55\/2025\/09\/Edital-Teste-Gastroenterologia.pdf\" target=\"_blank\" rel=\"noopener\">Edital Teste Gastroenterologia<\/a><\/p>\n<p><a href=\"https:\/\/saude.ufpr.br\/pediatria\/wp-content\/uploads\/sites\/55\/2025\/09\/Cronograma-Gastro.pdf\" target=\"_blank\" rel=\"noopener\">Cronograma Gastro<\/a><\/p>\n<p><a href=\"https:\/\/saude.ufpr.br\/pediatria\/wp-content\/uploads\/sites\/55\/2025\/09\/SEI_7769857_Informacao_8-Conteudo-Programatico.pdf\" target=\"_blank\" rel=\"noopener\">SEI_7769857_Informacao_8 Conte\u00fado Program\u00e1tico<\/a><\/p>\n<p><a href=\"https:\/\/saude.ufpr.br\/pediatria\/wp-content\/uploads\/sites\/55\/2025\/09\/Parecer-Final-da-Comissao-Julgadora.pdf\" target=\"_blank\" rel=\"noopener\">Parecer Final da Comiss\u00e3o Julgadora<\/a><\/p>\n<p><span style=\"color: #ff0000\"><em><strong>Teste Seletivo Encerrado<\/strong><\/em><\/span><\/p>\n<p>&nbsp;<\/p>\n<p>&nbsp;<\/p>\n","protected":false},"excerpt":{"rendered":"<p>Concursos e Testes Seletivos\u00a0 em andamento Teste Seletivo para Professor Substituto \u00c1rea de conhecimento: Endocrinologia Pedi\u00e1trica Mat\u00e9ria Espec\u00edfica: Endocrinologia Pedi\u00e1trica Edital_n__331_2025_PROGEPE Proposta de Cronograma Endocrinologia PARECER FINAL Teste seletivo encerrado &nbsp; Concurso Professor Assistente A \u00c1rea de Aten\u00e7\u00e3o: Pediatria Social Edital: ED_152_25_PROGEPE (1) edital233-25 Ped Social PARECER FINAL Concurso Encerrado &nbsp; Teste Seletivo para Professor<br \/> <a href=\"https:\/\/saude.ufpr.br\/pediatria\/concursos\/\" class=\"button success small readmore\">Leia mais<\/a><\/p>\n","protected":false},"author":15,"featured_media":0,"parent":0,"menu_order":0,"comment_status":"closed","ping_status":"closed","template":"","meta":{"_acf_changed":false,"_uag_custom_page_level_css":"","footnotes":""},"class_list":["post-462","page","type-page","status-publish","hentry"],"acf":[],"featured_image_src":null,"uagb_featured_image_src":{"full":false,"thumbnail":false,"medium":false,"medium_large":false,"large":false,"1536x1536":false,"2048x2048":false,"noticias-thumb":false,"banners-thumb":false,"maisnoticias-thumb":false,"post-thumbnail":false},"uagb_author_info":{"display_name":"Andrea Jankoski","author_link":"https:\/\/saude.ufpr.br\/pediatria\/author\/andrea\/"},"uagb_comment_info":0,"uagb_excerpt":"Concursos e Testes Seletivos\u00a0 em andamento Teste Seletivo para Professor Substituto \u00c1rea de conhecimento: Endocrinologia Pedi\u00e1trica Mat\u00e9ria Espec\u00edfica: Endocrinologia Pedi\u00e1trica Edital_n__331_2025_PROGEPE Proposta de Cronograma Endocrinologia PARECER FINAL Teste seletivo encerrado &nbsp; Concurso Professor Assistente A \u00c1rea de Aten\u00e7\u00e3o: Pediatria Social Edital: ED_152_25_PROGEPE (1) edital233-25 Ped Social PARECER FINAL Concurso Encerrado &nbsp; Teste Seletivo para Professor&hellip;","publishpress_future_action":{"enabled":false,"date":"2026-05-03 02:33:51","action":"change-status","newStatus":"draft","terms":[],"taxonomy":"","extraData":[]},"publishpress_future_workflow_manual_trigger":{"enabledWorkflows":[]},"_links":{"self":[{"href":"https:\/\/saude.ufpr.br\/pediatria\/wp-json\/wp\/v2\/pages\/462","targetHints":{"allow":["GET"]}}],"collection":[{"href":"https:\/\/saude.ufpr.br\/pediatria\/wp-json\/wp\/v2\/pages"}],"about":[{"href":"https:\/\/saude.ufpr.br\/pediatria\/wp-json\/wp\/v2\/types\/page"}],"author":[{"embeddable":true,"href":"https:\/\/saude.ufpr.br\/pediatria\/wp-json\/wp\/v2\/users\/15"}],"replies":[{"embeddable":true,"href":"https:\/\/saude.ufpr.br\/pediatria\/wp-json\/wp\/v2\/comments?post=462"}],"version-history":[{"count":90,"href":"https:\/\/saude.ufpr.br\/pediatria\/wp-json\/wp\/v2\/pages\/462\/revisions"}],"predecessor-version":[{"id":1037,"href":"https:\/\/saude.ufpr.br\/pediatria\/wp-json\/wp\/v2\/pages\/462\/revisions\/1037"}],"wp:attachment":[{"href":"https:\/\/saude.ufpr.br\/pediatria\/wp-json\/wp\/v2\/media?parent=462"}],"curies":[{"name":"wp","href":"https:\/\/api.w.org\/{rel}","templated":true}]}}

<p><em>Concursos e Testes Seletivos  em andamento</em></p>
<p>Teste Seletivo para Professor Substituto</p>
<p>Área de conhecimento: Endocrinologia Pediátrica</p>
<p>Matéria Específica: Endocrinologia Pediátrica</p>
<p><a href="https://saude.ufpr.br/pediatria/wp-content/uploads/sites/55/2025/11/Edital_n__331_2025_PROGEPE.pdf">Edital_n__331_2025_PROGEPE</a></p>
<p><a href="https://saude.ufpr.br/pediatria/wp-content/uploads/sites/55/2025/11/Proposta-de-Cronograma-Endocrinologia-1.pdf">Proposta de Cronograma Endocrinologia</a></p>
<p>PARECER FINAL</p>
<p><strong><span style="color: #ff0000"><em>Teste seletivo encerrado</em></span></strong></p>
<p>&nbsp;</p>
<p>Concurso Professor Assistente A</p>
<p>Área de Atenção: Pediatria Social</p>
<p>Edital: <a href="https://saude.ufpr.br/pediatria/wp-content/uploads/sites/55/2025/07/ED_152_25_PROGEPE-1.pdf">ED_152_25_PROGEPE (1)</a></p>
<p><a href="https://saude.ufpr.br/pediatria/wp-content/uploads/sites/55/2025/09/edital233-25-Ped-Social.pdf">edital233-25 Ped Social</a></p>
<p><a href="https://saude.ufpr.br/pediatria/wp-content/uploads/sites/55/2025/11/PARECER-FINAL.pdf">PARECER FINAL</a></p>
<p><span style="color: #ff0000"><em><strong>Concurso Encerrado</strong></em></span></p>
<p>&nbsp;</p>
<p>Teste Seletivo para Professor Substituto</p>
<p>Área de conhecimento: Gastroenterologia Pediátrica</p>
<p>Matéria Específica: Gastroenterologia Pediátrica</p>
<p>Edital: <a href="https://saude.ufpr.br/pediatria/wp-content/uploads/sites/55/2025/09/Edital_265_2025___PROGEPE.pdf">Edital_265_2025___PROGEPE</a></p>
<p><a href="https://saude.ufpr.br/pediatria/wp-content/uploads/sites/55/2025/09/Edital-Teste-Gastroenterologia.pdf" target="_blank" rel="noopener">Edital Teste Gastroenterologia</a></p>
<p><a href="https://saude.ufpr.br/pediatria/wp-content/uploads/sites/55/2025/09/Cronograma-Gastro.pdf" target="_blank" rel="noopener">Cronograma Gastro</a></p>
<p><a href="https://saude.ufpr.br/pediatria/wp-content/uploads/sites/55/2025/09/SEI_7769857_Informacao_8-Conteudo-Programatico.pdf" target="_blank" rel="noopener">SEI_7769857_Informacao_8 Conteúdo Programático</a></p>
<p><a href="https://saude.ufpr.br/pediatria/wp-content/uploads/sites/55/2025/09/Parecer-Final-da-Comissao-Julgadora.pdf" target="_blank" rel="noopener">Parecer Final da Comissão Julgadora</a></p>
<p><span style="color: #ff0000"><em><strong>Teste Seletivo Encerrado</strong></em></span></p>
<p>&nbsp;</p>
<p>&nbsp;</p>

<p>Concursos e Testes Seletivos  em andamento Teste Seletivo para Professor Substituto Área de conhecimento: Endocrinologia Pediátrica Matéria Específica: Endocrinologia Pediátrica Edital_n__331_2025_PROGEPE Proposta de Cronograma Endocrinologia PARECER FINAL Teste seletivo encerrado &nbsp; Concurso Professor Assistente A Área de Atenção: Pediatria Social Edital: ED_152_25_PROGEPE (1) edital233-25 Ped Social PARECER FINAL Concurso Encerrado &nbsp; Teste Seletivo para Professor<br /> <a href="https://saude.ufpr.br/pediatria/concursos/" class="button success small readmore">Leia mais</a></p>

Concursos e Testes Seletivos  em andamento Teste Seletivo para Professor Substituto Área de conhecimento: Endocrinologia Pediátrica Matéria Específica: Endocrinologia Pediátrica Edital_n__331_2025_PROGEPE Proposta de Cronograma Endocrinologia PARECER FINAL Teste seletivo encerrado &nbsp; Concurso Professor Assistente A Área de Atenção: Pediatria Social Edital: ED_152_25_PROGEPE (1) edital233-25 Ped Social PARECER FINAL Concurso Encerrado &nbsp; Teste Seletivo para Professor&hellip;
