{"id":9,"date":"2020-08-07T14:49:55","date_gmt":"2020-08-07T17:49:55","guid":{"rendered":"https:\/\/saude.ufpr.br\/pediatria\/?page_id=9"},"modified":"2025-03-28T09:10:29","modified_gmt":"2025-03-28T12:10:29","slug":"extensao","status":"publish","type":"page","link":"https:\/\/saude.ufpr.br\/pediatria\/extensao\/","title":{"rendered":"Extens\u00e3o"},"content":{"rendered":"<p><strong>T\u00edtulo: Educa\u00e7\u00e3o em Diabetes mellitus tipo I em Crian\u00e7as e Adolescentes<\/strong><\/p>\n<p><strong>Coordenador(a): Suzana Nesi Fran\u00e7a<\/strong><\/p>\n<p>Melhorar o conhecimento sobre diabetes tipo 1 na inf\u00e2ncia e adolesc\u00eancia e os cuidados com estes pacientes<\/p>\n<p>Objetivo Espec\u00edfico: 1.Desenvolver atividades de educa\u00e7\u00e3o em diabetes na inf\u00e2ncia. 2. Alertar para os sinais e sintomas de diabetes na inf\u00e2ncia permitindo o diagn\u00f3stico mais precoce, orientar sobre os cuidados necess\u00e1rios com uma crian\u00e7a ou adolescente portador de diabetes em todos os ambientes. 3. Promover melhorias no cuidado para o manejo da doen\u00e7a com o objetivo de melhorar a qualidade de vida e controle metab\u00f3lico de crian\u00e7as e adolescentes portadores de diabetes mellitus tipo 1.<\/p>\n<p><strong>T\u00edtulo: Resgate do Equil\u00edbrio Emocional e Desenvolvimento de Resili\u00eancia<\/strong><\/p>\n<p><strong>Coordenadora: Professora Adriane Celli<\/strong><\/p>\n<p><a href=\"https:\/\/saude.ufpr.br\/pediatria\/wp-content\/uploads\/sites\/55\/2022\/02\/EXTENSAO-resgate-do-equilibrio-emocional.pdf\" target=\"_blank\" rel=\"noopener\">EXTENS\u00c3O resgate do equil\u00edbrio emocional<\/a><\/p>\n<p><strong>T\u00edtulo: Liga Acad\u00eamica de Pediatria do Hospital de Cl\u00ednicas da UFPR<\/strong><\/p>\n<p><strong>Coordenador: Professor Fabiano Steil da Silva<\/strong><\/p>\n<p><a href=\"https:\/\/saude.ufpr.br\/pediatria\/wp-content\/uploads\/sites\/55\/2022\/02\/EXTENSAO-Liga.pdf\" target=\"_blank\" rel=\"noopener\">EXTENS\u00c3O Liga<\/a><\/p>\n<p><strong>T\u00edtulo<\/strong>: <strong>Clube da Dermatite 2\u00aa Edi\u00e7\u00e3o<\/strong><\/p>\n<p><strong>Coordenadora: Professora V\u00e2nia Oliveira de Carvalho<\/strong><\/p>\n<p><a href=\"https:\/\/saude.ufpr.br\/pediatria\/wp-content\/uploads\/sites\/55\/2022\/06\/Projeto-de-Extensao-Clube-da-Dermatite.pdf\" target=\"_blank\" rel=\"noopener\">Projeto de Extens\u00e3o Clube da Dermatite<\/a><\/p>\n<p><a href=\"http:\/\/Dermatologia Pedi\u00e1tricahttp:\/\/www.dermatopediatria.com\" target=\"_blank\" rel=\"noopener\">http:\/\/Dermatologia Pedi\u00e1tricahttp:\/\/www.dermatopediatria.com<\/a><\/p>\n","protected":false},"excerpt":{"rendered":"<p>T\u00edtulo: Educa\u00e7\u00e3o em Diabetes mellitus tipo I em Crian\u00e7as e Adolescentes Coordenador(a): Suzana Nesi Fran\u00e7a Melhorar o conhecimento sobre diabetes tipo 1 na inf\u00e2ncia e adolesc\u00eancia e os cuidados com estes pacientes Objetivo Espec\u00edfico: 1.Desenvolver atividades de educa\u00e7\u00e3o em diabetes na inf\u00e2ncia. 2. Alertar para os sinais e sintomas de diabetes na inf\u00e2ncia permitindo o<br \/> <a href=\"https:\/\/saude.ufpr.br\/pediatria\/extensao\/\" class=\"button success small readmore\">Leia mais<\/a><\/p>\n","protected":false},"author":15,"featured_media":0,"parent":0,"menu_order":0,"comment_status":"closed","ping_status":"closed","template":"","meta":{"_acf_changed":false,"_uag_custom_page_level_css":"","footnotes":""},"class_list":["post-9","page","type-page","status-publish","hentry"],"acf":[],"featured_image_src":null,"uagb_featured_image_src":{"full":false,"thumbnail":false,"medium":false,"medium_large":false,"large":false,"1536x1536":false,"2048x2048":false,"noticias-thumb":false,"banners-thumb":false,"maisnoticias-thumb":false,"post-thumbnail":false},"uagb_author_info":{"display_name":"Andrea Jankoski","author_link":"https:\/\/saude.ufpr.br\/pediatria\/author\/andrea\/"},"uagb_comment_info":0,"uagb_excerpt":"T\u00edtulo: Educa\u00e7\u00e3o em Diabetes mellitus tipo I em Crian\u00e7as e Adolescentes Coordenador(a): Suzana Nesi Fran\u00e7a Melhorar o conhecimento sobre diabetes tipo 1 na inf\u00e2ncia e adolesc\u00eancia e os cuidados com estes pacientes Objetivo Espec\u00edfico: 1.Desenvolver atividades de educa\u00e7\u00e3o em diabetes na inf\u00e2ncia. 2. Alertar para os sinais e sintomas de diabetes na inf\u00e2ncia permitindo o&hellip;","publishpress_future_action":{"enabled":false,"date":"2026-05-03 02:33:53","action":"change-status","newStatus":"draft","terms":[],"taxonomy":"","extraData":[]},"publishpress_future_workflow_manual_trigger":{"enabledWorkflows":[]},"_links":{"self":[{"href":"https:\/\/saude.ufpr.br\/pediatria\/wp-json\/wp\/v2\/pages\/9","targetHints":{"allow":["GET"]}}],"collection":[{"href":"https:\/\/saude.ufpr.br\/pediatria\/wp-json\/wp\/v2\/pages"}],"about":[{"href":"https:\/\/saude.ufpr.br\/pediatria\/wp-json\/wp\/v2\/types\/page"}],"author":[{"embeddable":true,"href":"https:\/\/saude.ufpr.br\/pediatria\/wp-json\/wp\/v2\/users\/15"}],"replies":[{"embeddable":true,"href":"https:\/\/saude.ufpr.br\/pediatria\/wp-json\/wp\/v2\/comments?post=9"}],"version-history":[{"count":11,"href":"https:\/\/saude.ufpr.br\/pediatria\/wp-json\/wp\/v2\/pages\/9\/revisions"}],"predecessor-version":[{"id":947,"href":"https:\/\/saude.ufpr.br\/pediatria\/wp-json\/wp\/v2\/pages\/9\/revisions\/947"}],"wp:attachment":[{"href":"https:\/\/saude.ufpr.br\/pediatria\/wp-json\/wp\/v2\/media?parent=9"}],"curies":[{"name":"wp","href":"https:\/\/api.w.org\/{rel}","templated":true}]}}

Extensão

<p><strong>Título: Educação em Diabetes mellitus tipo I em Crianças e Adolescentes</strong></p>
<p><strong>Coordenador(a): Suzana Nesi França</strong></p>
<p>Melhorar o conhecimento sobre diabetes tipo 1 na infância e adolescência e os cuidados com estes pacientes</p>
<p>Objetivo Específico: 1.Desenvolver atividades de educação em diabetes na infância. 2. Alertar para os sinais e sintomas de diabetes na infância permitindo o diagnóstico mais precoce, orientar sobre os cuidados necessários com uma criança ou adolescente portador de diabetes em todos os ambientes. 3. Promover melhorias no cuidado para o manejo da doença com o objetivo de melhorar a qualidade de vida e controle metabólico de crianças e adolescentes portadores de diabetes mellitus tipo 1.</p>
<p><strong>Título: Resgate do Equilíbrio Emocional e Desenvolvimento de Resiliência</strong></p>
<p><strong>Coordenadora: Professora Adriane Celli</strong></p>
<p><a href="https://saude.ufpr.br/pediatria/wp-content/uploads/sites/55/2022/02/EXTENSAO-resgate-do-equilibrio-emocional.pdf" target="_blank" rel="noopener">EXTENSÃO resgate do equilíbrio emocional</a></p>
<p><strong>Título: Liga Acadêmica de Pediatria do Hospital de Clínicas da UFPR</strong></p>
<p><strong>Coordenador: Professor Fabiano Steil da Silva</strong></p>
<p><a href="https://saude.ufpr.br/pediatria/wp-content/uploads/sites/55/2022/02/EXTENSAO-Liga.pdf" target="_blank" rel="noopener">EXTENSÃO Liga</a></p>
<p><strong>Título</strong>: <strong>Clube da Dermatite 2ª Edição</strong></p>
<p><strong>Coordenadora: Professora Vânia Oliveira de Carvalho</strong></p>
<p><a href="https://saude.ufpr.br/pediatria/wp-content/uploads/sites/55/2022/06/Projeto-de-Extensao-Clube-da-Dermatite.pdf" target="_blank" rel="noopener">Projeto de Extensão Clube da Dermatite</a></p>
<p><a href="http://Dermatologia Pediátricahttp://www.dermatopediatria.com" target="_blank" rel="noopener">http://Dermatologia Pediátricahttp://www.dermatopediatria.com</a></p>

<p>Título: Educação em Diabetes mellitus tipo I em Crianças e Adolescentes Coordenador(a): Suzana Nesi França Melhorar o conhecimento sobre diabetes tipo 1 na infância e adolescência e os cuidados com estes pacientes Objetivo Específico: 1.Desenvolver atividades de educação em diabetes na infância. 2. Alertar para os sinais e sintomas de diabetes na infância permitindo o<br /> <a href="https://saude.ufpr.br/pediatria/extensao/" class="button success small readmore">Leia mais</a></p>

Título: Educação em Diabetes mellitus tipo I em Crianças e Adolescentes Coordenador(a): Suzana Nesi França Melhorar o conhecimento sobre diabetes tipo 1 na infância e adolescência e os cuidados com estes pacientes Objetivo Específico: 1.Desenvolver atividades de educação em diabetes na infância. 2. Alertar para os sinais e sintomas de diabetes na infância permitindo o&hellip;
