{"id":3009,"date":"2017-10-31T09:20:00","date_gmt":"2017-10-31T11:20:00","guid":{"rendered":"https:\/\/saude.ufpr.br\/revistacogitare\/?page_id=3009"},"modified":"2025-10-28T14:11:45","modified_gmt":"2025-10-28T17:11:45","slug":"edicao-atual-v-22-n-4-out-dez-2017","status":"publish","type":"page","link":"https:\/\/saude.ufpr.br\/revistacogitare\/","title":{"rendered":""},"content":{"rendered":"<div id=\"attachment_7039\" style=\"width: 829px\" class=\"wp-caption aligncenter\"><a href=\"https:\/\/revistas.ufpr.br\/cogitare\"><img fetchpriority=\"high\" decoding=\"async\" aria-describedby=\"caption-attachment-7039\" class=\"wp-image-7039 size-large\" src=\"https:\/\/saude.ufpr.br\/revistacogitare\/wp-content\/uploads\/sites\/28\/2025\/08\/Informe-819x1024.jpg\" alt=\"Imagem escrito: Aten\u00e7\u00e3o - Este site est\u00e1 sendo desativado. Acesse: www.revistas.ufpr.br\/cogitare\" width=\"819\" height=\"1024\" srcset=\"https:\/\/saude.ufpr.br\/revistacogitare\/wp-content\/uploads\/sites\/28\/2025\/08\/Informe-819x1024.jpg 819w, https:\/\/saude.ufpr.br\/revistacogitare\/wp-content\/uploads\/sites\/28\/2025\/08\/Informe-240x300.jpg 240w, https:\/\/saude.ufpr.br\/revistacogitare\/wp-content\/uploads\/sites\/28\/2025\/08\/Informe-768x960.jpg 768w, https:\/\/saude.ufpr.br\/revistacogitare\/wp-content\/uploads\/sites\/28\/2025\/08\/Informe.jpg 1080w\" sizes=\"(max-width: 819px) 100vw, 819px\" \/><\/a><p id=\"caption-attachment-7039\" class=\"wp-caption-text\">Clique na imagem para ser direcionado ao nosso site oficial.<\/p><\/div>\n<div>\n<div>\n<div>\n<div>\n<div>\n<div>\n<div>\n<div>\n<div>\n<p>&nbsp;<\/p>\n<\/div>\n<\/div>\n<\/div>\n<\/div>\n<\/div>\n<\/div>\n<\/div>\n<\/div>\n<\/div>\n<p>&nbsp;<\/p>\n<h3 style=\"text-align: left\"><strong><span style=\"color: #000000;font-family: Calibri, sans-serif\">Cogitare nas Redes Sociais:<\/span><\/strong><\/h3>\n<p><a href=\"https:\/\/www.facebook.com\/revistacogitareenfermagem\"><img decoding=\"async\" class=\"wp-image-6255 alignleft\" src=\"https:\/\/saude.ufpr.br\/revistacogitare\/wp-content\/uploads\/sites\/28\/2022\/09\/facebook-1.png\" alt=\"\" width=\"75\" height=\"75\" srcset=\"https:\/\/saude.ufpr.br\/revistacogitare\/wp-content\/uploads\/sites\/28\/2022\/09\/facebook-1.png 512w, https:\/\/saude.ufpr.br\/revistacogitare\/wp-content\/uploads\/sites\/28\/2022\/09\/facebook-1-300x300.png 300w, https:\/\/saude.ufpr.br\/revistacogitare\/wp-content\/uploads\/sites\/28\/2022\/09\/facebook-1-150x150.png 150w\" sizes=\"(max-width: 75px) 100vw, 75px\" \/><\/a><\/p>\n<p><a href=\"https:\/\/www.instagram.com\/revistacogitarenfermagem\/\"><img decoding=\"async\" class=\"wp-image-6257 alignleft\" src=\"https:\/\/saude.ufpr.br\/revistacogitare\/wp-content\/uploads\/sites\/28\/2022\/09\/instagram-1.png\" alt=\"\" width=\"75\" height=\"75\" srcset=\"https:\/\/saude.ufpr.br\/revistacogitare\/wp-content\/uploads\/sites\/28\/2022\/09\/instagram-1.png 512w, https:\/\/saude.ufpr.br\/revistacogitare\/wp-content\/uploads\/sites\/28\/2022\/09\/instagram-1-300x300.png 300w, https:\/\/saude.ufpr.br\/revistacogitare\/wp-content\/uploads\/sites\/28\/2022\/09\/instagram-1-150x150.png 150w\" sizes=\"(max-width: 75px) 100vw, 75px\" \/><\/a><\/p>\n","protected":false},"excerpt":{"rendered":"<p>&nbsp; &nbsp; Cogitare nas Redes Sociais:<\/p>\n","protected":false},"author":1601,"featured_media":0,"parent":0,"menu_order":0,"comment_status":"closed","ping_status":"closed","template":"","meta":{"_acf_changed":false,"_uag_custom_page_level_css":"","footnotes":""},"class_list":["post-3009","page","type-page","status-publish","hentry"],"acf":[],"featured_image_src":null,"uagb_featured_image_src":{"full":false,"thumbnail":false,"medium":false,"medium_large":false,"large":false,"1536x1536":false,"2048x2048":false,"noticias-thumb":false,"banners-thumb":false,"maisnoticias-thumb":false},"uagb_author_info":{"display_name":"Luciana Kalinke","author_link":"https:\/\/saude.ufpr.br\/revistacogitare\/author\/luciana\/"},"uagb_comment_info":0,"uagb_excerpt":"&nbsp; &nbsp; Cogitare nas Redes Sociais:","publishpress_future_action":{"enabled":false,"date":"2026-05-02 02:49:22","action":"change-status","newStatus":"draft","terms":[],"taxonomy":"","extraData":[]},"publishpress_future_workflow_manual_trigger":{"enabledWorkflows":[]},"_links":{"self":[{"href":"https:\/\/saude.ufpr.br\/revistacogitare\/wp-json\/wp\/v2\/pages\/3009","targetHints":{"allow":["GET"]}}],"collection":[{"href":"https:\/\/saude.ufpr.br\/revistacogitare\/wp-json\/wp\/v2\/pages"}],"about":[{"href":"https:\/\/saude.ufpr.br\/revistacogitare\/wp-json\/wp\/v2\/types\/page"}],"author":[{"embeddable":true,"href":"https:\/\/saude.ufpr.br\/revistacogitare\/wp-json\/wp\/v2\/users\/1601"}],"replies":[{"embeddable":true,"href":"https:\/\/saude.ufpr.br\/revistacogitare\/wp-json\/wp\/v2\/comments?post=3009"}],"version-history":[{"count":1180,"href":"https:\/\/saude.ufpr.br\/revistacogitare\/wp-json\/wp\/v2\/pages\/3009\/revisions"}],"predecessor-version":[{"id":7091,"href":"https:\/\/saude.ufpr.br\/revistacogitare\/wp-json\/wp\/v2\/pages\/3009\/revisions\/7091"}],"wp:attachment":[{"href":"https:\/\/saude.ufpr.br\/revistacogitare\/wp-json\/wp\/v2\/media?parent=3009"}],"curies":[{"name":"wp","href":"https:\/\/api.w.org\/{rel}","templated":true}]}}