{"id":100,"date":"2016-09-28T19:55:09","date_gmt":"2016-09-28T19:55:09","guid":{"rendered":"https:\/\/saude.ufpr.br\/saudecomunitaria\/?page_id=100"},"modified":"2021-11-08T14:42:06","modified_gmt":"2021-11-08T17:42:06","slug":"medicina-veterinaria","status":"publish","type":"page","link":"https:\/\/saude.ufpr.br\/saudecoletiva\/medicina-veterinaria\/","title":{"rendered":"Medicina Veterin\u00e1ria"},"content":{"rendered":"<table style=\"height: 287px\" width=\"1275\">\n<tbody>\n<tr>\n<td width=\"239\"><strong>C\u00d3DIGO\/ DISCIPLINA<\/strong><\/td>\n<td width=\"225\"><strong>DOCENTE<\/strong><\/td>\n<\/tr>\n<tr>\n<td width=\"239\">MS012 \u2013 Sa\u00fade P\u00fablica Veterin\u00e1ria<\/td>\n<td width=\"225\">Marcia Oliveira Lopes<br \/>\nVivien Midori Morikawa<\/td>\n<\/tr>\n<tr>\n<td width=\"239\">MS030 \u2013 Epidemiologia Veterin\u00e1ria<\/td>\n<td width=\"225\">Lineu Roberto<\/td>\n<\/tr>\n<tr>\n<td width=\"239\">MS047 \u2013 Est\u00e1gio em Sa\u00fade P\u00fablica<\/td>\n<td width=\"225\">Vivien Midori Morikawa<\/td>\n<\/tr>\n<tr>\n<td width=\"239\">MS099 \u2013 Vigil\u00e2ncia Sanit\u00e1ria e Seguran\u00e7a de Alimentos<\/td>\n<td width=\"225\">Marcia Oliveira Lopes<br \/>\nVivien Midori Morikawa<\/td>\n<\/tr>\n<tr>\n<td width=\"239\">MS100 \u2013 Sa\u00fade Ambiental e Biosseguran\u00e7a<\/td>\n<td width=\"225\">Marcia Oliveira Lopes<\/td>\n<\/tr>\n<tr>\n<td width=\"239\">MS105 \u2013 Viv\u00eancia em Sa\u00fade P\u00fablica Veterin\u00e1ria<\/td>\n<td width=\"225\">Marcia Oliveira Lopes<br \/>\nVivien Midori Morikawa<\/td>\n<\/tr>\n<\/tbody>\n<\/table>\n","protected":false},"excerpt":{"rendered":"<p>C\u00d3DIGO\/ DISCIPLINA DOCENTE MS012 \u2013 Sa\u00fade P\u00fablica Veterin\u00e1ria Marcia Oliveira Lopes Vivien Midori Morikawa MS030 \u2013 Epidemiologia Veterin\u00e1ria Lineu Roberto MS047 \u2013 Est\u00e1gio em Sa\u00fade P\u00fablica Vivien Midori Morikawa MS099 \u2013 Vigil\u00e2ncia Sanit\u00e1ria e Seguran\u00e7a de Alimentos Marcia Oliveira Lopes Vivien Midori Morikawa MS100 \u2013 Sa\u00fade Ambiental e Biosseguran\u00e7a Marcia Oliveira Lopes MS105 \u2013 Viv\u00eancia<br \/> <a href=\"https:\/\/saude.ufpr.br\/saudecoletiva\/medicina-veterinaria\/\" class=\"button success small readmore\">Leia mais<\/a><\/p>\n","protected":false},"author":15,"featured_media":0,"parent":0,"menu_order":0,"comment_status":"closed","ping_status":"closed","template":"","meta":{"_acf_changed":false,"_uag_custom_page_level_css":"","footnotes":""},"class_list":["post-100","page","type-page","status-publish","hentry"],"acf":[],"featured_image_src":null,"uagb_featured_image_src":{"full":false,"thumbnail":false,"medium":false,"medium_large":false,"large":false,"1536x1536":false,"2048x2048":false,"noticias-thumb":false,"banners-thumb":false,"maisnoticias-thumb":false,"post-thumbnail":false},"uagb_author_info":{"display_name":"Andrea Jankoski","author_link":"https:\/\/saude.ufpr.br\/saudecoletiva\/author\/andrea\/"},"uagb_comment_info":0,"uagb_excerpt":"C\u00d3DIGO\/ DISCIPLINA DOCENTE MS012 \u2013 Sa\u00fade P\u00fablica Veterin\u00e1ria Marcia Oliveira Lopes Vivien Midori Morikawa MS030 \u2013 Epidemiologia Veterin\u00e1ria Lineu Roberto MS047 \u2013 Est\u00e1gio em Sa\u00fade P\u00fablica Vivien Midori Morikawa MS099 \u2013 Vigil\u00e2ncia Sanit\u00e1ria e Seguran\u00e7a de Alimentos Marcia Oliveira Lopes Vivien Midori Morikawa MS100 \u2013 Sa\u00fade Ambiental e Biosseguran\u00e7a Marcia Oliveira Lopes MS105 \u2013 Viv\u00eancia&hellip;","publishpress_future_action":{"enabled":false,"date":"2026-04-10 16:49:01","action":"change-status","newStatus":"draft","terms":[],"taxonomy":"","extraData":[]},"publishpress_future_workflow_manual_trigger":{"enabledWorkflows":[]},"_links":{"self":[{"href":"https:\/\/saude.ufpr.br\/saudecoletiva\/wp-json\/wp\/v2\/pages\/100","targetHints":{"allow":["GET"]}}],"collection":[{"href":"https:\/\/saude.ufpr.br\/saudecoletiva\/wp-json\/wp\/v2\/pages"}],"about":[{"href":"https:\/\/saude.ufpr.br\/saudecoletiva\/wp-json\/wp\/v2\/types\/page"}],"author":[{"embeddable":true,"href":"https:\/\/saude.ufpr.br\/saudecoletiva\/wp-json\/wp\/v2\/users\/15"}],"replies":[{"embeddable":true,"href":"https:\/\/saude.ufpr.br\/saudecoletiva\/wp-json\/wp\/v2\/comments?post=100"}],"version-history":[{"count":10,"href":"https:\/\/saude.ufpr.br\/saudecoletiva\/wp-json\/wp\/v2\/pages\/100\/revisions"}],"predecessor-version":[{"id":1569,"href":"https:\/\/saude.ufpr.br\/saudecoletiva\/wp-json\/wp\/v2\/pages\/100\/revisions\/1569"}],"wp:attachment":[{"href":"https:\/\/saude.ufpr.br\/saudecoletiva\/wp-json\/wp\/v2\/media?parent=100"}],"curies":[{"name":"wp","href":"https:\/\/api.w.org\/{rel}","templated":true}]}}