{"id":84,"date":"2016-09-28T19:52:24","date_gmt":"2016-09-28T19:52:24","guid":{"rendered":"https:\/\/saude.ufpr.br\/saudecomunitaria\/?page_id=84"},"modified":"2025-02-13T14:34:53","modified_gmt":"2025-02-13T17:34:53","slug":"chefia","status":"publish","type":"page","link":"https:\/\/saude.ufpr.br\/saudecoletiva\/chefia\/","title":{"rendered":"Chefia"},"content":{"rendered":"<h5><span style=\"color: #ff6600\"><strong><a href=\"https:\/\/saude.ufpr.br\/wp-content\/uploads\/2015\/03\/bul_red.gif\"><img decoding=\"async\" class=\"alignnone size-medium wp-image-615\" src=\"https:\/\/saude.ufpr.br\/wp-content\/uploads\/2015\/03\/bul_red.gif\" alt=\"bul_red\" width=\"15\" height=\"10\" \/><\/a><\/strong><\/span><strong>Chefe<\/strong>: Solena Ziemer Kusma Fidalski<\/h5>\n<h5><span style=\"color: #ff6600\"><strong><a href=\"https:\/\/saude.ufpr.br\/wp-content\/uploads\/2015\/03\/bul_red.gif\"><img decoding=\"async\" class=\"alignnone size-medium wp-image-615\" src=\"https:\/\/saude.ufpr.br\/wp-content\/uploads\/2015\/03\/bul_red.gif\" alt=\"bul_red\" width=\"15\" height=\"10\" \/><\/a><\/strong><\/span><strong>Suplente<\/strong>: Sonia Mara Raboni<\/h5>\n<h5><span style=\"color: #ff6600\"><strong><a href=\"https:\/\/saude.ufpr.br\/wp-content\/uploads\/2015\/03\/bul_red.gif\"><img decoding=\"async\" class=\"alignnone size-medium wp-image-615\" src=\"https:\/\/saude.ufpr.br\/wp-content\/uploads\/2015\/03\/bul_red.gif\" alt=\"bul_red\" width=\"15\" height=\"10\" \/><\/a><\/strong><\/span><strong>Mandato<\/strong>: 03\/06\/2024 a 02\/06\/2026<\/h5>\n<h5><span style=\"color: #ff6600\"><strong><a href=\"https:\/\/saude.ufpr.br\/wp-content\/uploads\/2015\/03\/bul_red.gif\"><img decoding=\"async\" class=\"alignnone size-medium wp-image-615\" src=\"https:\/\/saude.ufpr.br\/wp-content\/uploads\/2015\/03\/bul_red.gif\" alt=\"bul_red\" width=\"15\" height=\"10\" \/><\/a><\/strong><\/span><strong>Decano<\/strong>: Fl\u00e1vio de Queiroz Telles Filho<\/h5>\n<p>&nbsp;<\/p>\n<p><a href=\"https:\/\/saude.ufpr.br\/saudecoletiva\/wp-content\/uploads\/sites\/30\/2025\/02\/2024.05.15-Portaria-de-nomeacao-Chefia-do-DSC-1.pdf\">Portaria de nomea\u00e7\u00e3o da Chefia do DSC<\/a><\/p>\n<p><a href=\"https:\/\/saude.ufpr.br\/saudecoletiva\/wp-content\/uploads\/sites\/30\/2025\/02\/2024.05.15-Portaria-de-nomeacao-suplente-da-Chefia-do-DSC.pdf\">Portaria de nomea\u00e7\u00e3o de suplente da Chefia do DSC<\/a><\/p>\n","protected":false},"excerpt":{"rendered":"<p>Chefe: Solena Ziemer Kusma Fidalski Suplente: Sonia Mara Raboni Mandato: 03\/06\/2024 a 02\/06\/2026 Decano: Fl\u00e1vio de Queiroz Telles Filho &nbsp; Portaria de nomea\u00e7\u00e3o da Chefia do DSC Portaria de nomea\u00e7\u00e3o de suplente da Chefia do DSC<\/p>\n","protected":false},"author":15,"featured_media":0,"parent":0,"menu_order":0,"comment_status":"closed","ping_status":"closed","template":"","meta":{"_acf_changed":false,"_uag_custom_page_level_css":"","footnotes":""},"class_list":["post-84","page","type-page","status-publish","hentry"],"acf":[],"featured_image_src":null,"uagb_featured_image_src":{"full":false,"thumbnail":false,"medium":false,"medium_large":false,"large":false,"1536x1536":false,"2048x2048":false,"noticias-thumb":false,"banners-thumb":false,"maisnoticias-thumb":false,"post-thumbnail":false},"uagb_author_info":{"display_name":"Andrea Jankoski","author_link":"https:\/\/saude.ufpr.br\/saudecoletiva\/author\/andrea\/"},"uagb_comment_info":0,"uagb_excerpt":"Chefe: Solena Ziemer Kusma Fidalski Suplente: Sonia Mara Raboni Mandato: 03\/06\/2024 a 02\/06\/2026 Decano: Fl\u00e1vio de Queiroz Telles Filho &nbsp; Portaria de nomea\u00e7\u00e3o da Chefia do DSC Portaria de nomea\u00e7\u00e3o de suplente da Chefia do DSC","publishpress_future_action":{"enabled":false,"date":"2026-05-02 05:05:47","action":"change-status","newStatus":"draft","terms":[],"taxonomy":"","extraData":[]},"publishpress_future_workflow_manual_trigger":{"enabledWorkflows":[]},"_links":{"self":[{"href":"https:\/\/saude.ufpr.br\/saudecoletiva\/wp-json\/wp\/v2\/pages\/84","targetHints":{"allow":["GET"]}}],"collection":[{"href":"https:\/\/saude.ufpr.br\/saudecoletiva\/wp-json\/wp\/v2\/pages"}],"about":[{"href":"https:\/\/saude.ufpr.br\/saudecoletiva\/wp-json\/wp\/v2\/types\/page"}],"author":[{"embeddable":true,"href":"https:\/\/saude.ufpr.br\/saudecoletiva\/wp-json\/wp\/v2\/users\/15"}],"replies":[{"embeddable":true,"href":"https:\/\/saude.ufpr.br\/saudecoletiva\/wp-json\/wp\/v2\/comments?post=84"}],"version-history":[{"count":16,"href":"https:\/\/saude.ufpr.br\/saudecoletiva\/wp-json\/wp\/v2\/pages\/84\/revisions"}],"predecessor-version":[{"id":2264,"href":"https:\/\/saude.ufpr.br\/saudecoletiva\/wp-json\/wp\/v2\/pages\/84\/revisions\/2264"}],"wp:attachment":[{"href":"https:\/\/saude.ufpr.br\/saudecoletiva\/wp-json\/wp\/v2\/media?parent=84"}],"curies":[{"name":"wp","href":"https:\/\/api.w.org\/{rel}","templated":true}]}}

<h5><span style="color: #ff6600"><strong><a href="https://saude.ufpr.br/wp-content/uploads/2015/03/bul_red.gif"><img decoding="async" class="alignnone size-medium wp-image-615" src="https://saude.ufpr.br/wp-content/uploads/2015/03/bul_red.gif" alt="bul_red" width="15" height="10" /></a></strong></span><strong>Chefe</strong>: Solena Ziemer Kusma Fidalski</h5>
<h5><span style="color: #ff6600"><strong><a href="https://saude.ufpr.br/wp-content/uploads/2015/03/bul_red.gif"><img decoding="async" class="alignnone size-medium wp-image-615" src="https://saude.ufpr.br/wp-content/uploads/2015/03/bul_red.gif" alt="bul_red" width="15" height="10" /></a></strong></span><strong>Suplente</strong>: Sonia Mara Raboni</h5>
<h5><span style="color: #ff6600"><strong><a href="https://saude.ufpr.br/wp-content/uploads/2015/03/bul_red.gif"><img decoding="async" class="alignnone size-medium wp-image-615" src="https://saude.ufpr.br/wp-content/uploads/2015/03/bul_red.gif" alt="bul_red" width="15" height="10" /></a></strong></span><strong>Mandato</strong>: 03/06/2024 a 02/06/2026</h5>
<h5><span style="color: #ff6600"><strong><a href="https://saude.ufpr.br/wp-content/uploads/2015/03/bul_red.gif"><img decoding="async" class="alignnone size-medium wp-image-615" src="https://saude.ufpr.br/wp-content/uploads/2015/03/bul_red.gif" alt="bul_red" width="15" height="10" /></a></strong></span><strong>Decano</strong>: Flávio de Queiroz Telles Filho</h5>
<p>&nbsp;</p>
<p><a href="https://saude.ufpr.br/saudecoletiva/wp-content/uploads/sites/30/2025/02/2024.05.15-Portaria-de-nomeacao-Chefia-do-DSC-1.pdf">Portaria de nomeação da Chefia do DSC</a></p>
<p><a href="https://saude.ufpr.br/saudecoletiva/wp-content/uploads/sites/30/2025/02/2024.05.15-Portaria-de-nomeacao-suplente-da-Chefia-do-DSC.pdf">Portaria de nomeação de suplente da Chefia do DSC</a></p>

<p>Chefe: Solena Ziemer Kusma Fidalski Suplente: Sonia Mara Raboni Mandato: 03/06/2024 a 02/06/2026 Decano: Flávio de Queiroz Telles Filho &nbsp; Portaria de nomeação da Chefia do DSC Portaria de nomeação de suplente da Chefia do DSC</p>

Chefe: Solena Ziemer Kusma Fidalski Suplente: Sonia Mara Raboni Mandato: 03/06/2024 a 02/06/2026 Decano: Flávio de Queiroz Telles Filho &nbsp; Portaria de nomeação da Chefia do DSC Portaria de nomeação de suplente da Chefia do DSC
