{"id":86,"date":"2016-09-28T19:52:35","date_gmt":"2016-09-28T19:52:35","guid":{"rendered":"https:\/\/saude.ufpr.br\/saudecomunitaria\/?page_id=86"},"modified":"2025-02-13T15:17:19","modified_gmt":"2025-02-13T18:17:19","slug":"secretaria","status":"publish","type":"page","link":"https:\/\/saude.ufpr.br\/saudecoletiva\/secretaria\/","title":{"rendered":"Secretaria"},"content":{"rendered":"<h5><strong><a href=\"https:\/\/saude.ufpr.br\/wp-content\/uploads\/2015\/03\/bul_red.gif\"><img loading=\"lazy\" decoding=\"async\" class=\"alignnone size-medium wp-image-615\" src=\"https:\/\/saude.ufpr.br\/wp-content\/uploads\/2015\/03\/bul_red.gif\" alt=\"bul_red\" width=\"15\" height=\"10\" \/><\/a><\/strong>Secret\u00e1rio: Vagner Blenski<\/h5>\n<hr \/>\n<h5 style=\"text-align: center\"><span style=\"color: #003300\"><strong>Hor\u00e1rio de atendimento ao p\u00fablicio: <\/strong>09h00 \u00e0s 11h30 e das 13h30 \u00e0s 17h00<\/span><\/h5>\n<h5 style=\"text-align: center\">Atendimento via <em>Teams<\/em>: saudecom@ufpr.br<\/h5>\n<h5 style=\"text-align: center\">E-mail: saudecom@ufpr.br<\/h5>\n<h5 style=\"text-align: center\">Telefone: (41) 3360-7241<\/h5>\n","protected":false},"excerpt":{"rendered":"<p>Secret\u00e1rio: Vagner Blenski Hor\u00e1rio de atendimento ao p\u00fablicio: 09h00 \u00e0s 11h30 e das 13h30 \u00e0s 17h00 Atendimento via Teams: saudecom@ufpr.br E-mail: saudecom@ufpr.br Telefone: (41) 3360-7241<\/p>\n","protected":false},"author":15,"featured_media":0,"parent":0,"menu_order":0,"comment_status":"closed","ping_status":"closed","template":"","meta":{"footnotes":""},"class_list":["post-86","page","type-page","status-publish","hentry"],"_links":{"self":[{"href":"https:\/\/saude.ufpr.br\/saudecoletiva\/wp-json\/wp\/v2\/pages\/86","targetHints":{"allow":["GET"]}}],"collection":[{"href":"https:\/\/saude.ufpr.br\/saudecoletiva\/wp-json\/wp\/v2\/pages"}],"about":[{"href":"https:\/\/saude.ufpr.br\/saudecoletiva\/wp-json\/wp\/v2\/types\/page"}],"author":[{"embeddable":true,"href":"https:\/\/saude.ufpr.br\/saudecoletiva\/wp-json\/wp\/v2\/users\/15"}],"replies":[{"embeddable":true,"href":"https:\/\/saude.ufpr.br\/saudecoletiva\/wp-json\/wp\/v2\/comments?post=86"}],"version-history":[{"count":24,"href":"https:\/\/saude.ufpr.br\/saudecoletiva\/wp-json\/wp\/v2\/pages\/86\/revisions"}],"predecessor-version":[{"id":2265,"href":"https:\/\/saude.ufpr.br\/saudecoletiva\/wp-json\/wp\/v2\/pages\/86\/revisions\/2265"}],"wp:attachment":[{"href":"https:\/\/saude.ufpr.br\/saudecoletiva\/wp-json\/wp\/v2\/media?parent=86"}],"curies":[{"name":"wp","href":"https:\/\/api.w.org\/{rel}","templated":true}]}}

<h5><strong><a href="https://saude.ufpr.br/wp-content/uploads/2015/03/bul_red.gif"><img loading="lazy" decoding="async" class="alignnone size-medium wp-image-615" src="https://saude.ufpr.br/wp-content/uploads/2015/03/bul_red.gif" alt="bul_red" width="15" height="10" /></a></strong>Secretário: Vagner Blenski</h5>
<hr />
<h5 style="text-align: center"><span style="color: #003300"><strong>Horário de atendimento ao públicio: </strong>09h00 às 11h30 e das 13h30 às 17h00</span></h5>
<h5 style="text-align: center">Atendimento via <em>Teams</em>: saudecom@ufpr.br</h5>
<h5 style="text-align: center">E-mail: saudecom@ufpr.br</h5>
<h5 style="text-align: center">Telefone: (41) 3360-7241</h5>

<p>Secretário: Vagner Blenski Horário de atendimento ao públicio: 09h00 às 11h30 e das 13h30 às 17h00 Atendimento via Teams: saudecom@ufpr.br E-mail: saudecom@ufpr.br Telefone: (41) 3360-7241</p>
