{"id":92,"date":"2016-09-28T19:54:14","date_gmt":"2016-09-28T19:54:14","guid":{"rendered":"https:\/\/saude.ufpr.br\/saudecomunitaria\/?page_id=92"},"modified":"2022-04-06T11:03:28","modified_gmt":"2022-04-06T14:03:28","slug":"medicina","status":"publish","type":"page","link":"https:\/\/saude.ufpr.br\/saudecoletiva\/medicina\/","title":{"rendered":"Medicina"},"content":{"rendered":"<table style=\"height: 915px\" width=\"1288\">\n<tbody>\n<tr>\n<td>MS096 \u2013 Biosseguran\u00e7a na Medicina<\/td>\n<td>Cristiane da Silva Paula de Oliveira<br \/>\nEliana Remor Teixeira<br \/>\nKarin Regina Luhm<\/td>\n<\/tr>\n<tr>\n<td>MS097 \u2013 Est\u00e1gio Curricular Optativo em Medicina de Fam\u00edlia e Comunidade<\/td>\n<td>Francisco Carlos Mouzinho de Oliveira<br \/>\nJoseane Maria Andrade Mouzinho de Oliveira<\/td>\n<\/tr>\n<tr>\n<td>MS098 \u2013 Est\u00e1gio Curricular Optativo em Medicina de Fam\u00edlia e Comunidade<\/td>\n<td>Francisco Carlos Mouzinho de Oliveira<br \/>\nJoseane Maria Andrade Mouzinho de Oliveira<\/td>\n<\/tr>\n<tr>\n<td>MS104 \u2013 Biosseguran\u00e7a na Medicina<\/td>\n<td>Cristiane da Silva Paula de Oliveira<br \/>\nEliana Remor Teixeira<br \/>\nKarin Regina Luhm<\/td>\n<\/tr>\n<tr>\n<td>MS111 \u2013 Epidemiologia<\/td>\n<td>Denise Siqueira de Carvalho<br \/>\nKarin\u00a0 Regina Luhm<br \/>\nSolena Ziemer Kusma Fidalski<\/td>\n<\/tr>\n<tr>\n<td>MS112 \u2013 Sa\u00fade e Sociedade<\/td>\n<td>Marcelo Jos\u00e9 de Souza e Silva<br \/>\nRenata Bellenzani<br \/>\nRog\u00e9rio Miranda Gomes<\/td>\n<\/tr>\n<tr>\n<td>MS113 \u2013 Territ\u00f3rio e Sa\u00fade<\/td>\n<td>Marcelo Jos\u00e9 de Souza e Silva<br \/>\nMarcelo Kimati Dias<br \/>\nMar\u00edlia Pinto Ferreira Murata<br \/>\nRenata Bellenzani<\/td>\n<\/tr>\n<tr>\n<td>MS114 \u2013 Trabalho de Curso 2 em Sa\u00fade Comunit\u00e1ria<\/td>\n<td>Todos os professores<\/td>\n<\/tr>\n<tr>\n<td>MS115 \u2013 Trabalho de Curso 3 em Sa\u00fade Comunit\u00e1ria<\/td>\n<td>Todos os professores<\/td>\n<\/tr>\n<tr>\n<td>MS116 \u2013 Trabalho de Curso 4 em Sa\u00fade Comunit\u00e1ria<\/td>\n<td>Todos os professores<\/td>\n<\/tr>\n<tr>\n<td>MS117 \u2013 Aten\u00e7\u00e3o Integral \u00e0 Sa\u00fade<\/td>\n<td>Deivisson Vianna Dantas dos Santos<br \/>\nMarcelo Jos\u00e9 de Souza e Silva<br \/>\nMarcelo Kimati Dias<br \/>\nMar\u00edlia Pinto Ferreira Murata<\/td>\n<\/tr>\n<tr>\n<td>MS118 \u2013 Sa\u00fade e Trabalho<\/td>\n<td>Edevar Daniel<br \/>\nEliana Remor Texeira<br \/>\nJo\u00e3o Carlos do Amaral Lozovey<br \/>\nPaulo Roberto Z\u00e9tola<\/td>\n<\/tr>\n<tr>\n<td>MS119 \u2013 Medicina de Fam\u00edlia e Comunidade<\/td>\n<td>Francisco Mouzinho de Oliveira<br \/>\nJoseane Maria Andrade Mouzinho de Oliveira<\/td>\n<\/tr>\n<tr>\n<td>MS120 \u2013 Fundamentos de Homeopatia e de Fitoterapia<\/td>\n<td>&#8211;<\/td>\n<\/tr>\n<tr>\n<td>MS121 \u2013 Saberes M\u00e9dicos e Pr\u00e1ticas Integrativas em Sa\u00fade<\/td>\n<td>&#8211;<\/td>\n<\/tr>\n<tr>\n<td>MS122 \u2013 Organiza\u00e7\u00e3o de Sistemas e Servi\u00e7os de Sa\u00fade<\/td>\n<td>Renata Bellenzani<br \/>\nRog\u00e9rio Miranda Gomes<\/td>\n<\/tr>\n<tr>\n<td>MS123 \u2013 Est\u00e1gio Curricular Obrigat\u00f3rio em Sa\u00fade Coletiva<\/td>\n<td>&#8211;<\/td>\n<\/tr>\n<tr>\n<td>MS124 \u2013 Est\u00e1gio Curricular Optativo em Sa\u00fade Coletiva<\/td>\n<td>&#8211;<\/td>\n<\/tr>\n<tr>\n<td>MS125 \u2013 Infectologia<\/td>\n<td>Cl\u00f3vis Arns da Cunha<br \/>\nFl\u00e1vio de Queiroz Telles Filho<br \/>\nM\u00f4nica Maria Gomes da Silva<br \/>\nSonia Mara Raboni<\/td>\n<\/tr>\n<\/tbody>\n<\/table>\n<p>&nbsp;<\/p>\n<p>&nbsp;<\/p>\n","protected":false},"excerpt":{"rendered":"<p>MS096 \u2013 Biosseguran\u00e7a na Medicina Cristiane da Silva Paula de Oliveira Eliana Remor Teixeira Karin Regina Luhm MS097 \u2013 Est\u00e1gio Curricular Optativo em Medicina de Fam\u00edlia e Comunidade Francisco Carlos Mouzinho de Oliveira Joseane Maria Andrade Mouzinho de Oliveira MS098 \u2013 Est\u00e1gio Curricular Optativo em Medicina de Fam\u00edlia e Comunidade Francisco Carlos Mouzinho de Oliveira<br \/> <a href=\"https:\/\/saude.ufpr.br\/saudecoletiva\/medicina\/\" class=\"button success small readmore\">Leia mais<\/a><\/p>\n","protected":false},"author":15,"featured_media":0,"parent":0,"menu_order":0,"comment_status":"closed","ping_status":"closed","template":"","meta":{"_acf_changed":false,"_uag_custom_page_level_css":"","footnotes":""},"class_list":["post-92","page","type-page","status-publish","hentry"],"acf":[],"featured_image_src":null,"uagb_featured_image_src":{"full":false,"thumbnail":false,"medium":false,"medium_large":false,"large":false,"1536x1536":false,"2048x2048":false,"noticias-thumb":false,"banners-thumb":false,"maisnoticias-thumb":false,"post-thumbnail":false},"uagb_author_info":{"display_name":"Andrea Jankoski","author_link":"https:\/\/saude.ufpr.br\/saudecoletiva\/author\/andrea\/"},"uagb_comment_info":0,"uagb_excerpt":"MS096 \u2013 Biosseguran\u00e7a na Medicina Cristiane da Silva Paula de Oliveira Eliana Remor Teixeira Karin Regina Luhm MS097 \u2013 Est\u00e1gio Curricular Optativo em Medicina de Fam\u00edlia e Comunidade Francisco Carlos Mouzinho de Oliveira Joseane Maria Andrade Mouzinho de Oliveira MS098 \u2013 Est\u00e1gio Curricular Optativo em Medicina de Fam\u00edlia e Comunidade Francisco Carlos Mouzinho de Oliveira&hellip;","publishpress_future_action":{"enabled":false,"date":"2026-04-30 05:26:43","action":"change-status","newStatus":"draft","terms":[],"taxonomy":"","extraData":[]},"publishpress_future_workflow_manual_trigger":{"enabledWorkflows":[]},"_links":{"self":[{"href":"https:\/\/saude.ufpr.br\/saudecoletiva\/wp-json\/wp\/v2\/pages\/92","targetHints":{"allow":["GET"]}}],"collection":[{"href":"https:\/\/saude.ufpr.br\/saudecoletiva\/wp-json\/wp\/v2\/pages"}],"about":[{"href":"https:\/\/saude.ufpr.br\/saudecoletiva\/wp-json\/wp\/v2\/types\/page"}],"author":[{"embeddable":true,"href":"https:\/\/saude.ufpr.br\/saudecoletiva\/wp-json\/wp\/v2\/users\/15"}],"replies":[{"embeddable":true,"href":"https:\/\/saude.ufpr.br\/saudecoletiva\/wp-json\/wp\/v2\/comments?post=92"}],"version-history":[{"count":63,"href":"https:\/\/saude.ufpr.br\/saudecoletiva\/wp-json\/wp\/v2\/pages\/92\/revisions"}],"predecessor-version":[{"id":1842,"href":"https:\/\/saude.ufpr.br\/saudecoletiva\/wp-json\/wp\/v2\/pages\/92\/revisions\/1842"}],"wp:attachment":[{"href":"https:\/\/saude.ufpr.br\/saudecoletiva\/wp-json\/wp\/v2\/media?parent=92"}],"curies":[{"name":"wp","href":"https:\/\/api.w.org\/{rel}","templated":true}]}}