{"id":94,"date":"2016-09-28T19:54:30","date_gmt":"2016-09-28T19:54:30","guid":{"rendered":"https:\/\/saude.ufpr.br\/saudecomunitaria\/?page_id=94"},"modified":"2021-11-08T14:43:17","modified_gmt":"2021-11-08T17:43:17","slug":"nutricao","status":"publish","type":"page","link":"https:\/\/saude.ufpr.br\/saudecoletiva\/nutricao\/","title":{"rendered":"Nutri\u00e7\u00e3o"},"content":{"rendered":"<table style=\"height: 143px\" width=\"1285\">\n<tbody>\n<tr>\n<td width=\"281\"><strong>C\u00d3DIGO\/ DISCIPLINA<\/strong><\/td>\n<td width=\"201\"><strong>DOCENTE<\/strong><\/td>\n<\/tr>\n<tr>\n<td width=\"281\">MS127 \u2013 Sa\u00fade e Ambiente<\/td>\n<td width=\"201\">M\u00e1rcia Oliveira Lopes<\/td>\n<\/tr>\n<tr>\n<td width=\"281\">MS128 \u2013 Epidemiologia<\/td>\n<td width=\"201\">Lineu Roberto da Silva<\/td>\n<\/tr>\n<tr>\n<td width=\"281\">MS129 \u2013 Administra\u00e7\u00e3o em Sa\u00fade P\u00fablica<\/td>\n<td width=\"201\">Edevar Daniel<br \/>\nJo\u00e3o Carlos do Amaral Lozovey<br \/>\nPaulo Roberto Z\u00e9tola<br \/>\nRafael Gomes Ditterich<\/td>\n<\/tr>\n<\/tbody>\n<\/table>\n","protected":false},"excerpt":{"rendered":"<p>C\u00d3DIGO\/ DISCIPLINA DOCENTE MS127 \u2013 Sa\u00fade e Ambiente M\u00e1rcia Oliveira Lopes MS128 \u2013 Epidemiologia Lineu Roberto da Silva MS129 \u2013 Administra\u00e7\u00e3o em Sa\u00fade P\u00fablica Edevar Daniel Jo\u00e3o Carlos do Amaral Lozovey Paulo Roberto Z\u00e9tola Rafael Gomes Ditterich<\/p>\n","protected":false},"author":15,"featured_media":0,"parent":0,"menu_order":0,"comment_status":"closed","ping_status":"closed","template":"","meta":{"_acf_changed":false,"_uag_custom_page_level_css":"","footnotes":""},"class_list":["post-94","page","type-page","status-publish","hentry"],"acf":[],"featured_image_src":null,"uagb_featured_image_src":{"full":false,"thumbnail":false,"medium":false,"medium_large":false,"large":false,"1536x1536":false,"2048x2048":false,"noticias-thumb":false,"banners-thumb":false,"maisnoticias-thumb":false,"post-thumbnail":false},"uagb_author_info":{"display_name":"Andrea Jankoski","author_link":"https:\/\/saude.ufpr.br\/saudecoletiva\/author\/andrea\/"},"uagb_comment_info":0,"uagb_excerpt":"C\u00d3DIGO\/ DISCIPLINA DOCENTE MS127 \u2013 Sa\u00fade e Ambiente M\u00e1rcia Oliveira Lopes MS128 \u2013 Epidemiologia Lineu Roberto da Silva MS129 \u2013 Administra\u00e7\u00e3o em Sa\u00fade P\u00fablica Edevar Daniel Jo\u00e3o Carlos do Amaral Lozovey Paulo Roberto Z\u00e9tola Rafael Gomes Ditterich","publishpress_future_action":{"enabled":false,"date":"2026-04-25 05:31:59","action":"change-status","newStatus":"draft","terms":[],"taxonomy":"","extraData":[]},"publishpress_future_workflow_manual_trigger":{"enabledWorkflows":[]},"_links":{"self":[{"href":"https:\/\/saude.ufpr.br\/saudecoletiva\/wp-json\/wp\/v2\/pages\/94","targetHints":{"allow":["GET"]}}],"collection":[{"href":"https:\/\/saude.ufpr.br\/saudecoletiva\/wp-json\/wp\/v2\/pages"}],"about":[{"href":"https:\/\/saude.ufpr.br\/saudecoletiva\/wp-json\/wp\/v2\/types\/page"}],"author":[{"embeddable":true,"href":"https:\/\/saude.ufpr.br\/saudecoletiva\/wp-json\/wp\/v2\/users\/15"}],"replies":[{"embeddable":true,"href":"https:\/\/saude.ufpr.br\/saudecoletiva\/wp-json\/wp\/v2\/comments?post=94"}],"version-history":[{"count":10,"href":"https:\/\/saude.ufpr.br\/saudecoletiva\/wp-json\/wp\/v2\/pages\/94\/revisions"}],"predecessor-version":[{"id":1573,"href":"https:\/\/saude.ufpr.br\/saudecoletiva\/wp-json\/wp\/v2\/pages\/94\/revisions\/1573"}],"wp:attachment":[{"href":"https:\/\/saude.ufpr.br\/saudecoletiva\/wp-json\/wp\/v2\/media?parent=94"}],"curies":[{"name":"wp","href":"https:\/\/api.w.org\/{rel}","templated":true}]}}