{"id":98,"date":"2016-09-28T19:54:56","date_gmt":"2016-09-28T19:54:56","guid":{"rendered":"https:\/\/saude.ufpr.br\/saudecomunitaria\/?page_id=98"},"modified":"2021-12-07T08:34:27","modified_gmt":"2021-12-07T11:34:27","slug":"farmacia","status":"publish","type":"page","link":"https:\/\/saude.ufpr.br\/saudecoletiva\/farmacia\/","title":{"rendered":"Farm\u00e1cia"},"content":{"rendered":"<table style=\"height: 87px\" width=\"1279\">\n<tbody>\n<tr>\n<td width=\"341\"><span style=\"color: #003300\"><strong>C\u00d3DIGO\/ DISCIPLINA<\/strong><\/span><\/td>\n<td width=\"344\"><span style=\"color: #003300\"><strong>DOCENTE<\/strong><\/span><\/td>\n<\/tr>\n<tr>\n<td width=\"341\">MS132 \u2013 Epidemiologia<\/td>\n<td width=\"344\">Solena Ziemer Kusma Fidalski<\/td>\n<\/tr>\n<tr>\n<td width=\"341\">MS133 \u2013 Pol\u00edticas P\u00fablicas de Sa\u00fade<\/td>\n<td width=\"344\">Yanna Dantas Ratmann<\/td>\n<\/tr>\n<tr>\n<td width=\"341\">MS134 \u2013 Vigil\u00e2ncia em Sa\u00fade<\/td>\n<td width=\"344\">Cristiane da Silva Paula de Oliveira<br \/>\nYanna Dantas Ratmann<\/td>\n<\/tr>\n<tr>\n<td width=\"341\">MS135 \u2013 Est\u00e1gio no SUS<\/td>\n<td width=\"344\">Cristiane da Silva Paula de Oliveira<br \/>\nYanna Dantas Ratmann<\/td>\n<\/tr>\n<tr>\n<td width=\"341\">MS136 \u2013 Est\u00e1gio Profissionalizante I &#8211; SUS<\/td>\n<td width=\"344\">Cristiane da Silva Paula de Oliveira<br \/>\nYanna Dantas Ratmann<\/td>\n<\/tr>\n<tr>\n<td width=\"341\">MS137 \u2013 Est\u00e1gio Profissionalizante II &#8211; SUS<\/td>\n<td width=\"344\">Cristiane da Silva Paula de Oliveira<br \/>\nYanna Dantas Ratmann<\/td>\n<\/tr>\n<tr>\n<td width=\"341\">MS138 \u2013 Sa\u00fade Coletiva<\/td>\n<td width=\"344\">Cristiane da Silva Paula de Oliveira<br \/>\nYanna Dantas Ratmann<\/td>\n<\/tr>\n<\/tbody>\n<\/table>\n","protected":false},"excerpt":{"rendered":"<p>C\u00d3DIGO\/ DISCIPLINA DOCENTE MS132 \u2013 Epidemiologia Solena Ziemer Kusma Fidalski MS133 \u2013 Pol\u00edticas P\u00fablicas de Sa\u00fade Yanna Dantas Ratmann MS134 \u2013 Vigil\u00e2ncia em Sa\u00fade Cristiane da Silva Paula de Oliveira Yanna Dantas Ratmann MS135 \u2013 Est\u00e1gio no SUS Cristiane da Silva Paula de Oliveira Yanna Dantas Ratmann MS136 \u2013 Est\u00e1gio Profissionalizante I &#8211; SUS Cristiane<br \/> <a href=\"https:\/\/saude.ufpr.br\/saudecoletiva\/farmacia\/\" class=\"button success small readmore\">Leia mais<\/a><\/p>\n","protected":false},"author":15,"featured_media":0,"parent":0,"menu_order":0,"comment_status":"closed","ping_status":"closed","template":"","meta":{"_acf_changed":false,"_uag_custom_page_level_css":"","footnotes":""},"class_list":["post-98","page","type-page","status-publish","hentry"],"acf":[],"featured_image_src":null,"uagb_featured_image_src":{"full":false,"thumbnail":false,"medium":false,"medium_large":false,"large":false,"1536x1536":false,"2048x2048":false,"noticias-thumb":false,"banners-thumb":false,"maisnoticias-thumb":false,"post-thumbnail":false},"uagb_author_info":{"display_name":"Andrea Jankoski","author_link":"https:\/\/saude.ufpr.br\/saudecoletiva\/author\/andrea\/"},"uagb_comment_info":0,"uagb_excerpt":"C\u00d3DIGO\/ DISCIPLINA DOCENTE MS132 \u2013 Epidemiologia Solena Ziemer Kusma Fidalski MS133 \u2013 Pol\u00edticas P\u00fablicas de Sa\u00fade Yanna Dantas Ratmann MS134 \u2013 Vigil\u00e2ncia em Sa\u00fade Cristiane da Silva Paula de Oliveira Yanna Dantas Ratmann MS135 \u2013 Est\u00e1gio no SUS Cristiane da Silva Paula de Oliveira Yanna Dantas Ratmann MS136 \u2013 Est\u00e1gio Profissionalizante I &#8211; SUS Cristiane&hellip;","publishpress_future_action":{"enabled":false,"date":"2026-04-30 05:26:43","action":"change-status","newStatus":"draft","terms":[],"taxonomy":"","extraData":[]},"publishpress_future_workflow_manual_trigger":{"enabledWorkflows":[]},"_links":{"self":[{"href":"https:\/\/saude.ufpr.br\/saudecoletiva\/wp-json\/wp\/v2\/pages\/98","targetHints":{"allow":["GET"]}}],"collection":[{"href":"https:\/\/saude.ufpr.br\/saudecoletiva\/wp-json\/wp\/v2\/pages"}],"about":[{"href":"https:\/\/saude.ufpr.br\/saudecoletiva\/wp-json\/wp\/v2\/types\/page"}],"author":[{"embeddable":true,"href":"https:\/\/saude.ufpr.br\/saudecoletiva\/wp-json\/wp\/v2\/users\/15"}],"replies":[{"embeddable":true,"href":"https:\/\/saude.ufpr.br\/saudecoletiva\/wp-json\/wp\/v2\/comments?post=98"}],"version-history":[{"count":17,"href":"https:\/\/saude.ufpr.br\/saudecoletiva\/wp-json\/wp\/v2\/pages\/98\/revisions"}],"predecessor-version":[{"id":1628,"href":"https:\/\/saude.ufpr.br\/saudecoletiva\/wp-json\/wp\/v2\/pages\/98\/revisions\/1628"}],"wp:attachment":[{"href":"https:\/\/saude.ufpr.br\/saudecoletiva\/wp-json\/wp\/v2\/media?parent=98"}],"curies":[{"name":"wp","href":"https:\/\/api.w.org\/{rel}","templated":true}]}}