{"id":1264,"date":"2017-03-29T15:17:07","date_gmt":"2017-03-29T18:17:07","guid":{"rendered":"https:\/\/saude.ufpr.br\/terapiaocupacional\/?page_id=1264"},"modified":"2026-01-12T16:56:21","modified_gmt":"2026-01-12T19:56:21","slug":"calendario-academico","status":"publish","type":"page","link":"https:\/\/saude.ufpr.br\/terapiaocupacional\/coordenacao\/calendario-academico\/","title":{"rendered":"Calend\u00e1rio Acad\u00eamico"},"content":{"rendered":"<p>O Departamento de Terapia Ocupacional e a Coordena\u00e7\u00e3o do Curso de Terapia Ocupacional reiteram \u00e0 comunidade acad\u00eamica a necessidade de aten\u00e7\u00e3o aos prazos apresentados na <strong>RESOLU\u00c7\u00c3O N\u00ba 22\/25-CEPE, DE 30 DE OUTUBRO DE 2025,<\/strong> que estabelece o calend\u00e1rio acad\u00eamico detalhado para o per\u00edodo letivo de 2026: (atualizado em 12\/1\/2026)<\/p>\n<ul>\n<li><STRONG><a href=\"https:\/\/soc.ufpr.br\/wp-content\/uploads\/2025\/11\/Res.-no-22-25-CEPE-.pdf\" target=\"_blank\" rel=\"noopener\">Calend\u00e1rio acad\u00eamico para a UFPR no ano letivo de 2026<\/a><\/STRONG><\/li>\n<li><a href=\"https:\/\/ufpr.br\/consulte-os-calendarios-academicos-da-ufpr-em-2025\/\" target=\"_blank\" rel=\"noopener\">Calend\u00e1rio acad\u00eamico para a UFPR no ano letivo de 2025<\/a><\/li>\n<li><a href=\"https:\/\/saude.ufpr.br\/terapiaocupacional\/wp-content\/uploads\/sites\/5\/2024\/07\/RESOLUCAO_No_11_24_CEPE.pdf\" target=\"_blank\" rel=\"noopener\">Calend\u00e1rio acad\u00eamico para a UFPR no ano letivo de 2024<\/a><\/li>\n<li><a href=\"http:\/\/www.prograd.ufpr.br\/wp-content\/uploads\/2022\/11\/6222-15-Semanas.pdf\">Calend\u00e1rio acad\u00eamico para a UFPR no ano letivo de 2023<\/a><\/li>\n<li><a href=\"https:\/\/saude.ufpr.br\/terapiaocupacional\/wp-content\/uploads\/sites\/5\/2022\/05\/Cursos-15-semanas-Res-31-22-CEPE-SEI_UFPR-4512497.pdf\" target=\"_blank\" rel=\"noopener\">Calend\u00e1rio acad\u00eamico para a UFPR no ano letivo de 2022<\/a><\/li>\n<\/ul>\n","protected":false},"excerpt":{"rendered":"<p>O Departamento de Terapia Ocupacional e a Coordena\u00e7\u00e3o do Curso de Terapia Ocupacional reiteram \u00e0 comunidade acad\u00eamica a necessidade de aten\u00e7\u00e3o aos prazos apresentados na RESOLU\u00c7\u00c3O N\u00ba 22\/25-CEPE, DE 30 DE OUTUBRO DE 2025, que estabelece o calend\u00e1rio acad\u00eamico detalhado [&hellip;]<\/p>\n","protected":false},"author":8,"featured_media":0,"parent":313,"menu_order":0,"comment_status":"closed","ping_status":"closed","template":"","meta":{"_acf_changed":false,"_uag_custom_page_level_css":"","footnotes":""},"class_list":["post-1264","page","type-page","status-publish","hentry"],"acf":[],"featured_image_src":null,"uagb_featured_image_src":{"full":false,"thumbnail":false,"medium":false,"medium_large":false,"large":false,"1536x1536":false,"2048x2048":false},"uagb_author_info":{"display_name":"caiubidysarz","author_link":"https:\/\/saude.ufpr.br\/terapiaocupacional\/author\/caiubidysarz\/"},"uagb_comment_info":0,"uagb_excerpt":"O Departamento de Terapia Ocupacional e a Coordena\u00e7\u00e3o do Curso de Terapia Ocupacional reiteram \u00e0 comunidade acad\u00eamica a necessidade de aten\u00e7\u00e3o aos prazos apresentados na RESOLU\u00c7\u00c3O N\u00ba 22\/25-CEPE, DE 30 DE OUTUBRO DE 2025, que estabelece o calend\u00e1rio acad\u00eamico detalhado [&hellip;]","publishpress_future_action":{"enabled":false,"date":"2026-05-02 02:59:09","action":"change-status","newStatus":"draft","terms":[],"taxonomy":"","extraData":[]},"publishpress_future_workflow_manual_trigger":{"enabledWorkflows":[]},"_links":{"self":[{"href":"https:\/\/saude.ufpr.br\/terapiaocupacional\/wp-json\/wp\/v2\/pages\/1264","targetHints":{"allow":["GET"]}}],"collection":[{"href":"https:\/\/saude.ufpr.br\/terapiaocupacional\/wp-json\/wp\/v2\/pages"}],"about":[{"href":"https:\/\/saude.ufpr.br\/terapiaocupacional\/wp-json\/wp\/v2\/types\/page"}],"author":[{"embeddable":true,"href":"https:\/\/saude.ufpr.br\/terapiaocupacional\/wp-json\/wp\/v2\/users\/8"}],"replies":[{"embeddable":true,"href":"https:\/\/saude.ufpr.br\/terapiaocupacional\/wp-json\/wp\/v2\/comments?post=1264"}],"version-history":[{"count":34,"href":"https:\/\/saude.ufpr.br\/terapiaocupacional\/wp-json\/wp\/v2\/pages\/1264\/revisions"}],"predecessor-version":[{"id":5368,"href":"https:\/\/saude.ufpr.br\/terapiaocupacional\/wp-json\/wp\/v2\/pages\/1264\/revisions\/5368"}],"up":[{"embeddable":true,"href":"https:\/\/saude.ufpr.br\/terapiaocupacional\/wp-json\/wp\/v2\/pages\/313"}],"wp:attachment":[{"href":"https:\/\/saude.ufpr.br\/terapiaocupacional\/wp-json\/wp\/v2\/media?parent=1264"}],"curies":[{"name":"wp","href":"https:\/\/api.w.org\/{rel}","templated":true}]}}

Calendário Acadêmico

<p>O Departamento de Terapia Ocupacional e a Coordenação do Curso de Terapia Ocupacional reiteram à comunidade acadêmica a necessidade de atenção aos prazos apresentados na <strong>RESOLUÇÃO Nº 22/25-CEPE, DE 30 DE OUTUBRO DE 2025,</strong> que estabelece o calendário acadêmico detalhado para o período letivo de 2026: (atualizado em 12/1/2026)</p>
<ul>
<li><STRONG><a href="https://soc.ufpr.br/wp-content/uploads/2025/11/Res.-no-22-25-CEPE-.pdf" target="_blank" rel="noopener">Calendário acadêmico para a UFPR no ano letivo de 2026</a></STRONG></li>
<li><a href="https://ufpr.br/consulte-os-calendarios-academicos-da-ufpr-em-2025/" target="_blank" rel="noopener">Calendário acadêmico para a UFPR no ano letivo de 2025</a></li>
<li><a href="https://saude.ufpr.br/terapiaocupacional/wp-content/uploads/sites/5/2024/07/RESOLUCAO_No_11_24_CEPE.pdf" target="_blank" rel="noopener">Calendário acadêmico para a UFPR no ano letivo de 2024</a></li>
<li><a href="http://www.prograd.ufpr.br/wp-content/uploads/2022/11/6222-15-Semanas.pdf">Calendário acadêmico para a UFPR no ano letivo de 2023</a></li>
<li><a href="https://saude.ufpr.br/terapiaocupacional/wp-content/uploads/sites/5/2022/05/Cursos-15-semanas-Res-31-22-CEPE-SEI_UFPR-4512497.pdf" target="_blank" rel="noopener">Calendário acadêmico para a UFPR no ano letivo de 2022</a></li>
</ul>

<p>O Departamento de Terapia Ocupacional e a Coordenação do Curso de Terapia Ocupacional reiteram à comunidade acadêmica a necessidade de atenção aos prazos apresentados na RESOLUÇÃO Nº 22/25-CEPE, DE 30 DE OUTUBRO DE 2025, que estabelece o calendário acadêmico detalhado [&hellip;]</p>

O Departamento de Terapia Ocupacional e a Coordenação do Curso de Terapia Ocupacional reiteram à comunidade acadêmica a necessidade de atenção aos prazos apresentados na RESOLUÇÃO Nº 22/25-CEPE, DE 30 DE OUTUBRO DE 2025, que estabelece o calendário acadêmico detalhado [&hellip;]
