{"id":1599,"date":"2017-08-24T07:35:05","date_gmt":"2017-08-24T10:35:05","guid":{"rendered":"https:\/\/saude.ufpr.br\/terapiaocupacional\/?page_id=1599"},"modified":"2017-08-24T07:38:02","modified_gmt":"2017-08-24T10:38:02","slug":"alexsandra-santos-silva","status":"publish","type":"page","link":"https:\/\/saude.ufpr.br\/terapiaocupacional\/alexsandra-santos-silva\/","title":{"rendered":"Alexsandra Santos Silva"},"content":{"rendered":"<p><a href=\"https:\/\/saude.ufpr.br\/terapiaocupacional\/wp-content\/uploads\/sites\/5\/2017\/08\/alexsandra.jpg\"><img decoding=\"async\" class=\"alignnone size-full wp-image-1600\" src=\"https:\/\/saude.ufpr.br\/terapiaocupacional\/wp-content\/uploads\/sites\/5\/2017\/08\/alexsandra.jpg\" alt=\"alexsandra\" width=\"164\" height=\"243\" \/><\/a><\/p>\n<p><strong>Contato<\/strong>: <a href=\"mailto:aless_to@hotmail.com\">aless_to@hotmail.com<\/a><\/p>\n<p><strong>Curr\u00edculo Lattes<\/strong>: <a href=\"http:\/\/lattes.cnpq.br\/6461003769031611\" target=\"_blank\">http:\/\/lattes.cnpq.br\/6461003769031611<\/a><\/p>\n<p>Possui gradua\u00e7\u00e3o em Terapia Ocupacional pela Universidade Federal do Paran\u00e1 (2008). Aperfei\u00e7oamento em Reabilita\u00e7\u00e3o dos Membros Superiores (2010). Especialista em Sa\u00fade do Adulto e do Idoso em Resid\u00eancia Integrada Multiprofissional em Aten\u00e7\u00e3o Hospitalar pelo Hospital de Cl\u00ednicas da Universidade Federal do Paran\u00e1 (2014). Mestranda em Medicina Interna pelo Hospital de Cl\u00ednicas da Universidade Federal do Paran\u00e1. Capacita\u00e7\u00e3o para aplica\u00e7\u00e3o da Terapia por Contens\u00e3o Induzida. Em forma\u00e7\u00e3o no Conceito Neuroevolutivo Bobath.<\/p>\n","protected":false},"excerpt":{"rendered":"<p>Contato: aless_to@hotmail.com Curr\u00edculo Lattes: http:\/\/lattes.cnpq.br\/6461003769031611 Possui gradua\u00e7\u00e3o em Terapia Ocupacional pela Universidade Federal do Paran\u00e1 (2008). Aperfei\u00e7oamento em Reabilita\u00e7\u00e3o dos Membros Superiores (2010). Especialista em Sa\u00fade do Adulto e do Idoso em Resid\u00eancia Integrada Multiprofissional em Aten\u00e7\u00e3o Hospitalar pelo Hospital [&hellip;]<\/p>\n","protected":false},"author":8,"featured_media":0,"parent":0,"menu_order":0,"comment_status":"closed","ping_status":"closed","template":"","meta":{"_acf_changed":false,"_uag_custom_page_level_css":"","footnotes":""},"class_list":["post-1599","page","type-page","status-publish","hentry"],"acf":[],"featured_image_src":null,"uagb_featured_image_src":{"full":false,"thumbnail":false,"medium":false,"medium_large":false,"large":false,"1536x1536":false,"2048x2048":false},"uagb_author_info":{"display_name":"caiubidysarz","author_link":"https:\/\/saude.ufpr.br\/terapiaocupacional\/author\/caiubidysarz\/"},"uagb_comment_info":0,"uagb_excerpt":"Contato: aless_to@hotmail.com Curr\u00edculo Lattes: http:\/\/lattes.cnpq.br\/6461003769031611 Possui gradua\u00e7\u00e3o em Terapia Ocupacional pela Universidade Federal do Paran\u00e1 (2008). Aperfei\u00e7oamento em Reabilita\u00e7\u00e3o dos Membros Superiores (2010). Especialista em Sa\u00fade do Adulto e do Idoso em Resid\u00eancia Integrada Multiprofissional em Aten\u00e7\u00e3o Hospitalar pelo Hospital [&hellip;]","publishpress_future_action":{"enabled":false,"date":"2026-05-02 21:21:30","action":"change-status","newStatus":"draft","terms":[],"taxonomy":"","extraData":[]},"publishpress_future_workflow_manual_trigger":{"enabledWorkflows":[]},"_links":{"self":[{"href":"https:\/\/saude.ufpr.br\/terapiaocupacional\/wp-json\/wp\/v2\/pages\/1599","targetHints":{"allow":["GET"]}}],"collection":[{"href":"https:\/\/saude.ufpr.br\/terapiaocupacional\/wp-json\/wp\/v2\/pages"}],"about":[{"href":"https:\/\/saude.ufpr.br\/terapiaocupacional\/wp-json\/wp\/v2\/types\/page"}],"author":[{"embeddable":true,"href":"https:\/\/saude.ufpr.br\/terapiaocupacional\/wp-json\/wp\/v2\/users\/8"}],"replies":[{"embeddable":true,"href":"https:\/\/saude.ufpr.br\/terapiaocupacional\/wp-json\/wp\/v2\/comments?post=1599"}],"version-history":[{"count":2,"href":"https:\/\/saude.ufpr.br\/terapiaocupacional\/wp-json\/wp\/v2\/pages\/1599\/revisions"}],"predecessor-version":[{"id":1604,"href":"https:\/\/saude.ufpr.br\/terapiaocupacional\/wp-json\/wp\/v2\/pages\/1599\/revisions\/1604"}],"wp:attachment":[{"href":"https:\/\/saude.ufpr.br\/terapiaocupacional\/wp-json\/wp\/v2\/media?parent=1599"}],"curies":[{"name":"wp","href":"https:\/\/api.w.org\/{rel}","templated":true}]}}