{"id":2045,"date":"2018-08-21T11:22:48","date_gmt":"2018-08-21T14:22:48","guid":{"rendered":"https:\/\/saude.ufpr.br\/terapiaocupacional\/?page_id=2045"},"modified":"2025-07-02T08:28:27","modified_gmt":"2025-07-02T11:28:27","slug":"poa","status":"publish","type":"page","link":"https:\/\/saude.ufpr.br\/terapiaocupacional\/coordenacao\/poa\/","title":{"rendered":"Programa de Orienta\u00e7\u00e3o Acad\u00eamica &#8211; POA"},"content":{"rendered":"<h4>&#x1f4c5; <strong>Calend\u00e1rio<\/strong><\/h4>\n<p>24 a 27\/07: Solicita\u00e7\u00e3o de matr\u00edcula (SIGA)<br \/>\n02 a 13\/08: Ajuste de matr\u00edcula (formul\u00e1rio)<br \/>\n04\/08: In\u00edcio das aulas<br \/>\n15\/08: Prazo p\/ trancamento total (sem matr\u00edcula) + adiantamento de conhecimento<br \/>\n06\/10: Cancelamento de disciplinas (SIGA)<\/p>\n<h4>&#x26a0; <strong>REPROVA\u00c7\u00d5ES<\/strong><\/h4>\n<p>Se tiver 4+ reprova\u00e7\u00f5es pendentes em disciplinas obrigat\u00f3rias \u2192 s\u00f3 pode se matricular nelas.<br \/>\nSe alguma n\u00e3o for ofertada, pode trocar com orienta\u00e7\u00e3o da coordena\u00e7\u00e3o.<br \/>\nA coordena\u00e7\u00e3o pode autorizar exce\u00e7\u00f5es para evitar jubilamento.<\/p>\n<h4>&#x1f393; <strong>ADIANTAMENTO E APROVEITAMENTO DE CONHECIMENTO<\/strong><\/h4>\n<p>&#x1f4cc; Adiantamento \u2192 ainda n\u00e3o cursou, mas domina o conte\u00fado (comprovar).<br \/>\n&#x1f4cc; Aproveitamento \u2192 reprovou por nota, mas teve frequ\u00eancia \u2265 75% (1 vez por disciplina).<br \/>\nVEJA A LISTA DE DISCIPLINAS QUE SE ENQUADRAM:<br \/>\n<a href=\"https:\/\/saude.ufpr.br\/terapiaocupacional\/formularios\/\" target=\"_blank\" rel=\"noopener\">https:\/\/saude.ufpr.br\/terapiaocupacional\/formularios\/<\/a><\/p>\n<h4>&#x1f9d1;&#x200d;&#x2695; <strong>EST\u00c1GIOS<\/strong><\/h4>\n<p>Formul\u00e1rio de interesse de est\u00e1gio ser\u00e1 enviado pelo e-mail cadastrado no SIGA e o preenchimento \u00e9 obrigat\u00f3rio!<br \/>\n&#x1f4cd; Est\u00e1gio Obrigat\u00f3rio (curricular): a divis\u00e3o de vagas com estudantes acontecer\u00e1 atrav\u00e9s de 1 reuni\u00e3o dia 29\/07 ( 3a feira) \u00e0s 19h para os 2 turnos.<br \/>\n&#x2757; Quem tem 4+ disciplinas obrigat\u00f3rias pendentes n\u00e3o pode iniciar o est\u00e1gio.<br \/>\n&#x1f4cd; N\u00e3o obrigat\u00f3rio: s\u00f3 depois do 1\u00ba est\u00e1gio obrigat\u00f3rio. Pode ser remunerado.<br \/>\n&#x2705; Prefer\u00eancia para conv\u00eanios via CIEE ou com seguro inclu\u00eddo.<br \/>\n&#x1f4e4; Novos locais: preencher formul\u00e1rio no site e enviar proposta para a COE.<\/p>\n<h4>&#x1f4ec; <strong>COMUNICA\u00c7\u00c3O<\/strong><\/h4>\n<p>Sempre use o e-mail institucional ou Teams.<br \/>\nSeja educado(a), claro(a) e aguarde retorno antes de procurar outros canais.<\/p>\n<h4>&#x1f9ed; <strong>PROCURE A COA<\/strong> se:<\/h4>\n<p>* Reprovou em 3+ disciplinas no \u00faltimo semestre<br \/>\n* Est\u00e1 com 4+ reprova\u00e7\u00f5es obrigat\u00f3rias pendentes<br \/>\n* Reprovou 3x na mesma disciplina<br \/>\n* Foi reprovado por frequ\u00eancia em todas as disciplinas<br \/>\n* Est\u00e1 acima do prazo m\u00ednimo de integraliza\u00e7\u00e3o<\/p>\n<p><strong>COA-E<\/strong> (apoio para estudantes com defici\u00eancia ou neurodiverg\u00eancia)<br \/>\nApoio com estrat\u00e9gias de acessibilidade.<\/p>\n<h4>&#x1f9e0; <strong>Apoio Pedag\u00f3gico e Psicol\u00f3gico (Rede P4E)<\/strong><\/h4>\n<p>&#x2705; Atendimento gratuito<br \/>\n&#x2709; Contato:<\/p>\n<p>rede.p4e@ufpr.br<br \/>\npsicologia.p4e@ufpr.br<br \/>\npedagogia.p4e@ufpr.br<\/p>\n<p>&#x1f4de; <strong>Contatos \u00fateis<\/strong><br \/>\n&#x1f4e7; terapiaocupacional.saude@ufpr.br<br \/>\n&#x1f4ac; Teams: Chat no CCTO (pesquise: terapiaocupacional.saude)<br \/>\n&#x1f4f1; WhatsApp: (41) 3361-3746<\/p>\n<h4>&#x1f469;&#x200d;&#x1f3eb; <strong>COA \u2013 Professoras Tutoras<\/strong><\/h4>\n<p>Agendamento via TEAMS<\/p>\n<p>Integral: Regina e Lauren<br \/>\nNoturno: Aline e Iranise<\/p>\n<p>Agendamento via e-mail<br \/>\n&#x1f469;&#x200d;&#x1f3eb; <strong>COA-E:<\/strong> coa.to.especializada@ufpr.br<\/p>\n<p><strong>Integral:<\/strong> Profa. Adriana Dalagassa<br \/>\n<strong>Noturno:<\/strong> Profa. Gabriela Cordeiro<\/p>\n","protected":false},"excerpt":{"rendered":"<p>&#x1f4c5; Calend\u00e1rio 24 a 27\/07: Solicita\u00e7\u00e3o de matr\u00edcula (SIGA) 02 a 13\/08: Ajuste de matr\u00edcula (formul\u00e1rio) 04\/08: In\u00edcio das aulas 15\/08: Prazo p\/ trancamento total (sem matr\u00edcula) + adiantamento de conhecimento 06\/10: Cancelamento de disciplinas (SIGA) &#x26a0; REPROVA\u00c7\u00d5ES Se tiver [&hellip;]<\/p>\n","protected":false},"author":1626,"featured_media":0,"parent":313,"menu_order":0,"comment_status":"closed","ping_status":"closed","template":"","meta":{"_acf_changed":false,"_uag_custom_page_level_css":"","footnotes":""},"class_list":["post-2045","page","type-page","status-publish","hentry"],"acf":[],"featured_image_src":null,"uagb_featured_image_src":{"full":false,"thumbnail":false,"medium":false,"medium_large":false,"large":false,"1536x1536":false,"2048x2048":false},"uagb_author_info":{"display_name":"luisfelipe","author_link":"https:\/\/saude.ufpr.br\/terapiaocupacional\/author\/luisfelipe\/"},"uagb_comment_info":0,"uagb_excerpt":"&#x1f4c5; Calend\u00e1rio 24 a 27\/07: Solicita\u00e7\u00e3o de matr\u00edcula (SIGA) 02 a 13\/08: Ajuste de matr\u00edcula (formul\u00e1rio) 04\/08: In\u00edcio das aulas 15\/08: Prazo p\/ trancamento total (sem matr\u00edcula) + adiantamento de conhecimento 06\/10: Cancelamento de disciplinas (SIGA) &#x26a0; REPROVA\u00c7\u00d5ES Se tiver [&hellip;]","publishpress_future_action":{"enabled":false,"date":"2026-05-07 06:56:38","action":"change-status","newStatus":"draft","terms":[],"taxonomy":"","extraData":[]},"publishpress_future_workflow_manual_trigger":{"enabledWorkflows":[]},"_links":{"self":[{"href":"https:\/\/saude.ufpr.br\/terapiaocupacional\/wp-json\/wp\/v2\/pages\/2045","targetHints":{"allow":["GET"]}}],"collection":[{"href":"https:\/\/saude.ufpr.br\/terapiaocupacional\/wp-json\/wp\/v2\/pages"}],"about":[{"href":"https:\/\/saude.ufpr.br\/terapiaocupacional\/wp-json\/wp\/v2\/types\/page"}],"author":[{"embeddable":true,"href":"https:\/\/saude.ufpr.br\/terapiaocupacional\/wp-json\/wp\/v2\/users\/1626"}],"replies":[{"embeddable":true,"href":"https:\/\/saude.ufpr.br\/terapiaocupacional\/wp-json\/wp\/v2\/comments?post=2045"}],"version-history":[{"count":79,"href":"https:\/\/saude.ufpr.br\/terapiaocupacional\/wp-json\/wp\/v2\/pages\/2045\/revisions"}],"predecessor-version":[{"id":5171,"href":"https:\/\/saude.ufpr.br\/terapiaocupacional\/wp-json\/wp\/v2\/pages\/2045\/revisions\/5171"}],"up":[{"embeddable":true,"href":"https:\/\/saude.ufpr.br\/terapiaocupacional\/wp-json\/wp\/v2\/pages\/313"}],"wp:attachment":[{"href":"https:\/\/saude.ufpr.br\/terapiaocupacional\/wp-json\/wp\/v2\/media?parent=2045"}],"curies":[{"name":"wp","href":"https:\/\/api.w.org\/{rel}","templated":true}]}}

Programa de Orientação Acadêmica &#8211; POA

<h4>&#x1f4c5; <strong>Calendário</strong></h4>
<p>24 a 27/07: Solicitação de matrícula (SIGA)<br />
02 a 13/08: Ajuste de matrícula (formulário)<br />
04/08: Início das aulas<br />
15/08: Prazo p/ trancamento total (sem matrícula) + adiantamento de conhecimento<br />
06/10: Cancelamento de disciplinas (SIGA)</p>
<h4>&#x26a0; <strong>REPROVAÇÕES</strong></h4>
<p>Se tiver 4+ reprovações pendentes em disciplinas obrigatórias → só pode se matricular nelas.<br />
Se alguma não for ofertada, pode trocar com orientação da coordenação.<br />
A coordenação pode autorizar exceções para evitar jubilamento.</p>
<h4>&#x1f393; <strong>ADIANTAMENTO E APROVEITAMENTO DE CONHECIMENTO</strong></h4>
<p>&#x1f4cc; Adiantamento → ainda não cursou, mas domina o conteúdo (comprovar).<br />
&#x1f4cc; Aproveitamento → reprovou por nota, mas teve frequência ≥ 75% (1 vez por disciplina).<br />
VEJA A LISTA DE DISCIPLINAS QUE SE ENQUADRAM:<br />
<a href="https://saude.ufpr.br/terapiaocupacional/formularios/" target="_blank" rel="noopener">https://saude.ufpr.br/terapiaocupacional/formularios/</a></p>
<h4>&#x1f9d1;&#x200d;&#x2695; <strong>ESTÁGIOS</strong></h4>
<p>Formulário de interesse de estágio será enviado pelo e-mail cadastrado no SIGA e o preenchimento é obrigatório!<br />
&#x1f4cd; Estágio Obrigatório (curricular): a divisão de vagas com estudantes acontecerá através de 1 reunião dia 29/07 ( 3a feira) às 19h para os 2 turnos.<br />
&#x2757; Quem tem 4+ disciplinas obrigatórias pendentes não pode iniciar o estágio.<br />
&#x1f4cd; Não obrigatório: só depois do 1º estágio obrigatório. Pode ser remunerado.<br />
&#x2705; Preferência para convênios via CIEE ou com seguro incluído.<br />
&#x1f4e4; Novos locais: preencher formulário no site e enviar proposta para a COE.</p>
<h4>&#x1f4ec; <strong>COMUNICAÇÃO</strong></h4>
<p>Sempre use o e-mail institucional ou Teams.<br />
Seja educado(a), claro(a) e aguarde retorno antes de procurar outros canais.</p>
<h4>&#x1f9ed; <strong>PROCURE A COA</strong> se:</h4>
<p>* Reprovou em 3+ disciplinas no último semestre<br />
* Está com 4+ reprovações obrigatórias pendentes<br />
* Reprovou 3x na mesma disciplina<br />
* Foi reprovado por frequência em todas as disciplinas<br />
* Está acima do prazo mínimo de integralização</p>
<p><strong>COA-E</strong> (apoio para estudantes com deficiência ou neurodivergência)<br />
Apoio com estratégias de acessibilidade.</p>
<h4>&#x1f9e0; <strong>Apoio Pedagógico e Psicológico (Rede P4E)</strong></h4>
<p>&#x2705; Atendimento gratuito<br />
&#x2709; Contato:</p>
<p>rede.p4e@ufpr.br<br />
psicologia.p4e@ufpr.br<br />
pedagogia.p4e@ufpr.br</p>
<p>&#x1f4de; <strong>Contatos úteis</strong><br />
&#x1f4e7; terapiaocupacional.saude@ufpr.br<br />
&#x1f4ac; Teams: Chat no CCTO (pesquise: terapiaocupacional.saude)<br />
&#x1f4f1; WhatsApp: (41) 3361-3746</p>
<h4>&#x1f469;&#x200d;&#x1f3eb; <strong>COA – Professoras Tutoras</strong></h4>
<p>Agendamento via TEAMS</p>
<p>Integral: Regina e Lauren<br />
Noturno: Aline e Iranise</p>
<p>Agendamento via e-mail<br />
&#x1f469;&#x200d;&#x1f3eb; <strong>COA-E:</strong> coa.to.especializada@ufpr.br</p>
<p><strong>Integral:</strong> Profa. Adriana Dalagassa<br />
<strong>Noturno:</strong> Profa. Gabriela Cordeiro</p>

<p>&#x1f4c5; Calendário 24 a 27/07: Solicitação de matrícula (SIGA) 02 a 13/08: Ajuste de matrícula (formulário) 04/08: Início das aulas 15/08: Prazo p/ trancamento total (sem matrícula) + adiantamento de conhecimento 06/10: Cancelamento de disciplinas (SIGA) &#x26a0; REPROVAÇÕES Se tiver [&hellip;]</p>

&#x1f4c5; Calendário 24 a 27/07: Solicitação de matrícula (SIGA) 02 a 13/08: Ajuste de matrícula (formulário) 04/08: Início das aulas 15/08: Prazo p/ trancamento total (sem matrícula) + adiantamento de conhecimento 06/10: Cancelamento de disciplinas (SIGA) &#x26a0; REPROVAÇÕES Se tiver [&hellip;]
