{"id":2382,"date":"2019-03-11T14:59:17","date_gmt":"2019-03-11T17:59:17","guid":{"rendered":"https:\/\/saude.ufpr.br\/terapiaocupacional\/?page_id=2382"},"modified":"2019-03-11T15:29:28","modified_gmt":"2019-03-11T18:29:28","slug":"publicacoes","status":"publish","type":"page","link":"https:\/\/saude.ufpr.br\/terapiaocupacional\/publicacoes\/","title":{"rendered":"Publica\u00e7\u00f5es"},"content":{"rendered":"<p>As portarias publicadas pela Coordena\u00e7\u00e3o do Curso de Terapia Ocupacional est\u00e3o dispon\u00edveis no portal de Publica\u00e7\u00f5es Eletr\u00f4nicas da UFPR: <a href=\"http:\/\/sei.ufpr.br\/publicacoes\">sei.ufpr.br\/publicacoes<\/a><\/p>\n","protected":false},"excerpt":{"rendered":"<p>As portarias publicadas pela Coordena\u00e7\u00e3o do Curso de Terapia Ocupacional est\u00e3o dispon\u00edveis no portal de Publica\u00e7\u00f5es Eletr\u00f4nicas da UFPR: sei.ufpr.br\/publicacoes<\/p>\n","protected":false},"author":1636,"featured_media":0,"parent":0,"menu_order":0,"comment_status":"closed","ping_status":"closed","template":"","meta":{"_acf_changed":false,"_uag_custom_page_level_css":"","footnotes":""},"class_list":["post-2382","page","type-page","status-publish","hentry"],"acf":[],"featured_image_src":null,"uagb_featured_image_src":{"full":false,"thumbnail":false,"medium":false,"medium_large":false,"large":false,"1536x1536":false,"2048x2048":false},"uagb_author_info":{"display_name":"Matheus Oliveira K\u00fchn","author_link":"https:\/\/saude.ufpr.br\/terapiaocupacional\/author\/matheus\/"},"uagb_comment_info":0,"uagb_excerpt":"As portarias publicadas pela Coordena\u00e7\u00e3o do Curso de Terapia Ocupacional est\u00e3o dispon\u00edveis no portal de Publica\u00e7\u00f5es Eletr\u00f4nicas da UFPR: sei.ufpr.br\/publicacoes","publishpress_future_action":{"enabled":false,"date":"2026-04-22 09:51:13","action":"change-status","newStatus":"draft","terms":[],"taxonomy":"","extraData":[]},"publishpress_future_workflow_manual_trigger":{"enabledWorkflows":[]},"_links":{"self":[{"href":"https:\/\/saude.ufpr.br\/terapiaocupacional\/wp-json\/wp\/v2\/pages\/2382","targetHints":{"allow":["GET"]}}],"collection":[{"href":"https:\/\/saude.ufpr.br\/terapiaocupacional\/wp-json\/wp\/v2\/pages"}],"about":[{"href":"https:\/\/saude.ufpr.br\/terapiaocupacional\/wp-json\/wp\/v2\/types\/page"}],"author":[{"embeddable":true,"href":"https:\/\/saude.ufpr.br\/terapiaocupacional\/wp-json\/wp\/v2\/users\/1636"}],"replies":[{"embeddable":true,"href":"https:\/\/saude.ufpr.br\/terapiaocupacional\/wp-json\/wp\/v2\/comments?post=2382"}],"version-history":[{"count":3,"href":"https:\/\/saude.ufpr.br\/terapiaocupacional\/wp-json\/wp\/v2\/pages\/2382\/revisions"}],"predecessor-version":[{"id":2388,"href":"https:\/\/saude.ufpr.br\/terapiaocupacional\/wp-json\/wp\/v2\/pages\/2382\/revisions\/2388"}],"wp:attachment":[{"href":"https:\/\/saude.ufpr.br\/terapiaocupacional\/wp-json\/wp\/v2\/media?parent=2382"}],"curies":[{"name":"wp","href":"https:\/\/api.w.org\/{rel}","templated":true}]}}