{"id":2784,"date":"2019-12-19T16:10:13","date_gmt":"2019-12-19T19:10:13","guid":{"rendered":"https:\/\/saude.ufpr.br\/terapiaocupacional\/?page_id=2784"},"modified":"2024-10-16T17:04:46","modified_gmt":"2024-10-16T20:04:46","slug":"nde","status":"publish","type":"page","link":"https:\/\/saude.ufpr.br\/terapiaocupacional\/coordenacao\/nde\/","title":{"rendered":"N\u00facleo Docente Estruturante &#8211; NDE-TO"},"content":{"rendered":"<p><a href=\"https:\/\/saude.ufpr.br\/terapiaocupacional\/wp-content\/uploads\/sites\/5\/2021\/05\/Novo-Regimento-do-NDE-TO-Terapia-Ocupacional.pdf\">Regimento do N\u00facleo Docente Estruturante do Curso de Terapia Ocupacional<\/a><\/p>\n<h2>Membros do NDE-TO<\/h2>\n\n<table id=\"tablepress-16\" class=\"tablepress tablepress-id-16\">\n<thead>\n<tr class=\"row-1\">\n\t<th class=\"column-1\">Membro<\/th><th class=\"column-2\">V\u00ednculo<\/th><th class=\"column-3\">Portaria<\/th><th class=\"column-4\">In\u00edcio do Mandato<\/th><th class=\"column-5\">Fim do Mandato<\/th>\n<\/tr>\n<\/thead>\n<tbody class=\"row-striping row-hover\">\n<tr class=\"row-2\">\n\t<td class=\"column-1\">Adriana Belmonte Moreira<\/td><td class=\"column-2\">DTO<\/td><td class=\"column-3\"><a href=\"https:\/\/sei.ufpr.br\/sei\/web\/controlador.php?acao=procedimento_trabalhar&amp;id_procedimento=2905362&amp;id_documento=7758443\" rel=\"noopener\" target=\"_blank\">PORTARIA N\u00ba 07, DE 16 DE OUTUBRO DE 2024<\/a><\/td><td class=\"column-4\">26\/09\/2024<\/td><td class=\"column-5\">15\/05\/2026<\/td>\n<\/tr>\n<tr class=\"row-3\">\n\t<td class=\"column-1\">Maria Jos\u00e9 Gugelmin de Camargo<\/td><td class=\"column-2\">DTO<\/td><td class=\"column-3\"><a href=\"https:\/\/sei.ufpr.br\/sei\/web\/controlador.php?acao=procedimento_trabalhar&amp;id_procedimento=2905362&amp;id_documento=7758443\" rel=\"noopener\" target=\"_blank\">PORTARIA N\u00ba 07, DE 16 DE OUTUBRO DE 2024<\/a><\/td><td class=\"column-4\">26\/09\/2024<\/td><td class=\"column-5\">15\/05\/2026<\/td>\n<\/tr>\n<tr class=\"row-4\">\n\t<td class=\"column-1\">Monica Melo de Macedo Ign\u00e1cio<\/td><td class=\"column-2\">DTO<\/td><td class=\"column-3\"><a href=\"https:\/\/sei.ufpr.br\/sei\/web\/controlador.php?acao=procedimento_trabalhar&amp;id_procedimento=2905362&amp;id_documento=7758443\" rel=\"noopener\" target=\"_blank\">PORTARIA N\u00ba 07, DE 16 DE OUTUBRO DE 2024<\/a><\/td><td class=\"column-4\">26\/09\/2024<\/td><td class=\"column-5\">15\/05\/2026<\/td>\n<\/tr>\n<tr class=\"row-5\">\n\t<td class=\"column-1\">Paloma Hohmann Poier<\/td><td class=\"column-2\">DTO<\/td><td class=\"column-3\"><a href=\"https:\/\/sei.ufpr.br\/sei\/web\/controlador.php?acao=procedimento_trabalhar&amp;id_procedimento=2905362&amp;id_documento=7758443\" rel=\"noopener\" target=\"_blank\">PORTARIA N\u00ba 07, DE 16 DE OUTUBRO DE 2024<\/a><\/td><td class=\"column-4\">26\/09\/2024<\/td><td class=\"column-5\">15\/05\/2026<\/td>\n<\/tr>\n<tr class=\"row-6\">\n\t<td class=\"column-1\">Renato Nickel<\/td><td class=\"column-2\">DTO<\/td><td class=\"column-3\"><a href=\"https:\/\/sei.ufpr.br\/sei\/web\/controlador.php?acao=procedimento_trabalhar&amp;id_procedimento=2905362&amp;id_documento=7758443\" rel=\"noopener\" target=\"_blank\">PORTARIA N\u00ba 07, DE 16 DE OUTUBRO DE 2024<\/a><\/td><td class=\"column-4\">26\/09\/2024<\/td><td class=\"column-5\">15\/05\/2026<\/td>\n<\/tr>\n<tr class=\"row-7\">\n\t<td class=\"column-1\">Karin Braun Prado<\/td><td class=\"column-2\">DPAT<\/td><td class=\"column-3\"><a href=\"https:\/\/sei.ufpr.br\/sei\/web\/controlador.php?acao=procedimento_trabalhar&amp;id_procedimento=2905362&amp;id_documento=7758443\" rel=\"noopener\" target=\"_blank\">PORTARIA N\u00ba 07, DE 16 DE OUTUBRO DE 2024<\/a><\/td><td class=\"column-4\">26\/09\/2024<\/td><td class=\"column-5\">15\/05\/2026<\/td>\n<\/tr>\n<tr class=\"row-8\">\n\t<td class=\"column-1\">Marisete Teresinha Hoffmann Horochovski<\/td><td class=\"column-2\">DECISO<\/td><td class=\"column-3\"><a href=\"https:\/\/sei.ufpr.br\/sei\/web\/controlador.php?acao=procedimento_trabalhar&amp;id_procedimento=2905362&amp;id_documento=7758443\" rel=\"noopener\" target=\"_blank\">PORTARIA N\u00ba 07, DE 16 DE OUTUBRO DE 2024<\/a><\/td><td class=\"column-4\">10\/10\/2024<\/td><td class=\"column-5\">15\/05\/2026<\/td>\n<\/tr>\n<\/tbody>\n<\/table>\n<!-- #tablepress-16 from cache -->\n<p>&nbsp;<\/p>\n<p>\u00daltima atualiza\u00e7\u00e3o em 16\/10\/2024<\/p>\n","protected":false},"excerpt":{"rendered":"<p>Regimento do N\u00facleo Docente Estruturante do Curso de Terapia Ocupacional Membros do NDE-TO &nbsp; \u00daltima atualiza\u00e7\u00e3o em 16\/10\/2024<\/p>\n","protected":false},"author":1636,"featured_media":0,"parent":313,"menu_order":0,"comment_status":"closed","ping_status":"closed","template":"","meta":{"_acf_changed":false,"_uag_custom_page_level_css":"","footnotes":""},"class_list":["post-2784","page","type-page","status-publish","hentry"],"acf":[],"featured_image_src":null,"uagb_featured_image_src":{"full":false,"thumbnail":false,"medium":false,"medium_large":false,"large":false,"1536x1536":false,"2048x2048":false},"uagb_author_info":{"display_name":"Matheus Oliveira K\u00fchn","author_link":"https:\/\/saude.ufpr.br\/terapiaocupacional\/author\/matheus\/"},"uagb_comment_info":0,"uagb_excerpt":"Regimento do N\u00facleo Docente Estruturante do Curso de Terapia Ocupacional Membros do NDE-TO &nbsp; \u00daltima atualiza\u00e7\u00e3o em 16\/10\/2024","publishpress_future_action":{"enabled":false,"date":"2026-05-01 18:51:50","action":"change-status","newStatus":"draft","terms":[],"taxonomy":"","extraData":[]},"publishpress_future_workflow_manual_trigger":{"enabledWorkflows":[]},"_links":{"self":[{"href":"https:\/\/saude.ufpr.br\/terapiaocupacional\/wp-json\/wp\/v2\/pages\/2784","targetHints":{"allow":["GET"]}}],"collection":[{"href":"https:\/\/saude.ufpr.br\/terapiaocupacional\/wp-json\/wp\/v2\/pages"}],"about":[{"href":"https:\/\/saude.ufpr.br\/terapiaocupacional\/wp-json\/wp\/v2\/types\/page"}],"author":[{"embeddable":true,"href":"https:\/\/saude.ufpr.br\/terapiaocupacional\/wp-json\/wp\/v2\/users\/1636"}],"replies":[{"embeddable":true,"href":"https:\/\/saude.ufpr.br\/terapiaocupacional\/wp-json\/wp\/v2\/comments?post=2784"}],"version-history":[{"count":19,"href":"https:\/\/saude.ufpr.br\/terapiaocupacional\/wp-json\/wp\/v2\/pages\/2784\/revisions"}],"predecessor-version":[{"id":4988,"href":"https:\/\/saude.ufpr.br\/terapiaocupacional\/wp-json\/wp\/v2\/pages\/2784\/revisions\/4988"}],"up":[{"embeddable":true,"href":"https:\/\/saude.ufpr.br\/terapiaocupacional\/wp-json\/wp\/v2\/pages\/313"}],"wp:attachment":[{"href":"https:\/\/saude.ufpr.br\/terapiaocupacional\/wp-json\/wp\/v2\/media?parent=2784"}],"curies":[{"name":"wp","href":"https:\/\/api.w.org\/{rel}","templated":true}]}}