{"id":313,"date":"2016-05-20T21:54:34","date_gmt":"2016-05-20T21:54:34","guid":{"rendered":"https:\/\/saude.ufpr.br\/terapiaocupacional\/?page_id=313"},"modified":"2026-04-07T11:53:20","modified_gmt":"2026-04-07T14:53:20","slug":"coordenacao","status":"publish","type":"page","link":"https:\/\/saude.ufpr.br\/terapiaocupacional\/coordenacao\/","title":{"rendered":"Coordena\u00e7\u00e3o do Curso de Terapia Ocupacional"},"content":{"rendered":"<p><strong>Coordenadora do Curso:<\/strong><\/p>\n<p><a href=\"http:\/\/lattes.cnpq.br\/2778685499249321\" target=\"_blank\" rel=\"noopener\">Prof\u00aa Gabriela Cordeiro Correa do Nascimento<\/a><br \/>\nE-mail: <strong>gabriela.correa@ufpr.br<\/strong><br \/>\nTeams: <a href=\"https:\/\/teams.microsoft.com\/l\/chat\/0\/0?users=gabriela.correa@ufpr.br\">gabriela.correa<\/a><\/p>\n<p><strong>Vice-coordenadora do Curso:<\/strong><\/p>\n<p><a href=\"http:\/\/lattes.cnpq.br\/3200199812934593\" target=\"_blank\" rel=\"noopener\">Prof\u00aa Iranise Moro Pereira Jorge<\/a><br \/>\nE-mail: <strong>iranise@ufpr.br<\/strong><br \/>\nTeams: <a href=\"https:\/\/teams.microsoft.com\/l\/chat\/0\/0?users=iranise@ufpr.br\">iranise<\/a><\/p>\n<p><strong>T\u00e9cnicos Administrativos:<\/strong><\/p>\n<p>Douglas Caetano<br \/>\nE-mail: <strong>douglas.caetano@ufpr.br<\/strong><br \/>\nTeams: <a href=\"https:\/\/teams.microsoft.com\/l\/chat\/0\/0?users=douglas.caetano@ufpr.br\">douglas.caetano<\/a><\/p>\n<p>Flavio da Costa Evangelista<br \/>\nE-mail: <strong>flavio.evangelista@ufpr.br<\/strong><br \/>\nTeams: <a href=\"https:\/\/teams.microsoft.com\/l\/chat\/0\/0?users=flavio.evangelista@ufpr.br\">flavio.evangelista<\/a><\/p>\n<p>Ambos os servidores s\u00e3o participantes do Programa de Gest\u00e3o e Desempenho (PGD), realizando teletrabalho em regime de execu\u00e7\u00e3o parcial, de acordo com a <strong>Portaria UFPR N\u00b0 356, de 18 de fevereiro de 2025<\/strong>.<br \/>\nAtendimento presencial em regime de revezamento de escala, de <strong>segunda a quinta<\/strong>.<\/p>\n<p><a href=\"https:\/\/saude.ufpr.br\/terapiaocupacional\/wp-content\/uploads\/sites\/5\/2026\/04\/Escala-de-Atendimento-Presencial-abril.pdf\" target=\"_blank\" rel=\"noopener\">Escala de Atendimento-abril de 2026<\/a><br \/>\n<strong>Aten\u00e7\u00e3o: <\/strong>poder\u00e1 haver altera\u00e7\u00f5es na escala de acordo com as necessidades da secretaria.<\/p>\n<p>\n<strong>Telefones:<\/strong><\/p>\n<p>Coordenadora e Vice-coordenadora &#8211; (41) 3361-3748<br \/>\nT\u00e9cnicos administrativos &#8211; (41) 3361-3746<\/p>\n<p><strong>E-mail:<\/strong><\/p>\n<p><a href=\"mailto:terapiaocupacional.saude@ufpr.br\">terapiaocupacional.saude@ufpr.br<\/a><\/p>\n<p><strong>Teams CCTO (link direto para chat):<\/strong><\/p>\n<p><a href=\"https:\/\/teams.microsoft.com\/l\/chat\/0\/0?users=terapiaocupacional.saude@ufpr.br\">terapiaocupacional.saude<\/a><\/p>\n<p><strong>WhatsApp:<\/strong><br \/>\n<!-- ATEN\u00c7\u00c3O: o atendimento via WhatsApp estar\u00e1 suspenso durante o primeiro m\u00eas do semestre letivo, j\u00e1 que os t\u00e9cnicos administrativos estar\u00e3o presencialmente na Coordena\u00e7\u00e3o do Curso. Poder\u00e3o ser utilizados os outros canais de atendimento (telefone, e-mail e Teams). --><br \/>\n<a href=\"https:\/\/wa.me\/554133613746\">(41) 3361-3746<\/a><br \/>\n<img fetchpriority=\"high\" decoding=\"async\" src=\"https:\/\/saude.ufpr.br\/terapiaocupacional\/wp-content\/uploads\/sites\/5\/2025\/05\/QRCode.jpeg\" alt=\"Fale com a secretaria CCTO\" width=\"350\" height=\"350\"><br \/>\n<strong>AVISO: Somente para envio de mensagens de texto; demandas que n\u00e3o sejam da Coordena\u00e7\u00e3o do Curso n\u00e3o ser\u00e3o respondidas.<\/strong><\/p>\n<p><strong>Endere\u00e7o:<\/strong><\/p>\n<p><em>Campus<\/em> Jardim Bot\u00e2nico<\/p>\n<p>Av. Prefeito Loth\u00e1rio Meissner, 632, 1\u00ba Andar<br \/>\nBloco Did\u00e1tico II do Setor de Ci\u00eancias da Sa\u00fade<br \/>\nJardim Bot\u00e2nico\u00a0\u2013 Curitiba \u2013 PR<br \/>\nCEP 80210-170<\/p>\n","protected":false},"excerpt":{"rendered":"<p>Coordenadora do Curso: Prof\u00aa Gabriela Cordeiro Correa do Nascimento E-mail: gabriela.correa@ufpr.br Teams: gabriela.correa Vice-coordenadora do Curso: Prof\u00aa Iranise Moro Pereira Jorge E-mail: iranise@ufpr.br Teams: iranise T\u00e9cnicos Administrativos: Douglas Caetano E-mail: douglas.caetano@ufpr.br Teams: douglas.caetano Flavio da Costa Evangelista E-mail: flavio.evangelista@ufpr.br Teams: [&hellip;]<\/p>\n","protected":false},"author":1636,"featured_media":0,"parent":0,"menu_order":0,"comment_status":"closed","ping_status":"closed","template":"","meta":{"_acf_changed":false,"_uag_custom_page_level_css":"","footnotes":""},"class_list":["post-313","page","type-page","status-publish","hentry"],"acf":[],"featured_image_src":null,"uagb_featured_image_src":{"full":false,"thumbnail":false,"medium":false,"medium_large":false,"large":false,"1536x1536":false,"2048x2048":false},"uagb_author_info":{"display_name":"Matheus Oliveira K\u00fchn","author_link":"https:\/\/saude.ufpr.br\/terapiaocupacional\/author\/matheus\/"},"uagb_comment_info":0,"uagb_excerpt":"Coordenadora do Curso: Prof\u00aa Gabriela Cordeiro Correa do Nascimento E-mail: gabriela.correa@ufpr.br Teams: gabriela.correa Vice-coordenadora do Curso: Prof\u00aa Iranise Moro Pereira Jorge E-mail: iranise@ufpr.br Teams: iranise T\u00e9cnicos Administrativos: Douglas Caetano E-mail: douglas.caetano@ufpr.br Teams: douglas.caetano Flavio da Costa Evangelista E-mail: flavio.evangelista@ufpr.br Teams: [&hellip;]","publishpress_future_action":{"enabled":false,"date":"2026-05-02 05:05:47","action":"change-status","newStatus":"draft","terms":[],"taxonomy":"","extraData":[]},"publishpress_future_workflow_manual_trigger":{"enabledWorkflows":[]},"_links":{"self":[{"href":"https:\/\/saude.ufpr.br\/terapiaocupacional\/wp-json\/wp\/v2\/pages\/313","targetHints":{"allow":["GET"]}}],"collection":[{"href":"https:\/\/saude.ufpr.br\/terapiaocupacional\/wp-json\/wp\/v2\/pages"}],"about":[{"href":"https:\/\/saude.ufpr.br\/terapiaocupacional\/wp-json\/wp\/v2\/types\/page"}],"author":[{"embeddable":true,"href":"https:\/\/saude.ufpr.br\/terapiaocupacional\/wp-json\/wp\/v2\/users\/1636"}],"replies":[{"embeddable":true,"href":"https:\/\/saude.ufpr.br\/terapiaocupacional\/wp-json\/wp\/v2\/comments?post=313"}],"version-history":[{"count":102,"href":"https:\/\/saude.ufpr.br\/terapiaocupacional\/wp-json\/wp\/v2\/pages\/313\/revisions"}],"predecessor-version":[{"id":5536,"href":"https:\/\/saude.ufpr.br\/terapiaocupacional\/wp-json\/wp\/v2\/pages\/313\/revisions\/5536"}],"wp:attachment":[{"href":"https:\/\/saude.ufpr.br\/terapiaocupacional\/wp-json\/wp\/v2\/media?parent=313"}],"curies":[{"name":"wp","href":"https:\/\/api.w.org\/{rel}","templated":true}]}}

Coordenação do Curso de Terapia Ocupacional

<p><strong>Coordenadora do Curso:</strong></p>
<p><a href="http://lattes.cnpq.br/2778685499249321" target="_blank" rel="noopener">Profª Gabriela Cordeiro Correa do Nascimento</a><br />
E-mail: <strong>gabriela.correa@ufpr.br</strong><br />
Teams: <a href="https://teams.microsoft.com/l/chat/0/0?users=gabriela.correa@ufpr.br">gabriela.correa</a></p>
<p><strong>Vice-coordenadora do Curso:</strong></p>
<p><a href="http://lattes.cnpq.br/3200199812934593" target="_blank" rel="noopener">Profª Iranise Moro Pereira Jorge</a><br />
E-mail: <strong>iranise@ufpr.br</strong><br />
Teams: <a href="https://teams.microsoft.com/l/chat/0/0?users=iranise@ufpr.br">iranise</a></p>
<p><strong>Técnicos Administrativos:</strong></p>
<p>Douglas Caetano<br />
E-mail: <strong>douglas.caetano@ufpr.br</strong><br />
Teams: <a href="https://teams.microsoft.com/l/chat/0/0?users=douglas.caetano@ufpr.br">douglas.caetano</a></p>
<p>Flavio da Costa Evangelista<br />
E-mail: <strong>flavio.evangelista@ufpr.br</strong><br />
Teams: <a href="https://teams.microsoft.com/l/chat/0/0?users=flavio.evangelista@ufpr.br">flavio.evangelista</a></p>
<p>Ambos os servidores são participantes do Programa de Gestão e Desempenho (PGD), realizando teletrabalho em regime de execução parcial, de acordo com a <strong>Portaria UFPR N° 356, de 18 de fevereiro de 2025</strong>.<br />
Atendimento presencial em regime de revezamento de escala, de <strong>segunda a quinta</strong>.</p>
<p><a href="https://saude.ufpr.br/terapiaocupacional/wp-content/uploads/sites/5/2026/04/Escala-de-Atendimento-Presencial-abril.pdf" target="_blank" rel="noopener">Escala de Atendimento-abril de 2026</a><br />
<strong>Atenção: </strong>poderá haver alterações na escala de acordo com as necessidades da secretaria.</p>
<p>
<strong>Telefones:</strong></p>
<p>Coordenadora e Vice-coordenadora &#8211; (41) 3361-3748<br />
Técnicos administrativos &#8211; (41) 3361-3746</p>
<p><strong>E-mail:</strong></p>
<p><a href="mailto:terapiaocupacional.saude@ufpr.br">terapiaocupacional.saude@ufpr.br</a></p>
<p><strong>Teams CCTO (link direto para chat):</strong></p>
<p><a href="https://teams.microsoft.com/l/chat/0/0?users=terapiaocupacional.saude@ufpr.br">terapiaocupacional.saude</a></p>
<p><strong>WhatsApp:</strong><br />
<!-- ATENÇÃO: o atendimento via WhatsApp estará suspenso durante o primeiro mês do semestre letivo, já que os técnicos administrativos estarão presencialmente na Coordenação do Curso. Poderão ser utilizados os outros canais de atendimento (telefone, e-mail e Teams). --><br />
<a href="https://wa.me/554133613746">(41) 3361-3746</a><br />
<img fetchpriority="high" decoding="async" src="https://saude.ufpr.br/terapiaocupacional/wp-content/uploads/sites/5/2025/05/QRCode.jpeg" alt="Fale com a secretaria CCTO" width="350" height="350"><br />
<strong>AVISO: Somente para envio de mensagens de texto; demandas que não sejam da Coordenação do Curso não serão respondidas.</strong></p>
<p><strong>Endereço:</strong></p>
<p><em>Campus</em> Jardim Botânico</p>
<p>Av. Prefeito Lothário Meissner, 632, 1º Andar<br />
Bloco Didático II do Setor de Ciências da Saúde<br />
Jardim Botânico – Curitiba – PR<br />
CEP 80210-170</p>

<p>Coordenadora do Curso: Profª Gabriela Cordeiro Correa do Nascimento E-mail: gabriela.correa@ufpr.br Teams: gabriela.correa Vice-coordenadora do Curso: Profª Iranise Moro Pereira Jorge E-mail: iranise@ufpr.br Teams: iranise Técnicos Administrativos: Douglas Caetano E-mail: douglas.caetano@ufpr.br Teams: douglas.caetano Flavio da Costa Evangelista E-mail: flavio.evangelista@ufpr.br Teams: [&hellip;]</p>

Matheus Oliveira Kühn

Coordenadora do Curso: Profª Gabriela Cordeiro Correa do Nascimento E-mail: gabriela.correa@ufpr.br Teams: gabriela.correa Vice-coordenadora do Curso: Profª Iranise Moro Pereira Jorge E-mail: iranise@ufpr.br Teams: iranise Técnicos Administrativos: Douglas Caetano E-mail: douglas.caetano@ufpr.br Teams: douglas.caetano Flavio da Costa Evangelista E-mail: flavio.evangelista@ufpr.br Teams: [&hellip;]
