{"id":317,"date":"2016-05-20T21:55:25","date_gmt":"2016-05-20T21:55:25","guid":{"rendered":"https:\/\/saude.ufpr.br\/terapiaocupacional\/?page_id=317"},"modified":"2024-03-06T11:29:15","modified_gmt":"2024-03-06T14:29:15","slug":"matriz-curricular","status":"publish","type":"page","link":"https:\/\/saude.ufpr.br\/terapiaocupacional\/ppc\/matriz-curricular\/","title":{"rendered":"Matriz Curricular"},"content":{"rendered":"<p><span data-contrast=\"auto\">A integraliza\u00e7\u00e3o do Curso de Terapia Ocupacional dever\u00e1 realizar-se em no m\u00ednimo 10 semestres e no m\u00e1ximo 15 semes<\/span><span data-contrast=\"auto\">tres, com um total geral de 3305 horas, com a<\/span><span data-contrast=\"auto\">\u00a0seguinte<\/span><span data-contrast=\"auto\">\u00a0distribui\u00e7\u00e3o de cargas\u00a0<\/span><span data-contrast=\"auto\">hor\u00e1rias<\/span><span data-contrast=\"auto\">:<\/span><span data-ccp-props=\"{&quot;201341983&quot;:0,&quot;335559739&quot;:160,&quot;335559740&quot;:259}\">\u00a0<\/span><\/p>\n<table style=\"height: 545px\" width=\"835\" data-tablestyle=\"MsoTableGrid\" data-tablelook=\"1696\">\n<tbody>\n<tr>\n<td data-celllook=\"0\"><span data-ccp-props=\"{&quot;201341983&quot;:0,&quot;335559740&quot;:259}\">\u00a0<\/span><\/td>\n<td data-celllook=\"0\"><span data-contrast=\"auto\"><strong>Padr\u00e3o<\/strong><\/span><\/td>\n<td data-celllook=\"0\">&nbsp;<\/p>\n<p><strong>Laborat\u00f3rio<\/strong><\/p>\n<p>&nbsp;<\/td>\n<td data-celllook=\"0\">&nbsp;<\/p>\n<p><strong>Est\u00e1gio<\/strong><\/p>\n<p>&nbsp;<\/td>\n<td data-celllook=\"0\">&nbsp;<\/p>\n<p><strong>Orientada<\/strong><\/p>\n<p>&nbsp;<\/td>\n<td data-celllook=\"0\">&nbsp;<\/p>\n<p><strong>Pr\u00e1tica Especifica\u00a0<\/strong><\/p>\n<p>&nbsp;<\/td>\n<td data-celllook=\"0\"><strong>Total<\/strong><\/td>\n<\/tr>\n<tr>\n<td data-celllook=\"0\"><span data-contrast=\"auto\">Disciplinas Obrigat\u00f3rias<\/span><\/td>\n<td data-celllook=\"0\">\n<p style=\"text-align: center\"><span data-contrast=\"auto\">1515h<\/span><span data-ccp-props=\"{&quot;201341983&quot;:0,&quot;335559740&quot;:259}\">\u00a0<\/span><\/p>\n<\/td>\n<td style=\"text-align: center\" data-celllook=\"0\"><span data-contrast=\"auto\">480h<\/span><span data-ccp-props=\"{&quot;201341983&quot;:0,&quot;335559740&quot;:259}\">\u00a0<\/span><\/td>\n<td style=\"text-align: center\" data-celllook=\"0\"><span data-ccp-props=\"{&quot;201341983&quot;:0,&quot;335559740&quot;:259}\">\u00a0<\/span><\/td>\n<td style=\"text-align: center\" data-celllook=\"0\"><span data-ccp-props=\"{&quot;201341983&quot;:0,&quot;335559740&quot;:259}\">\u00a0<\/span><\/td>\n<td style=\"text-align: center\" data-celllook=\"0\"><span data-contrast=\"auto\">30h<\/span><span data-ccp-props=\"{&quot;201341983&quot;:0,&quot;335559740&quot;:259}\">\u00a0<\/span><\/td>\n<td data-celllook=\"0\">\n<p style=\"text-align: center\"><span data-contrast=\"auto\">2025h<\/span><span data-ccp-props=\"{&quot;201341983&quot;:0,&quot;335559740&quot;:259}\">\u00a0<\/span><\/p>\n<\/td>\n<\/tr>\n<tr>\n<td data-celllook=\"0\"><span data-contrast=\"auto\">Est\u00e1gio<\/span><span data-ccp-props=\"{&quot;201341983&quot;:0,&quot;335559740&quot;:259}\">\u00a0<\/span><\/td>\n<td data-celllook=\"0\"><span data-ccp-props=\"{&quot;201341983&quot;:0,&quot;335559740&quot;:259}\">\u00a0<\/span><\/td>\n<td data-celllook=\"0\"><span data-ccp-props=\"{&quot;201341983&quot;:0,&quot;335559740&quot;:259}\">\u00a0<\/span><\/td>\n<td data-celllook=\"0\">\n<p style=\"text-align: center\"><span data-contrast=\"auto\">810<\/span><span data-contrast=\"auto\">h<\/span><span data-ccp-props=\"{&quot;201341983&quot;:0,&quot;335559740&quot;:259}\">\u00a0<\/span><\/p>\n<\/td>\n<td style=\"text-align: center\" data-celllook=\"0\"><span data-ccp-props=\"{&quot;201341983&quot;:0,&quot;335559740&quot;:259}\">\u00a0<\/span><\/td>\n<td style=\"text-align: center\" data-celllook=\"0\"><span data-ccp-props=\"{&quot;201341983&quot;:0,&quot;335559740&quot;:259}\">\u00a0<\/span><\/td>\n<td data-celllook=\"0\">\n<p style=\"text-align: center\"><span data-contrast=\"auto\">810h<\/span><span data-ccp-props=\"{&quot;201341983&quot;:0,&quot;335559740&quot;:259}\">\u00a0<\/span><\/p>\n<\/td>\n<\/tr>\n<tr>\n<td data-celllook=\"0\"><span data-contrast=\"auto\">TCC<\/span><span data-ccp-props=\"{&quot;201341983&quot;:0,&quot;335559740&quot;:259}\">\u00a0<\/span><\/td>\n<td data-celllook=\"0\"><span data-ccp-props=\"{&quot;201341983&quot;:0,&quot;335559740&quot;:259}\">\u00a060h<\/span><\/td>\n<td data-celllook=\"0\"><span data-ccp-props=\"{&quot;201341983&quot;:0,&quot;335559740&quot;:259}\">\u00a0<\/span><\/td>\n<td data-celllook=\"0\"><span data-ccp-props=\"{&quot;201341983&quot;:0,&quot;335559740&quot;:259}\">\u00a0<\/span><\/td>\n<td data-celllook=\"0\">\n<p style=\"text-align: center\"><span data-contrast=\"auto\">90<\/span><span data-contrast=\"auto\">h<\/span><span data-ccp-props=\"{&quot;201341983&quot;:0,&quot;335559740&quot;:259}\">\u00a0<\/span><\/p>\n<\/td>\n<td data-celllook=\"0\"><span data-ccp-props=\"{&quot;201341983&quot;:0,&quot;335559740&quot;:259}\">\u00a0<\/span><\/td>\n<td data-celllook=\"0\"><span data-ccp-props=\"{&quot;201341983&quot;:0,&quot;335559740&quot;:259}\">\u00a0150h\u00a0<\/span><\/td>\n<\/tr>\n<tr>\n<td data-celllook=\"0\"><span data-contrast=\"auto\">Disciplinas Optativas<\/span><span data-ccp-props=\"{&quot;201341983&quot;:0,&quot;335559740&quot;:259}\">\u00a0<\/span><\/td>\n<td data-celllook=\"0\"><span data-ccp-props=\"{&quot;201341983&quot;:0,&quot;335559740&quot;:259}\">\u00a0<\/span><\/td>\n<td data-celllook=\"0\"><span data-ccp-props=\"{&quot;201341983&quot;:0,&quot;335559740&quot;:259}\">\u00a0<\/span><\/td>\n<td data-celllook=\"0\"><span data-ccp-props=\"{&quot;201341983&quot;:0,&quot;335559740&quot;:259}\">\u00a0<\/span><\/td>\n<td data-celllook=\"0\"><span data-ccp-props=\"{&quot;201341983&quot;:0,&quot;335559740&quot;:259}\">\u00a0<\/span><\/td>\n<td data-celllook=\"0\"><span data-ccp-props=\"{&quot;201341983&quot;:0,&quot;335559740&quot;:259}\">\u00a0<\/span><\/td>\n<td data-celllook=\"0\">\n<p style=\"text-align: center\"><span data-contrast=\"auto\">120h<\/span><span data-ccp-props=\"{&quot;201341983&quot;:0,&quot;335559740&quot;:259}\">\u00a0<\/span><\/p>\n<\/td>\n<\/tr>\n<tr>\n<td data-celllook=\"0\"><span data-contrast=\"auto\">Atividades\u00a0<\/span><span data-contrast=\"auto\">Formativas<\/span><span data-contrast=\"auto\"> (AF)<\/span><span data-ccp-props=\"{&quot;201341983&quot;:0,&quot;335559740&quot;:259}\">\u00a0<\/span><\/td>\n<td data-celllook=\"0\"><span data-ccp-props=\"{&quot;201341983&quot;:0,&quot;335559740&quot;:259}\">\u00a0<\/span><\/td>\n<td data-celllook=\"0\"><span data-ccp-props=\"{&quot;201341983&quot;:0,&quot;335559740&quot;:259}\">\u00a0<\/span><\/td>\n<td data-celllook=\"0\"><span data-ccp-props=\"{&quot;201341983&quot;:0,&quot;335559740&quot;:259}\">\u00a0<\/span><\/td>\n<td data-celllook=\"0\"><span data-ccp-props=\"{&quot;201341983&quot;:0,&quot;335559740&quot;:259}\">\u00a0<\/span><\/td>\n<td data-celllook=\"0\"><span data-ccp-props=\"{&quot;201341983&quot;:0,&quot;335559740&quot;:259}\">\u00a0<\/span><\/td>\n<td data-celllook=\"0\">\n<p style=\"text-align: center\"><span data-contrast=\"auto\">200h<\/span><span data-ccp-props=\"{&quot;201341983&quot;:0,&quot;335559740&quot;:259}\">\u00a0<\/span><\/p>\n<\/td>\n<\/tr>\n<tr>\n<td data-celllook=\"0\"><span data-contrast=\"auto\">Total<\/span><span data-ccp-props=\"{&quot;201341983&quot;:0,&quot;335559740&quot;:259}\">\u00a0<\/span><\/td>\n<td data-celllook=\"0\"><span data-ccp-props=\"{&quot;201341983&quot;:0,&quot;335559740&quot;:259}\">\u00a0<\/span><\/td>\n<td data-celllook=\"0\"><span data-ccp-props=\"{&quot;201341983&quot;:0,&quot;335559740&quot;:259}\">\u00a0<\/span><\/td>\n<td data-celllook=\"0\"><span data-ccp-props=\"{&quot;201341983&quot;:0,&quot;335559740&quot;:259}\">\u00a0<\/span><\/td>\n<td data-celllook=\"0\"><span data-ccp-props=\"{&quot;201341983&quot;:0,&quot;335559740&quot;:259}\">\u00a0<\/span><\/td>\n<td data-celllook=\"0\"><span data-ccp-props=\"{&quot;201341983&quot;:0,&quot;335559740&quot;:259}\">\u00a0<\/span><\/td>\n<td data-celllook=\"0\">\n<p style=\"text-align: center\"><span data-contrast=\"auto\">3305h<\/span><span data-ccp-props=\"{&quot;201341983&quot;:0,&quot;335559740&quot;:259}\">\u00a0<\/span><\/p>\n<\/td>\n<\/tr>\n<\/tbody>\n<\/table>\n<p><span data-contrast=\"auto\">Para efeitos de matr\u00edcula, a carga hor\u00e1ria seman<\/span><span data-contrast=\"auto\">a<\/span><span data-contrast=\"auto\">l poder\u00e1\u00a0<\/span><span data-contrast=\"auto\">oscilar<\/span><span data-contrast=\"auto\">\u00a0entre\u00a0<\/span><span data-contrast=\"auto\">o m\u00ednimo de\u00a0<\/span><span data-contrast=\"auto\">15\u00a0<\/span><span data-contrast=\"auto\">horas e o m\u00e1ximo d<\/span><span data-contrast=\"auto\">e\u00a0<\/span><span data-contrast=\"auto\">30<\/span><span data-contrast=\"auto\"> horas semanais.<\/span><span data-ccp-props=\"{&quot;201341983&quot;:0,&quot;335559739&quot;:160,&quot;335559740&quot;:259}\">\u00a0<\/span><\/p>\n<p><a href=\"https:\/\/saude.ufpr.br\/terapiaocupacional\/wp-content\/uploads\/sites\/5\/2024\/03\/Matriz-curricular-2024.pdf\" target=\"_blank\" rel=\"noopener\"><strong>Periodiza\u00e7\u00e3o Recomendada Curr\u00edculo 30A e 81A &#8211; Vers\u00e3o 2024 (com Carga Hor\u00e1ria de ACE)<\/strong><\/a><\/p>\n<p><a href=\"https:\/\/saude.ufpr.br\/terapiaocupacional\/wp-content\/uploads\/sites\/5\/2024\/03\/Grade-Curricular-2017_apos-ajuste-2022.pdf\" target=\"_blank\" rel=\"noopener\"><strong>Periodiza\u00e7\u00e3o Recomendada Curr\u00edculo 30 A e 81A &#8211; Vers\u00e3o 2017\u00a0<\/strong><\/a><\/p>\n<h2>Ementas<\/h2>\n<p>Ementas (Fichas 1) de disciplinas de todas as vers\u00f5es do curr\u00edculo (vers\u00f5es 2001, 2007, 2011 e 2017) do Curso de Terapia Ocupacional.<\/p>\n<p><a href=\"https:\/\/saude.ufpr.br\/terapiaocupacional\/ementas-ccto\/\">Ementas<\/a><\/p>\n<p>&nbsp;<\/p>\n<p>\u00daltima atualiza\u00e7\u00e3o em 16 de mar\u00e7o de 2024<\/p>\n","protected":false},"excerpt":{"rendered":"<p>A integraliza\u00e7\u00e3o do Curso de Terapia Ocupacional dever\u00e1 realizar-se em no m\u00ednimo 10 semestres e no m\u00e1ximo 15 semestres, com um total geral de 3305 horas, com a\u00a0seguinte\u00a0distribui\u00e7\u00e3o de cargas\u00a0hor\u00e1rias:\u00a0 \u00a0 Padr\u00e3o &nbsp; Laborat\u00f3rio &nbsp; &nbsp; Est\u00e1gio &nbsp; &nbsp; Orientada [&hellip;]<\/p>\n","protected":false},"author":1636,"featured_media":0,"parent":1214,"menu_order":0,"comment_status":"closed","ping_status":"closed","template":"","meta":{"_acf_changed":false,"_uag_custom_page_level_css":"","footnotes":""},"class_list":["post-317","page","type-page","status-publish","hentry"],"acf":[],"featured_image_src":null,"uagb_featured_image_src":{"full":false,"thumbnail":false,"medium":false,"medium_large":false,"large":false,"1536x1536":false,"2048x2048":false},"uagb_author_info":{"display_name":"Matheus Oliveira K\u00fchn","author_link":"https:\/\/saude.ufpr.br\/terapiaocupacional\/author\/matheus\/"},"uagb_comment_info":0,"uagb_excerpt":"A integraliza\u00e7\u00e3o do Curso de Terapia Ocupacional dever\u00e1 realizar-se em no m\u00ednimo 10 semestres e no m\u00e1ximo 15 semestres, com um total geral de 3305 horas, com a\u00a0seguinte\u00a0distribui\u00e7\u00e3o de cargas\u00a0hor\u00e1rias:\u00a0 \u00a0 Padr\u00e3o &nbsp; Laborat\u00f3rio &nbsp; &nbsp; Est\u00e1gio &nbsp; &nbsp; Orientada [&hellip;]","publishpress_future_action":{"enabled":false,"date":"2026-04-10 17:34:58","action":"change-status","newStatus":"draft","terms":[],"taxonomy":"","extraData":[]},"publishpress_future_workflow_manual_trigger":{"enabledWorkflows":[]},"_links":{"self":[{"href":"https:\/\/saude.ufpr.br\/terapiaocupacional\/wp-json\/wp\/v2\/pages\/317","targetHints":{"allow":["GET"]}}],"collection":[{"href":"https:\/\/saude.ufpr.br\/terapiaocupacional\/wp-json\/wp\/v2\/pages"}],"about":[{"href":"https:\/\/saude.ufpr.br\/terapiaocupacional\/wp-json\/wp\/v2\/types\/page"}],"author":[{"embeddable":true,"href":"https:\/\/saude.ufpr.br\/terapiaocupacional\/wp-json\/wp\/v2\/users\/1636"}],"replies":[{"embeddable":true,"href":"https:\/\/saude.ufpr.br\/terapiaocupacional\/wp-json\/wp\/v2\/comments?post=317"}],"version-history":[{"count":38,"href":"https:\/\/saude.ufpr.br\/terapiaocupacional\/wp-json\/wp\/v2\/pages\/317\/revisions"}],"predecessor-version":[{"id":4836,"href":"https:\/\/saude.ufpr.br\/terapiaocupacional\/wp-json\/wp\/v2\/pages\/317\/revisions\/4836"}],"up":[{"embeddable":true,"href":"https:\/\/saude.ufpr.br\/terapiaocupacional\/wp-json\/wp\/v2\/pages\/1214"}],"wp:attachment":[{"href":"https:\/\/saude.ufpr.br\/terapiaocupacional\/wp-json\/wp\/v2\/media?parent=317"}],"curies":[{"name":"wp","href":"https:\/\/api.w.org\/{rel}","templated":true}]}}