{"id":440,"date":"2016-05-20T23:09:36","date_gmt":"2016-05-20T23:09:36","guid":{"rendered":"https:\/\/saude.ufpr.br\/terapiaocupacional\/?page_id=440"},"modified":"2017-03-16T20:29:11","modified_gmt":"2017-03-16T20:29:11","slug":"terapia-ocupacional-2","status":"publish","type":"page","link":"https:\/\/saude.ufpr.br\/terapiaocupacional\/terapia-ocupacional-2\/","title":{"rendered":"Terapia Ocupacional"},"content":{"rendered":"<p><span style=\"color: #000000\">O arquivo abaixo, organizado em 2011 pelas docentes\u00a0<strong><a href=\"https:\/\/saude.ufpr.br\/terapiaocupacional\/rosibeth-del-carmen-munoz-palm\/\">Rosibeth del Carmen Mu\u00f1oz Palm<\/a>, Aida Navas, Aleida Fern\u00e1ndez,\u00a0Antonieta Rivas de Puche,\u00a0<\/strong><strong>Elisabeth G\u00f3mez Mengelberg, Erna Navarrete Salas,\u00a0<\/strong><strong>Mar\u00eda Cristina Bola\u00f1os<\/strong>, apresenta alguns dos livros sobre Terapia Ocupacional, publicados na Argentina, Brasil, M\u00e9xico, Brasil e Venezuela.<\/span><\/p>\n<p>&nbsp;<\/p>\n<p><a href=\"https:\/\/saude.ufpr.br\/terapiaocupacional\/wp-content\/uploads\/sites\/5\/2016\/05\/Cat\u00e1logo_Libros_Revistas-de-Terapia-Ocupacional_2011.pdf\">Livros de Terapia Ocupacional<\/a><\/p>\n","protected":false},"excerpt":{"rendered":"<p>O arquivo abaixo, organizado em 2011 pelas docentes\u00a0Rosibeth del Carmen Mu\u00f1oz Palm, Aida Navas, Aleida Fern\u00e1ndez,\u00a0Antonieta Rivas de Puche,\u00a0Elisabeth G\u00f3mez Mengelberg, Erna Navarrete Salas,\u00a0Mar\u00eda Cristina Bola\u00f1os, apresenta alguns dos livros sobre Terapia Ocupacional, publicados na Argentina, Brasil, M\u00e9xico, Brasil e [&hellip;]<\/p>\n","protected":false},"author":8,"featured_media":0,"parent":0,"menu_order":0,"comment_status":"closed","ping_status":"closed","template":"","meta":{"_acf_changed":false,"_uag_custom_page_level_css":"","footnotes":""},"class_list":["post-440","page","type-page","status-publish","hentry"],"acf":[],"featured_image_src":null,"uagb_featured_image_src":{"full":false,"thumbnail":false,"medium":false,"medium_large":false,"large":false,"1536x1536":false,"2048x2048":false},"uagb_author_info":{"display_name":"caiubidysarz","author_link":"https:\/\/saude.ufpr.br\/terapiaocupacional\/author\/caiubidysarz\/"},"uagb_comment_info":0,"uagb_excerpt":"O arquivo abaixo, organizado em 2011 pelas docentes\u00a0Rosibeth del Carmen Mu\u00f1oz Palm, Aida Navas, Aleida Fern\u00e1ndez,\u00a0Antonieta Rivas de Puche,\u00a0Elisabeth G\u00f3mez Mengelberg, Erna Navarrete Salas,\u00a0Mar\u00eda Cristina Bola\u00f1os, apresenta alguns dos livros sobre Terapia Ocupacional, publicados na Argentina, Brasil, M\u00e9xico, Brasil e [&hellip;]","publishpress_future_action":{"enabled":false,"date":"2026-05-03 05:46:48","action":"change-status","newStatus":"draft","terms":[],"taxonomy":"","extraData":[]},"publishpress_future_workflow_manual_trigger":{"enabledWorkflows":[]},"_links":{"self":[{"href":"https:\/\/saude.ufpr.br\/terapiaocupacional\/wp-json\/wp\/v2\/pages\/440","targetHints":{"allow":["GET"]}}],"collection":[{"href":"https:\/\/saude.ufpr.br\/terapiaocupacional\/wp-json\/wp\/v2\/pages"}],"about":[{"href":"https:\/\/saude.ufpr.br\/terapiaocupacional\/wp-json\/wp\/v2\/types\/page"}],"author":[{"embeddable":true,"href":"https:\/\/saude.ufpr.br\/terapiaocupacional\/wp-json\/wp\/v2\/users\/8"}],"replies":[{"embeddable":true,"href":"https:\/\/saude.ufpr.br\/terapiaocupacional\/wp-json\/wp\/v2\/comments?post=440"}],"version-history":[{"count":13,"href":"https:\/\/saude.ufpr.br\/terapiaocupacional\/wp-json\/wp\/v2\/pages\/440\/revisions"}],"predecessor-version":[{"id":928,"href":"https:\/\/saude.ufpr.br\/terapiaocupacional\/wp-json\/wp\/v2\/pages\/440\/revisions\/928"}],"wp:attachment":[{"href":"https:\/\/saude.ufpr.br\/terapiaocupacional\/wp-json\/wp\/v2\/media?parent=440"}],"curies":[{"name":"wp","href":"https:\/\/api.w.org\/{rel}","templated":true}]}}

<p><span style="color: #000000">O arquivo abaixo, organizado em 2011 pelas docentes <strong><a href="https://saude.ufpr.br/terapiaocupacional/rosibeth-del-carmen-munoz-palm/">Rosibeth del Carmen Muñoz Palm</a>, Aida Navas, Aleida Fernández, Antonieta Rivas de Puche, </strong><strong>Elisabeth Gómez Mengelberg, Erna Navarrete Salas, </strong><strong>María Cristina Bolaños</strong>, apresenta alguns dos livros sobre Terapia Ocupacional, publicados na Argentina, Brasil, México, Brasil e Venezuela.</span></p>
<p>&nbsp;</p>
<p><a href="https://saude.ufpr.br/terapiaocupacional/wp-content/uploads/sites/5/2016/05/Catálogo_Libros_Revistas-de-Terapia-Ocupacional_2011.pdf">Livros de Terapia Ocupacional</a></p>

<p>O arquivo abaixo, organizado em 2011 pelas docentes Rosibeth del Carmen Muñoz Palm, Aida Navas, Aleida Fernández, Antonieta Rivas de Puche, Elisabeth Gómez Mengelberg, Erna Navarrete Salas, María Cristina Bolaños, apresenta alguns dos livros sobre Terapia Ocupacional, publicados na Argentina, Brasil, México, Brasil e [&hellip;]</p>

O arquivo abaixo, organizado em 2011 pelas docentes Rosibeth del Carmen Muñoz Palm, Aida Navas, Aleida Fernández, Antonieta Rivas de Puche, Elisabeth Gómez Mengelberg, Erna Navarrete Salas, María Cristina Bolaños, apresenta alguns dos livros sobre Terapia Ocupacional, publicados na Argentina, Brasil, México, Brasil e [&hellip;]
