{"id":4631,"date":"2023-06-30T09:17:01","date_gmt":"2023-06-30T12:17:01","guid":{"rendered":"https:\/\/saude.ufpr.br\/terapiaocupacional\/?page_id=4631"},"modified":"2023-07-28T12:41:59","modified_gmt":"2023-07-28T15:41:59","slug":"especializacao-de-terapia-ocupacional-em-saude-mental-turma-2023","status":"publish","type":"page","link":"https:\/\/saude.ufpr.br\/terapiaocupacional\/especializacao-de-terapia-ocupacional-em-saude-mental-turma-2023\/","title":{"rendered":"Especializa\u00e7\u00e3o de Terapia Ocupacional em Sa\u00fade Mental &#8211; Turma 2023"},"content":{"rendered":"<h3 style=\"text-align: center\">Curso de Especializa\u00e7\u00e3o de Terapia Ocupacional em Sa\u00fade Mental &#8211; Turma 2023<\/h3>\n<p><a href=\"https:\/\/saude.ufpr.br\/terapiaocupacional\/wp-content\/uploads\/sites\/5\/2023\/07\/Cartaz-Atualizado-Segunda-Turma.jpg\"><img fetchpriority=\"high\" decoding=\"async\" class=\"size-large wp-image-4652 aligncenter\" src=\"https:\/\/saude.ufpr.br\/terapiaocupacional\/wp-content\/uploads\/sites\/5\/2023\/07\/Cartaz-Atualizado-Segunda-Turma-724x1024.jpg\" alt=\"\" width=\"724\" height=\"1024\" srcset=\"https:\/\/saude.ufpr.br\/terapiaocupacional\/wp-content\/uploads\/sites\/5\/2023\/07\/Cartaz-Atualizado-Segunda-Turma-724x1024.jpg 724w, https:\/\/saude.ufpr.br\/terapiaocupacional\/wp-content\/uploads\/sites\/5\/2023\/07\/Cartaz-Atualizado-Segunda-Turma-212x300.jpg 212w, https:\/\/saude.ufpr.br\/terapiaocupacional\/wp-content\/uploads\/sites\/5\/2023\/07\/Cartaz-Atualizado-Segunda-Turma-768x1086.jpg 768w, https:\/\/saude.ufpr.br\/terapiaocupacional\/wp-content\/uploads\/sites\/5\/2023\/07\/Cartaz-Atualizado-Segunda-Turma-1086x1536.jpg 1086w, https:\/\/saude.ufpr.br\/terapiaocupacional\/wp-content\/uploads\/sites\/5\/2023\/07\/Cartaz-Atualizado-Segunda-Turma.jpg 1131w\" sizes=\"(max-width: 724px) 100vw, 724px\" \/><\/a><\/p>\n<h3><\/h3>\n<h3><strong><a href=\"https:\/\/saude.ufpr.br\/terapiaocupacional\/wp-content\/uploads\/sites\/5\/2023\/07\/Edital-Resultado-Final.pdf\">Resultado Final do Processo Seletivo para ingresso no Curso de Especializa\u00e7\u00e3o de Terapia Ocupacional em Sa\u00fade Mental<\/a><\/strong><\/h3>\n<h3><\/h3>\n<p>&nbsp;<\/p>\n<h3><strong><a href=\"https:\/\/saude.ufpr.br\/terapiaocupacional\/wp-content\/uploads\/sites\/5\/2023\/07\/Edital-Resultado-Prova-Escrita.pdf\">Edital de Divulga\u00e7\u00e3o do Resultado da Prova Escrita e Cronograma de Entrevistas das Candidatas Aprovadas<\/a><\/strong><\/h3>\n<p>&nbsp;<\/p>\n<h3><strong><a href=\"https:\/\/saude.ufpr.br\/terapiaocupacional\/wp-content\/uploads\/sites\/5\/2023\/07\/Edital-Homologacao-Inscricoes-2023-RETIF.pdf\">Rela\u00e7\u00e3o de Inscri\u00e7\u00f5es Homologadas &#8211; Retifica\u00e7\u00e3o<\/a><\/strong><\/h3>\n<p>&nbsp;<\/p>\n<h3><\/h3>\n<h3><strong><a href=\"https:\/\/saude.ufpr.br\/terapiaocupacional\/wp-content\/uploads\/sites\/5\/2023\/07\/Edital-Homologacao-Inscricoes-2023.pdf\">Rela\u00e7\u00e3o de Inscri\u00e7\u00f5es Homologadas<\/a><\/strong><\/h3>\n<p>&nbsp;<\/p>\n<h3><strong><a href=\"https:\/\/saude.ufpr.br\/terapiaocupacional\/wp-content\/uploads\/sites\/5\/2023\/07\/Edital-N\u00b0-01-2023-Processo-Seletivo-Especializacao-em-TO.pdf\">Edital N\u00b0 01-2023 &#8211; Processo Seletivo para Especializa\u00e7\u00e3o de Terapia Ocupacional em Sa\u00fade Mental &#8211; Turma 2023<\/a><\/strong><\/h3>\n<h5><strong>Data de in\u00edcio das atividades do Curso: <\/strong>31\/07\/2023.<br \/>\n<strong>T\u00e9rmino das atividades: <\/strong>16\/12\/2024.<br \/>\n<strong>Dias de aula: <\/strong>Segundas-feiras<br \/>\n<strong>Hor\u00e1rio: <\/strong>das 13:30 \u00e0s 17:30 e das 18 \u00e0s 21:00 horas<br \/>\n<strong>Curso Gratuito<\/strong><br \/>\n<strong>Vagas:<\/strong> 9 (nove) vagas<\/h5>\n<h5><strong>Inscri\u00e7\u00f5es:<\/strong> de 04 de julho a 14 de julho de 2023, por meio do link <a href=\"https:\/\/siga.ufpr.br\/siga\/visitante\/processoseletivo\/index.jsp?sequencial=3727\">SIGA (ufpr.br)<\/a><\/h5>\n<p>&nbsp;<\/p>\n<p>&nbsp;<\/p>\n","protected":false},"excerpt":{"rendered":"<p>Curso de Especializa\u00e7\u00e3o de Terapia Ocupacional em Sa\u00fade Mental &#8211; Turma 2023 Resultado Final do Processo Seletivo para ingresso no Curso de Especializa\u00e7\u00e3o de Terapia Ocupacional em Sa\u00fade Mental &nbsp; Edital de Divulga\u00e7\u00e3o do Resultado da Prova Escrita e Cronograma [&hellip;]<\/p>\n","protected":false},"author":8,"featured_media":0,"parent":0,"menu_order":0,"comment_status":"closed","ping_status":"closed","template":"","meta":{"_acf_changed":false,"_uag_custom_page_level_css":"","footnotes":""},"class_list":["post-4631","page","type-page","status-publish","hentry"],"acf":[],"featured_image_src":null,"uagb_featured_image_src":{"full":false,"thumbnail":false,"medium":false,"medium_large":false,"large":false,"1536x1536":false,"2048x2048":false},"uagb_author_info":{"display_name":"caiubidysarz","author_link":"https:\/\/saude.ufpr.br\/terapiaocupacional\/author\/caiubidysarz\/"},"uagb_comment_info":0,"uagb_excerpt":"Curso de Especializa\u00e7\u00e3o de Terapia Ocupacional em Sa\u00fade Mental &#8211; Turma 2023 Resultado Final do Processo Seletivo para ingresso no Curso de Especializa\u00e7\u00e3o de Terapia Ocupacional em Sa\u00fade Mental &nbsp; Edital de Divulga\u00e7\u00e3o do Resultado da Prova Escrita e Cronograma [&hellip;]","publishpress_future_action":{"enabled":false,"date":"2026-05-06 07:41:54","action":"change-status","newStatus":"draft","terms":[],"taxonomy":"","extraData":[]},"publishpress_future_workflow_manual_trigger":{"enabledWorkflows":[]},"_links":{"self":[{"href":"https:\/\/saude.ufpr.br\/terapiaocupacional\/wp-json\/wp\/v2\/pages\/4631","targetHints":{"allow":["GET"]}}],"collection":[{"href":"https:\/\/saude.ufpr.br\/terapiaocupacional\/wp-json\/wp\/v2\/pages"}],"about":[{"href":"https:\/\/saude.ufpr.br\/terapiaocupacional\/wp-json\/wp\/v2\/types\/page"}],"author":[{"embeddable":true,"href":"https:\/\/saude.ufpr.br\/terapiaocupacional\/wp-json\/wp\/v2\/users\/8"}],"replies":[{"embeddable":true,"href":"https:\/\/saude.ufpr.br\/terapiaocupacional\/wp-json\/wp\/v2\/comments?post=4631"}],"version-history":[{"count":30,"href":"https:\/\/saude.ufpr.br\/terapiaocupacional\/wp-json\/wp\/v2\/pages\/4631\/revisions"}],"predecessor-version":[{"id":4710,"href":"https:\/\/saude.ufpr.br\/terapiaocupacional\/wp-json\/wp\/v2\/pages\/4631\/revisions\/4710"}],"wp:attachment":[{"href":"https:\/\/saude.ufpr.br\/terapiaocupacional\/wp-json\/wp\/v2\/media?parent=4631"}],"curies":[{"name":"wp","href":"https:\/\/api.w.org\/{rel}","templated":true}]}}

Especialização de Terapia Ocupacional em Saúde Mental &#8211; Turma 2023

<h3 style="text-align: center">Curso de Especialização de Terapia Ocupacional em Saúde Mental &#8211; Turma 2023</h3>
<p><a href="https://saude.ufpr.br/terapiaocupacional/wp-content/uploads/sites/5/2023/07/Cartaz-Atualizado-Segunda-Turma.jpg"><img fetchpriority="high" decoding="async" class="size-large wp-image-4652 aligncenter" src="https://saude.ufpr.br/terapiaocupacional/wp-content/uploads/sites/5/2023/07/Cartaz-Atualizado-Segunda-Turma-724x1024.jpg" alt="" width="724" height="1024" srcset="https://saude.ufpr.br/terapiaocupacional/wp-content/uploads/sites/5/2023/07/Cartaz-Atualizado-Segunda-Turma-724x1024.jpg 724w, https://saude.ufpr.br/terapiaocupacional/wp-content/uploads/sites/5/2023/07/Cartaz-Atualizado-Segunda-Turma-212x300.jpg 212w, https://saude.ufpr.br/terapiaocupacional/wp-content/uploads/sites/5/2023/07/Cartaz-Atualizado-Segunda-Turma-768x1086.jpg 768w, https://saude.ufpr.br/terapiaocupacional/wp-content/uploads/sites/5/2023/07/Cartaz-Atualizado-Segunda-Turma-1086x1536.jpg 1086w, https://saude.ufpr.br/terapiaocupacional/wp-content/uploads/sites/5/2023/07/Cartaz-Atualizado-Segunda-Turma.jpg 1131w" sizes="(max-width: 724px) 100vw, 724px" /></a></p>
<h3></h3>
<h3><strong><a href="https://saude.ufpr.br/terapiaocupacional/wp-content/uploads/sites/5/2023/07/Edital-Resultado-Final.pdf">Resultado Final do Processo Seletivo para ingresso no Curso de Especialização de Terapia Ocupacional em Saúde Mental</a></strong></h3>
<h3></h3>
<p>&nbsp;</p>
<h3><strong><a href="https://saude.ufpr.br/terapiaocupacional/wp-content/uploads/sites/5/2023/07/Edital-Resultado-Prova-Escrita.pdf">Edital de Divulgação do Resultado da Prova Escrita e Cronograma de Entrevistas das Candidatas Aprovadas</a></strong></h3>
<p>&nbsp;</p>
<h3><strong><a href="https://saude.ufpr.br/terapiaocupacional/wp-content/uploads/sites/5/2023/07/Edital-Homologacao-Inscricoes-2023-RETIF.pdf">Relação de Inscrições Homologadas &#8211; Retificação</a></strong></h3>
<p>&nbsp;</p>
<h3></h3>
<h3><strong><a href="https://saude.ufpr.br/terapiaocupacional/wp-content/uploads/sites/5/2023/07/Edital-Homologacao-Inscricoes-2023.pdf">Relação de Inscrições Homologadas</a></strong></h3>
<p>&nbsp;</p>
<h3><strong><a href="https://saude.ufpr.br/terapiaocupacional/wp-content/uploads/sites/5/2023/07/Edital-N°-01-2023-Processo-Seletivo-Especializacao-em-TO.pdf">Edital N° 01-2023 &#8211; Processo Seletivo para Especialização de Terapia Ocupacional em Saúde Mental &#8211; Turma 2023</a></strong></h3>
<h5><strong>Data de início das atividades do Curso: </strong>31/07/2023.<br />
<strong>Término das atividades: </strong>16/12/2024.<br />
<strong>Dias de aula: </strong>Segundas-feiras<br />
<strong>Horário: </strong>das 13:30 às 17:30 e das 18 às 21:00 horas<br />
<strong>Curso Gratuito</strong><br />
<strong>Vagas:</strong> 9 (nove) vagas</h5>
<h5><strong>Inscrições:</strong> de 04 de julho a 14 de julho de 2023, por meio do link <a href="https://siga.ufpr.br/siga/visitante/processoseletivo/index.jsp?sequencial=3727">SIGA (ufpr.br)</a></h5>
<p>&nbsp;</p>
<p>&nbsp;</p>

<p>Curso de Especialização de Terapia Ocupacional em Saúde Mental &#8211; Turma 2023 Resultado Final do Processo Seletivo para ingresso no Curso de Especialização de Terapia Ocupacional em Saúde Mental &nbsp; Edital de Divulgação do Resultado da Prova Escrita e Cronograma [&hellip;]</p>

Curso de Especialização de Terapia Ocupacional em Saúde Mental &#8211; Turma 2023 Resultado Final do Processo Seletivo para ingresso no Curso de Especialização de Terapia Ocupacional em Saúde Mental &nbsp; Edital de Divulgação do Resultado da Prova Escrita e Cronograma [&hellip;]
