{"id":57,"date":"2014-07-24T13:58:15","date_gmt":"2014-07-24T13:58:15","guid":{"rendered":"https:\/\/saude.ufpr.br\/terapiaocupacional\/?page_id=57"},"modified":"2017-03-10T10:59:45","modified_gmt":"2017-03-10T10:59:45","slug":"regina-celia-titotto-castanharo","status":"publish","type":"page","link":"https:\/\/saude.ufpr.br\/terapiaocupacional\/regina-celia-titotto-castanharo\/","title":{"rendered":"Regina C\u00e9lia Titotto Castanharo"},"content":{"rendered":"<p><a href=\"https:\/\/saude.ufpr.br\/terapiaocupacional\/wp-content\/uploads\/sites\/5\/2014\/07\/servletrecuperafoto3-2.jpg\"><img fetchpriority=\"high\" decoding=\"async\" class=\"alignnone size-medium wp-image-571\" src=\"https:\/\/saude.ufpr.br\/terapiaocupacional\/wp-content\/uploads\/sites\/5\/2014\/07\/servletrecuperafoto3-2-266x300.jpg\" alt=\"servletrecuperafoto[3]\" width=\"266\" height=\"300\" srcset=\"https:\/\/saude.ufpr.br\/terapiaocupacional\/wp-content\/uploads\/sites\/5\/2014\/07\/servletrecuperafoto3-2-266x300.jpg 266w, https:\/\/saude.ufpr.br\/terapiaocupacional\/wp-content\/uploads\/sites\/5\/2014\/07\/servletrecuperafoto3-2.jpg 316w\" sizes=\"(max-width: 266px) 100vw, 266px\" \/><\/a><\/p>\n<p><span style=\"color: #000000\"><strong>Contato<\/strong>:<\/span>\u00a0<a href=\"mailto:reginatitotto12@gmail.com\">reginatitotto12@gmail.com<\/a><\/p>\n<p><a href=\"http:\/\/lattes.cnpq.br\/5770279078957586\" target=\"_blank\">Curr\u00edculo Lattes<\/a><\/p>\n<p><span style=\"color: #000000\">Doutoranda no Programa de P\u00f3s-gradua\u00e7\u00e3o Mestrado e doutorado em Sa\u00fade da Crian\u00e7a e do Adolescente da Universidade Federal do Paran\u00e1 (2016-2020). Mestre em Enfermagem, \u00e1rea de concentra\u00e7\u00e3o: Pr\u00e1tica profissional, pelo Programa de P\u00f3s-gradua\u00e7\u00e3o em Enfermagem da Universidade Federal do Paran\u00e1 (2011). Professora Adjunta do Departamento de Terapia Ocupacional da Universidade Federal do Paran\u00e1. pesquisadora na \u00e1rea da Inf\u00e2ncia e a Adolesc\u00eancia. Foi Coordenadora do Curso de Terapia Ocupacional da Universidade Federal do Paran\u00e1 durante a gest\u00e3o 2013-2015. Especialista em Terapia Ocupacional Din\u00e2mica pelo CETO &#8211; Centro de Estudos de Terapia Ocupacional &#8211; SP, 2001 e em Ativa\u00e7\u00e3o de Processos de Mudan\u00e7a na Forma\u00e7\u00e3o de Profissionais de Sa\u00fade pelo Minist\u00e9rio da Sa\u00fade\/SGTES\/EGES, FioCRUZ e Rede Unida ? SP, 2006. Terapeuta Ocupacional graduada pela Pontif\u00edcia Universidade Cat\u00f3lica de Campinas (1984). Atuou como Terapeuta Ocupacional em Hospitais Psiqui\u00e1tricos no interior de S\u00e3o Paulo; Terapeuta ocupacional da C\u00ednica CATI &#8211; Centro Avan\u00e7ado de Tratamento Integrado &#8211; Maring\u00e1 (2000 -2004). Terapeuta Ocupacional da APAE de Maring\u00e1 (1994-2001).Terapeuta Ocupacional cl\u00ednica da Associa\u00e7\u00e3o SERPI\u00c1 &#8211; Servi\u00e7os e Programas para a Inf\u00e2ncia e Adolesc\u00eancia, atuando principalmente nos seguintes temas: Terapia Ocupacional, aten\u00e7\u00e3o psicossocial, sa\u00fade mental, inf\u00e2ncia. Exerceu o cargo de Coordenadora Executiva da Associa\u00e7\u00e3o SERPI\u00c1 (2007\/2008) e em outubro de 2008 foi nomeada para o cargo de Conselheira Deliberativa desta institui\u00e7\u00e3o. Professora Substituta do Curso de Terapia Ocupacional da Universidade Federal do Paran\u00e1 atuando como Supervisora de Est\u00e1gio em Sa\u00fade Mental &#8211; Inf\u00e2ncia\/Adolesc\u00eancia (2005-2007) e ministrando as Disciplinas: Din\u00e2mica de Grupo e Terapia Ocupacional aplicada a Defici\u00eancia Cognitiva (2005-2006). Atualmente \u00e9 Docente do Curso de Terapia Ocupacional da Universidade Federal do Paran\u00e1 em regime de dedica\u00e7\u00e3o exclusiva, atuando na \u00e1rea de Terapia Ocupacional Aplicada \u00e0 Sa\u00fade Coletiva e ministrando as disciplinas: Lazer e Atividades Recreativas, ART II e III, An\u00e1lise de Atividades II e III, AVD e Autocuidado, Terapia Ocupacional aplicada \u00e0 Sa\u00fade Coletiva e Aten\u00e7\u00e3o B\u00e1sica \u00e0 Sa\u00fade, Diversidade e Contextos do Desempenho Humano. Supervisora de Est\u00e1gios de Observa\u00e7\u00e3o III e IV e Est\u00e1gio Supervisionado de Pr\u00e1tica I e II. Tutora do grupo de Terapia Ocupacional do PET Sa\u00fade Curitiba (2009-2010). Vice Presidente da ACTOEP (Associa\u00e7\u00e3o Cultural dos Terapeutas Ocupacionais do Estado do Paran\u00e1) &#8211; Bi\u00eanio 2010\/2012. Diretora Secret\u00e1ria da ACTOEP (Associa\u00e7\u00e3o Cultural dos Terapeutas Ocupacionais do Estado do Paran\u00e1).Bi\u00eanio 2008\/2010. Gest\u00e3o 2013\/2015 da ACTOEP. Suplente do Conselho Fiscal da ACTOEP (gest\u00e3o 2014\/2016). Membro do Comit\u00ea Setorial de Monitoria do Setor de Ci\u00eancias da Sa\u00fade (2008-2015). e Membro da Comiss\u00e3o interna de Monitoria do Curso de Terapia Ocupacional da UFPR (2008-2015). Suplente do Comit\u00ea Setorial de Extens\u00e3o do Setor de Ci\u00eancias da Sa\u00fade da UFPR em 2009\/2010. Presidente do N\u00facleo Docente Estruturante &#8211; NDE do curso de Terapia Ocupacional ( Gest\u00e3o 2013 &#8211; 2015). Membro do N\u00facleo Docente Estruturante- NDE do curso de Terapia Ocupacional (2015 &#8211; atual). Membro do Conselho Setorial do Setor de Ci\u00eancias da Sa\u00fade (2013- 2015). Coordenadora do curso de Terapia Ocupacional (Gest\u00e3o 2013-2015)<\/span><\/p>\n<div class=\"page min-width\"><\/div>\n","protected":false},"excerpt":{"rendered":"<p>Contato:\u00a0reginatitotto12@gmail.com Curr\u00edculo Lattes Doutoranda no Programa de P\u00f3s-gradua\u00e7\u00e3o Mestrado e doutorado em Sa\u00fade da Crian\u00e7a e do Adolescente da Universidade Federal do Paran\u00e1 (2016-2020). Mestre em Enfermagem, \u00e1rea de concentra\u00e7\u00e3o: Pr\u00e1tica profissional, pelo Programa de P\u00f3s-gradua\u00e7\u00e3o em Enfermagem da Universidade [&hellip;]<\/p>\n","protected":false},"author":8,"featured_media":0,"parent":0,"menu_order":0,"comment_status":"open","ping_status":"open","template":"","meta":{"_acf_changed":false,"_uag_custom_page_level_css":"","footnotes":""},"class_list":["post-57","page","type-page","status-publish","hentry"],"acf":[],"featured_image_src":null,"uagb_featured_image_src":{"full":false,"thumbnail":false,"medium":false,"medium_large":false,"large":false,"1536x1536":false,"2048x2048":false},"uagb_author_info":{"display_name":"caiubidysarz","author_link":"https:\/\/saude.ufpr.br\/terapiaocupacional\/author\/caiubidysarz\/"},"uagb_comment_info":0,"uagb_excerpt":"Contato:\u00a0reginatitotto12@gmail.com Curr\u00edculo Lattes Doutoranda no Programa de P\u00f3s-gradua\u00e7\u00e3o Mestrado e doutorado em Sa\u00fade da Crian\u00e7a e do Adolescente da Universidade Federal do Paran\u00e1 (2016-2020). Mestre em Enfermagem, \u00e1rea de concentra\u00e7\u00e3o: Pr\u00e1tica profissional, pelo Programa de P\u00f3s-gradua\u00e7\u00e3o em Enfermagem da Universidade [&hellip;]","publishpress_future_action":{"enabled":false,"date":"2026-04-24 03:03:36","action":"change-status","newStatus":"draft","terms":[],"taxonomy":"","extraData":[]},"publishpress_future_workflow_manual_trigger":{"enabledWorkflows":[]},"_links":{"self":[{"href":"https:\/\/saude.ufpr.br\/terapiaocupacional\/wp-json\/wp\/v2\/pages\/57","targetHints":{"allow":["GET"]}}],"collection":[{"href":"https:\/\/saude.ufpr.br\/terapiaocupacional\/wp-json\/wp\/v2\/pages"}],"about":[{"href":"https:\/\/saude.ufpr.br\/terapiaocupacional\/wp-json\/wp\/v2\/types\/page"}],"author":[{"embeddable":true,"href":"https:\/\/saude.ufpr.br\/terapiaocupacional\/wp-json\/wp\/v2\/users\/8"}],"replies":[{"embeddable":true,"href":"https:\/\/saude.ufpr.br\/terapiaocupacional\/wp-json\/wp\/v2\/comments?post=57"}],"version-history":[{"count":5,"href":"https:\/\/saude.ufpr.br\/terapiaocupacional\/wp-json\/wp\/v2\/pages\/57\/revisions"}],"predecessor-version":[{"id":573,"href":"https:\/\/saude.ufpr.br\/terapiaocupacional\/wp-json\/wp\/v2\/pages\/57\/revisions\/573"}],"wp:attachment":[{"href":"https:\/\/saude.ufpr.br\/terapiaocupacional\/wp-json\/wp\/v2\/media?parent=57"}],"curies":[{"name":"wp","href":"https:\/\/api.w.org\/{rel}","templated":true}]}}