{"id":61,"date":"2014-07-24T13:59:37","date_gmt":"2014-07-24T13:59:37","guid":{"rendered":"https:\/\/saude.ufpr.br\/terapiaocupacional\/?page_id=61"},"modified":"2017-03-10T10:45:34","modified_gmt":"2017-03-10T10:45:34","slug":"adriana-hessel-dalagassa","status":"publish","type":"page","link":"https:\/\/saude.ufpr.br\/terapiaocupacional\/adriana-hessel-dalagassa\/","title":{"rendered":"Adriana Hessel Dalagassa"},"content":{"rendered":"<p><strong>Contato<\/strong>:\u00a0<a href=\"mailto:adrihessel@yahoo.com.br\">adrihessel@yahoo.com.br<\/a><\/p>\n<p><a href=\"http:\/\/lattes.cnpq.br\/8052787258163419\" target=\"_blank\">Curr\u00edculo Lattes<\/a><\/p>\n<p>Terapeuta Ocupacional graduada pela Universidade Tuiuti do Paran\u00e1 (1996). Especialista em Psicomotricidade pelo Centro Universit\u00e1rio Positivo (2003) e Mestre em Educa\u00e7\u00e3o pela Universidade Tuiuti do Paran\u00e1 (2006). Atualmente \u00e9 Docente do Curso de Terapia Ocupacional da Universidade Federal do Paran\u00e1 em regime de dedica\u00e7\u00e3o exclusiva, ministrando as disciplinas Terapia Ocupacional Aplicada \u00e0 Defici\u00eancia Cognitiva, Atividades Produtivas e de Trabalho, Tecnologia Assistiva, Atividades e Recursos Terap\u00eauticos, An\u00e1lise de Atividade, Desenvolvimento Humano, Est\u00e1gio Supervisionado em Terapia Ocupacional &#8211; Pr\u00e1tica e Observa\u00e7\u00e3o e Trabalho de Conclus\u00e3o de Curso. Atua na \u00e1rea de Educa\u00e7\u00e3o Especial.<\/p>\n<div class=\"page min-width\"><\/div>\n<p>&nbsp;<\/p>\n","protected":false},"excerpt":{"rendered":"<p>Contato:\u00a0adrihessel@yahoo.com.br Curr\u00edculo Lattes Terapeuta Ocupacional graduada pela Universidade Tuiuti do Paran\u00e1 (1996). Especialista em Psicomotricidade pelo Centro Universit\u00e1rio Positivo (2003) e Mestre em Educa\u00e7\u00e3o pela Universidade Tuiuti do Paran\u00e1 (2006). Atualmente \u00e9 Docente do Curso de Terapia Ocupacional da Universidade [&hellip;]<\/p>\n","protected":false},"author":8,"featured_media":0,"parent":0,"menu_order":0,"comment_status":"open","ping_status":"open","template":"","meta":{"_acf_changed":false,"_uag_custom_page_level_css":"","footnotes":""},"class_list":["post-61","page","type-page","status-publish","hentry"],"acf":[],"featured_image_src":null,"uagb_featured_image_src":{"full":false,"thumbnail":false,"medium":false,"medium_large":false,"large":false,"1536x1536":false,"2048x2048":false},"uagb_author_info":{"display_name":"caiubidysarz","author_link":"https:\/\/saude.ufpr.br\/terapiaocupacional\/author\/caiubidysarz\/"},"uagb_comment_info":0,"uagb_excerpt":"Contato:\u00a0adrihessel@yahoo.com.br Curr\u00edculo Lattes Terapeuta Ocupacional graduada pela Universidade Tuiuti do Paran\u00e1 (1996). Especialista em Psicomotricidade pelo Centro Universit\u00e1rio Positivo (2003) e Mestre em Educa\u00e7\u00e3o pela Universidade Tuiuti do Paran\u00e1 (2006). Atualmente \u00e9 Docente do Curso de Terapia Ocupacional da Universidade [&hellip;]","publishpress_future_action":{"enabled":false,"date":"2026-04-25 05:31:58","action":"change-status","newStatus":"draft","terms":[],"taxonomy":"","extraData":[]},"publishpress_future_workflow_manual_trigger":{"enabledWorkflows":[]},"_links":{"self":[{"href":"https:\/\/saude.ufpr.br\/terapiaocupacional\/wp-json\/wp\/v2\/pages\/61","targetHints":{"allow":["GET"]}}],"collection":[{"href":"https:\/\/saude.ufpr.br\/terapiaocupacional\/wp-json\/wp\/v2\/pages"}],"about":[{"href":"https:\/\/saude.ufpr.br\/terapiaocupacional\/wp-json\/wp\/v2\/types\/page"}],"author":[{"embeddable":true,"href":"https:\/\/saude.ufpr.br\/terapiaocupacional\/wp-json\/wp\/v2\/users\/8"}],"replies":[{"embeddable":true,"href":"https:\/\/saude.ufpr.br\/terapiaocupacional\/wp-json\/wp\/v2\/comments?post=61"}],"version-history":[{"count":4,"href":"https:\/\/saude.ufpr.br\/terapiaocupacional\/wp-json\/wp\/v2\/pages\/61\/revisions"}],"predecessor-version":[{"id":555,"href":"https:\/\/saude.ufpr.br\/terapiaocupacional\/wp-json\/wp\/v2\/pages\/61\/revisions\/555"}],"wp:attachment":[{"href":"https:\/\/saude.ufpr.br\/terapiaocupacional\/wp-json\/wp\/v2\/media?parent=61"}],"curies":[{"name":"wp","href":"https:\/\/api.w.org\/{rel}","templated":true}]}}