{"id":63,"date":"2014-07-24T14:00:04","date_gmt":"2014-07-24T14:00:04","guid":{"rendered":"https:\/\/saude.ufpr.br\/terapiaocupacional\/?page_id=63"},"modified":"2017-03-10T10:45:53","modified_gmt":"2017-03-10T10:45:53","slug":"aline-ferrari-fabri","status":"publish","type":"page","link":"https:\/\/saude.ufpr.br\/terapiaocupacional\/aline-ferrari-fabri\/","title":{"rendered":"Aline Ferrari Fabri"},"content":{"rendered":"<p><strong><a href=\"https:\/\/saude.ufpr.br\/terapiaocupacional\/wp-content\/uploads\/sites\/5\/2014\/07\/aline.png\"><img fetchpriority=\"high\" decoding=\"async\" class=\"alignnone size-medium wp-image-508\" src=\"https:\/\/saude.ufpr.br\/terapiaocupacional\/wp-content\/uploads\/sites\/5\/2014\/07\/aline-229x300.png\" alt=\"aline\" width=\"229\" height=\"300\" srcset=\"https:\/\/saude.ufpr.br\/terapiaocupacional\/wp-content\/uploads\/sites\/5\/2014\/07\/aline-229x300.png 229w, https:\/\/saude.ufpr.br\/terapiaocupacional\/wp-content\/uploads\/sites\/5\/2014\/07\/aline.png 232w\" sizes=\"(max-width: 229px) 100vw, 229px\" \/><\/a><\/strong><\/p>\n<p>&nbsp;<\/p>\n<p><span style=\"color: #000000\"><strong>Contato:<\/strong><\/span> <a href=\"mailto:aline.fabri@ufpr.br\">aline.fabri@ufpr.br<\/a><\/p>\n<p>&nbsp;<\/p>\n<p><a href=\"http:\/\/lattes.cnpq.br\/3802940924783430\" target=\"_blank\">Curr\u00edculo Lattes<\/a><\/p>\n<p>&nbsp;<\/p>\n<p><span style=\"color: #000000\">Possui gradua\u00e7\u00e3o em Terapia Ocupacional pela Universidade Tuiuti do Paran\u00e1 (2002). P\u00f3s Gradua\u00e7\u00e3o latu senso em Reabilita\u00e7\u00e3o do Membro Superior, tamb\u00e9m pela Universidade Tuiuti do Paran\u00e1 (2003). Atualmente \u00e9 professora auxiliar da Universidade Federal do Paran\u00e1. Tem experi\u00eancia na \u00e1rea de Terapia Ocupacional, com \u00eanfase em Terapia da M\u00e3o\/Contexto Hospitalar, atuando principalmente no seguinte tema: Reabilita\u00e7\u00e3o F\u00edsica, Contexto Hospitalar e Tecnologia Assistiva.<\/span><\/p>\n<p>&nbsp;<\/p>\n<p><span style=\"color: #000000\"><strong>Publica\u00e7\u00f5es Selecionadas<\/strong><\/span><\/p>\n<p>&nbsp;<\/p>\n<p><span style=\"color: #000000\">FABRI, A. F. ; LIMA, E. C. B. A. . A interven\u00e7\u00e3o da Terapia Ocupacional no Centro de Tratamento de Queimados Uma Viv\u00eancia Acad\u00eamica . In: III Congresso Paranaense de Terapia Ocupacional, 2008, Curitiba. Ocupa\u00e7\u00e3o Humana, um caminho para a sa\u00fade, 2008. V.1<\/span><\/p>\n<p>&nbsp;<\/p>\n<p><span style=\"color: #000000\">FABRI, A. F. . Terapia Da M\u00e3o &#8211; Reabilita\u00e7\u00e3o do Plexo Braquial. In: I Congresso de Terapia Ocupacional da ACTOEP, 2001.<\/span><\/p>\n","protected":false},"excerpt":{"rendered":"<p>&nbsp; Contato: aline.fabri@ufpr.br &nbsp; Curr\u00edculo Lattes &nbsp; Possui gradua\u00e7\u00e3o em Terapia Ocupacional pela Universidade Tuiuti do Paran\u00e1 (2002). P\u00f3s Gradua\u00e7\u00e3o latu senso em Reabilita\u00e7\u00e3o do Membro Superior, tamb\u00e9m pela Universidade Tuiuti do Paran\u00e1 (2003). Atualmente \u00e9 professora auxiliar da Universidade [&hellip;]<\/p>\n","protected":false},"author":8,"featured_media":0,"parent":0,"menu_order":0,"comment_status":"open","ping_status":"open","template":"","meta":{"_acf_changed":false,"_uag_custom_page_level_css":"","footnotes":""},"class_list":["post-63","page","type-page","status-publish","hentry"],"acf":[],"featured_image_src":null,"uagb_featured_image_src":{"full":false,"thumbnail":false,"medium":false,"medium_large":false,"large":false,"1536x1536":false,"2048x2048":false},"uagb_author_info":{"display_name":"caiubidysarz","author_link":"https:\/\/saude.ufpr.br\/terapiaocupacional\/author\/caiubidysarz\/"},"uagb_comment_info":0,"uagb_excerpt":"&nbsp; Contato: aline.fabri@ufpr.br &nbsp; Curr\u00edculo Lattes &nbsp; Possui gradua\u00e7\u00e3o em Terapia Ocupacional pela Universidade Tuiuti do Paran\u00e1 (2002). P\u00f3s Gradua\u00e7\u00e3o latu senso em Reabilita\u00e7\u00e3o do Membro Superior, tamb\u00e9m pela Universidade Tuiuti do Paran\u00e1 (2003). Atualmente \u00e9 professora auxiliar da Universidade [&hellip;]","publishpress_future_action":{"enabled":false,"date":"2026-04-22 06:44:41","action":"change-status","newStatus":"draft","terms":[],"taxonomy":"","extraData":[]},"publishpress_future_workflow_manual_trigger":{"enabledWorkflows":[]},"_links":{"self":[{"href":"https:\/\/saude.ufpr.br\/terapiaocupacional\/wp-json\/wp\/v2\/pages\/63","targetHints":{"allow":["GET"]}}],"collection":[{"href":"https:\/\/saude.ufpr.br\/terapiaocupacional\/wp-json\/wp\/v2\/pages"}],"about":[{"href":"https:\/\/saude.ufpr.br\/terapiaocupacional\/wp-json\/wp\/v2\/types\/page"}],"author":[{"embeddable":true,"href":"https:\/\/saude.ufpr.br\/terapiaocupacional\/wp-json\/wp\/v2\/users\/8"}],"replies":[{"embeddable":true,"href":"https:\/\/saude.ufpr.br\/terapiaocupacional\/wp-json\/wp\/v2\/comments?post=63"}],"version-history":[{"count":8,"href":"https:\/\/saude.ufpr.br\/terapiaocupacional\/wp-json\/wp\/v2\/pages\/63\/revisions"}],"predecessor-version":[{"id":556,"href":"https:\/\/saude.ufpr.br\/terapiaocupacional\/wp-json\/wp\/v2\/pages\/63\/revisions\/556"}],"wp:attachment":[{"href":"https:\/\/saude.ufpr.br\/terapiaocupacional\/wp-json\/wp\/v2\/media?parent=63"}],"curies":[{"name":"wp","href":"https:\/\/api.w.org\/{rel}","templated":true}]}}