{"id":77,"date":"2014-07-24T14:02:21","date_gmt":"2014-07-24T14:02:21","guid":{"rendered":"https:\/\/saude.ufpr.br\/terapiaocupacional\/?page_id=77"},"modified":"2017-03-10T10:49:52","modified_gmt":"2017-03-10T10:49:52","slug":"dayane-regina-dos-santos","status":"publish","type":"page","link":"https:\/\/saude.ufpr.br\/terapiaocupacional\/dayane-regina-dos-santos\/","title":{"rendered":"Dayane Regina dos Santos"},"content":{"rendered":"<p><a href=\"https:\/\/saude.ufpr.br\/terapiaocupacional\/wp-content\/uploads\/sites\/5\/2014\/07\/servletrecuperafoto2.jpg\"><img decoding=\"async\" class=\"alignnone size-full wp-image-529\" src=\"https:\/\/saude.ufpr.br\/terapiaocupacional\/wp-content\/uploads\/sites\/5\/2014\/07\/servletrecuperafoto2.jpg\" alt=\"servletrecuperafoto[2]\" width=\"163\" height=\"235\" \/><\/a><\/p>\n<p><strong><span style=\"color: #000000\">Contato:<\/span>\u00a0<\/strong><a href=\"mailto:dayterapeuta@gmail.com\">dayterapeuta@gmail.com<\/a><\/p>\n<p><a href=\"http:\/\/lattes.cnpq.br\/1713579517945523\" target=\"_blank\"><strong>Curr\u00edculo Lattes<\/strong><\/a><\/p>\n<p><span style=\"color: #000000\">Graduada pela Universidade Federal do Paran\u00e1 em 2008, atualmente \u00e9 terapeuta ocupacional no Servi\u00e7o de Transplante de Medula \u00d3ssea do Hospital de Cl\u00ednicas da Universidade Federal do Paran\u00e1 (HC-UFPR) e mestranda do Programa de P\u00f3s-Gradua\u00e7\u00e3o em Enfermagem da UFPR. Atua junto a pacientes onco-hematol\u00f3gicos pedi\u00e1tricos e adultos. Preceptora do Programa de Resid\u00eancia Multiprofissional do HC\/UFPR na \u00e1rea de Onco-Hematologia. Trabalhou no Hospital Pinel, atendendo pacientes internados e em regime de Hospital Dia na Unidade de Depend\u00eancias Qu\u00edmicas at\u00e9 junho de 2010.<\/span><\/p>\n","protected":false},"excerpt":{"rendered":"<p>Contato:\u00a0dayterapeuta@gmail.com Curr\u00edculo Lattes Graduada pela Universidade Federal do Paran\u00e1 em 2008, atualmente \u00e9 terapeuta ocupacional no Servi\u00e7o de Transplante de Medula \u00d3ssea do Hospital de Cl\u00ednicas da Universidade Federal do Paran\u00e1 (HC-UFPR) e mestranda do Programa de P\u00f3s-Gradua\u00e7\u00e3o em Enfermagem [&hellip;]<\/p>\n","protected":false},"author":8,"featured_media":0,"parent":0,"menu_order":0,"comment_status":"open","ping_status":"open","template":"","meta":{"_acf_changed":false,"_uag_custom_page_level_css":"","footnotes":""},"class_list":["post-77","page","type-page","status-publish","hentry"],"acf":[],"featured_image_src":null,"uagb_featured_image_src":{"full":false,"thumbnail":false,"medium":false,"medium_large":false,"large":false,"1536x1536":false,"2048x2048":false},"uagb_author_info":{"display_name":"caiubidysarz","author_link":"https:\/\/saude.ufpr.br\/terapiaocupacional\/author\/caiubidysarz\/"},"uagb_comment_info":0,"uagb_excerpt":"Contato:\u00a0dayterapeuta@gmail.com Curr\u00edculo Lattes Graduada pela Universidade Federal do Paran\u00e1 em 2008, atualmente \u00e9 terapeuta ocupacional no Servi\u00e7o de Transplante de Medula \u00d3ssea do Hospital de Cl\u00ednicas da Universidade Federal do Paran\u00e1 (HC-UFPR) e mestranda do Programa de P\u00f3s-Gradua\u00e7\u00e3o em Enfermagem [&hellip;]","publishpress_future_action":{"enabled":false,"date":"2026-04-22 06:44:39","action":"change-status","newStatus":"draft","terms":[],"taxonomy":"","extraData":[]},"publishpress_future_workflow_manual_trigger":{"enabledWorkflows":[]},"_links":{"self":[{"href":"https:\/\/saude.ufpr.br\/terapiaocupacional\/wp-json\/wp\/v2\/pages\/77","targetHints":{"allow":["GET"]}}],"collection":[{"href":"https:\/\/saude.ufpr.br\/terapiaocupacional\/wp-json\/wp\/v2\/pages"}],"about":[{"href":"https:\/\/saude.ufpr.br\/terapiaocupacional\/wp-json\/wp\/v2\/types\/page"}],"author":[{"embeddable":true,"href":"https:\/\/saude.ufpr.br\/terapiaocupacional\/wp-json\/wp\/v2\/users\/8"}],"replies":[{"embeddable":true,"href":"https:\/\/saude.ufpr.br\/terapiaocupacional\/wp-json\/wp\/v2\/comments?post=77"}],"version-history":[{"count":4,"href":"https:\/\/saude.ufpr.br\/terapiaocupacional\/wp-json\/wp\/v2\/pages\/77\/revisions"}],"predecessor-version":[{"id":563,"href":"https:\/\/saude.ufpr.br\/terapiaocupacional\/wp-json\/wp\/v2\/pages\/77\/revisions\/563"}],"wp:attachment":[{"href":"https:\/\/saude.ufpr.br\/terapiaocupacional\/wp-json\/wp\/v2\/media?parent=77"}],"curies":[{"name":"wp","href":"https:\/\/api.w.org\/{rel}","templated":true}]}}